{"id":1334,"date":"2023-01-15T18:50:53","date_gmt":"2023-01-15T17:50:53","guid":{"rendered":"https:\/\/agora.xtec.cat\/iesicilia\/?page_id=1334"},"modified":"2026-01-27T19:26:45","modified_gmt":"2026-01-27T18:26:45","slug":"portes-obertes-2","status":"publish","type":"page","link":"https:\/\/agora.xtec.cat\/iesicilia\/secretaria\/portes-obertes-2\/","title":{"rendered":"Portes Obertes"},"content":{"rendered":"<h4><\/h4>\n<p><a href=\"https:\/\/forms.gle\/NrHJLZrAREDKuibHA\" target=\"_blank\" rel=\"noopener\"><img loading=\"lazy\" decoding=\"async\" class=\"wp-image-2275 alignleft\" src=\"https:\/\/agora.xtec.cat\/iesicilia\/wp-content\/uploads\/usu2573\/2026\/01\/Copia-de-JPO-26-web-1.svg\" alt=\"\" width=\"637\" height=\"451\" \/><\/a><\/p>\n<h4><strong>US CONVIDEM A CON\u00c8IXER LA NOSTRA ESCOLA I EL NOSTRE PROJECTE EDUCATIU<\/strong><\/h4>\n<p><strong>PREINSCRIPCI\u00d3 CURS 26-27<\/strong><\/p>\n<p><span style=\"font-size: 14pt;\"><strong>SESSI\u00d3 DE PORTES OBERTES\u00a0 DISSABTE 21 de FEBRER de 10 a 13h. <\/strong><\/span><\/p>\n<p><span style=\"font-size: 14pt;\">Aquest dia podeu venir amb els vostres fills i filles. Est\u00e0 pensat per gaudir de tots els espais de l&#8217;escola i compartir activitats amb docents, algunes de les nostres fam\u00edlies i alumnes m\u00e9s grans i aix\u00ed copsar el nostre tarann\u00e0. US OBRIREM LES PORTES DE BAT A BAT!!!!<\/span><\/p>\n<p>&nbsp;<\/p>\n<p><span style=\"font-size: 14pt;\">Els itineraris podran ser lliures durant l&#8217;estona que us vagi b\u00e9, anireu trobant alumnes, fam\u00edlies i docents que us orientaran.<\/span><\/p>\n<p><span style=\"font-size: 14pt;\">Farem una xerrada informativa per resoldre els vostres dubtes:\u00a0<\/span><\/p>\n<p style=\"padding-left: 40px;\"><span style=\"font-size: 14pt;\">A les 11:00 h\u00a0 per Infantil i Prim\u00e0ria\u00a0 |\u00a0 A les 11:30 h per l&#8217;ESO<\/span><\/p>\n<div><\/div>\n<hr \/>\n<p><span style=\"font-size: 14pt;\">Tot i que podeu passejar pel centre de forma lliure durant l&#8217;estona del mat\u00ed que us vagi b\u00e9, ens aniria molt b\u00e9, per organitzar-ho millor, que us apunteu a un dels <\/span><span style=\"font-size: 14pt; font-family: inherit;\">torns de visita per les instal\u00b7lacions: abans o despr\u00e9s de la xerrada. <\/span><a style=\"font-size: 14pt; font-family: inherit;\" href=\"https:\/\/forms.gle\/NrHJLZrAREDKuibHA\">FORMULARI INSCRIPCI\u00d3\u00a0<\/a><\/p>\n<div>\n<div>\n<p dir=\"ltr\"><i>Preguem puntualitat a la xerrada!! <\/i><\/p>\n<\/div>\n<\/div>\n<p><span style=\"font-size: 14pt;\">Ens podeu escriure a iesicilia@xtec.cat per qualsevol <span style=\"color: #000000;\">dubte!<\/span><\/span><\/p>\n<hr \/>\n<ul style=\"list-style-type: square;\">\n<li><span style=\"font-size: 14pt;\"><strong>Sessi\u00f3 informativa organitzada pel Consorci d&#8217;Educaci\u00f3 al districte de l&#8217;Eixample i adre\u00e7ada a les fam\u00edlies amb infants d&#8217;I3 que han d&#8217;iniciar l\u2019escolaritat el curs 2026-2027:\u00a0 \u00a0<\/strong><strong>9 de febrer a les 16h al centre C\u00edvic Urgell<\/strong><\/span><\/li>\n<\/ul>\n<p><strong>\u00a0 \u00a0 \u00a0 \u00a0 \u00a0 \u00a0 \u00a0 \u00a0 \u00a0 \u00a0 \u00a0 \u00a0 \u00a0 \u00a0 \u00a0 \u00a0 \u00a0 \u00a0 \u00a0 \u00a0 \u00a0 \u00a0 \u00a0 \u00a0 \u00a0 \u00a0 PORTES OBERTES DE L&#8217;EIXAMPLE\u00a0<\/strong><\/p>\n<p><a href=\"https:\/\/agora.xtec.cat\/iesicilia\/wp-content\/uploads\/usu2573\/2026\/01\/Cartell-PPOO-Eixample-2026-V.-def.pdf\"><img loading=\"lazy\" decoding=\"async\" class=\"aligncenter wp-image-2269 \" src=\"https:\/\/agora.xtec.cat\/iesicilia\/wp-content\/uploads\/usu2573\/2026\/01\/Cartell-PPOO-Eixample-2026-V.-def-pdf-1024x709.jpg\" alt=\"\" width=\"891\" height=\"617\" \/><\/a><\/p>\n<div id=\"comp-kyy9636g\" class=\"BaOVQ8 tz5f0K comp-kyy9636g wixui-text\" data-testid=\"richTextElement\">\n<h4 class=\"font_2\"><span class=\"color_11\">PORTES OBERTES A LES <\/span><span class=\"color_11\">ESCOLES P\u00daBLIQUES <\/span><span class=\"color_11\">DE LA DRETA DE L&#8217;EIXAMPLE<\/span><\/h4>\n<\/div>\n<div id=\"comp-kyy9636i1\" class=\"KcpHeO tz5f0K comp-kyy9636i1 wixui-text\" data-testid=\"richTextElement\">\n<p class=\"font_8\">Les escoles p\u00fabliques de l&#8217;Eixample treballem en xarxa i per aix\u00f2 us animem\u00a0 a visitar les seves webs i que visiteu les seves Portes Obertes:<\/p>\n<p class=\"font_8\">+\u00a0<a href=\"https:\/\/agora.xtec.cat\/esc-carlit\/\" target=\"_blank\" rel=\"noreferrer noopener\">ESCOLA CARLIT<\/a><\/p>\n<p class=\"font_8\">+\u00a0<a href=\"https:\/\/agora.xtec.cat\/escoladelaconcepcio\" target=\"_blank\" rel=\"noreferrer noopener\">ESCOLA DE LA CONCEPCI\u00d3<\/a><\/p>\n<p class=\"font_8\">+\u00a0<a href=\"http:\/\/www.escoladelsencants.cat\/\" target=\"_blank\" rel=\"noreferrer noopener\">ESCOLA DELS ENCANTS<\/a><\/p>\n<p class=\"font_8\">+\u00a0<a href=\"http:\/\/escolafortpienc.cat\/\" target=\"_blank\" rel=\"noreferrer noopener\">ESCOLA FORT PIENC<\/a><\/p>\n<p class=\"font_8\">+\u00a0<a href=\"https:\/\/agora.xtec.cat\/ceipfg\/\" target=\"_blank\" rel=\"noreferrer noopener\">ESCOLA FRUCTU\u00d3S GELABERT<\/a><\/p>\n<p class=\"font_8\">+\u00a0<a href=\"https:\/\/www.escolagaia.cat\/\" target=\"_blank\" rel=\"noreferrer noopener\">ESCOLA GAIA<\/a><\/p>\n<p>+ <a href=\"https:\/\/www.escola9graons.com\/\">ESCOLA 9 GRAONS<\/a><\/p>\n<p class=\"font_8\">+\u00a0<a href=\"https:\/\/agora.xtec.cat\/escolaramonllullbcn\" target=\"_blank\" rel=\"noreferrer noopener\">ESCOLA RAMON LLULL<\/a><\/p>\n<p class=\"font_8\">+\u00a0<a href=\"https:\/\/www.tabor.cat\/\" target=\"_blank\" rel=\"noreferrer noopener\">ESCOLA TABOR<\/a><\/p>\n<p class=\"font_8\">+\u00a0<a href=\"https:\/\/www.ieeixample.cat\/\" target=\"_blank\" rel=\"noreferrer noopener\">INSTITUT ESCOLA EIXAMPLE<\/a><\/p>\n<p class=\"font_8\"><span class=\"wixGuard\">\u200b<\/span><\/p>\n<\/div>\n","protected":false},"excerpt":{"rendered":"<p>US CONVIDEM A CON\u00c8IXER LA NOSTRA ESCOLA I EL NOSTRE PROJECTE EDUCATIU PREINSCRIPCI\u00d3 CURS 26-27 SESSI\u00d3 DE PORTES OBERTES\u00a0 DISSABTE 21 de FEBRER de 10 a 13h. Aquest dia podeu venir amb els vostres fills i filles. Est\u00e0 pensat per gaudir de tots els espais de l&#8217;escola i compartir activitats amb docents, algunes de les [&hellip;]<\/p>\n","protected":false},"author":1,"featured_media":0,"parent":81,"menu_order":2,"comment_status":"closed","ping_status":"closed","template":"page-templates\/side-menu.php","meta":{"_bbp_topic_count":0,"_bbp_reply_count":0,"_bbp_total_topic_count":0,"_bbp_total_reply_count":0,"_bbp_voice_count":0,"_bbp_anonymous_reply_count":0,"_bbp_topic_count_hidden":0,"_bbp_reply_count_hidden":0,"_bbp_forum_subforum_count":0,"site-sidebar-layout":"default","site-content-layout":"","ast-site-content-layout":"","site-content-style":"default","site-sidebar-style":"default","ast-global-header-display":"","ast-banner-title-visibility":"","ast-main-header-display":"","ast-hfb-above-header-display":"","ast-hfb-below-header-display":"","ast-hfb-mobile-header-display":"","site-post-title":"","ast-breadcrumbs-content":"","ast-featured-img":"","footer-sml-layout":"","theme-transparent-header-meta":"","adv-header-id-meta":"","stick-header-meta":"","header-above-stick-meta":"","header-main-stick-meta":"","header-below-stick-meta":"","astra-migrate-meta-layouts":"default","ast-page-background-enabled":"default","ast-page-background-meta":{"desktop":{"background-color":"var(--ast-global-color-4)","background-image":"","background-repeat":"repeat","background-position":"center center","background-size":"auto","background-attachment":"scroll","background-type":"","background-media":"","overlay-type":"","overlay-color":"","overlay-opacity":"","overlay-gradient":""},"tablet":{"background-color":"","background-image":"","background-repeat":"repeat","background-position":"center center","background-size":"auto","background-attachment":"scroll","background-type":"","background-media":"","overlay-type":"","overlay-color":"","overlay-opacity":"","overlay-gradient":""},"mobile":{"background-color":"","background-image":"","background-repeat":"repeat","background-position":"center center","background-size":"auto","background-attachment":"scroll","background-type":"","background-media":"","overlay-type":"","overlay-color":"","overlay-opacity":"","overlay-gradient":""}},"ast-content-background-meta":{"desktop":{"background-color":"var(--ast-global-color-5)","background-image":"","background-repeat":"repeat","background-position":"center center","background-size":"auto","background-attachment":"scroll","background-type":"","background-media":"","overlay-type":"","overlay-color":"","overlay-opacity":"","overlay-gradient":""},"tablet":{"background-color":"var(--ast-global-color-5)","background-image":"","background-repeat":"repeat","background-position":"center center","background-size":"auto","background-attachment":"scroll","background-type":"","background-media":"","overlay-type":"","overlay-color":"","overlay-opacity":"","overlay-gradient":""},"mobile":{"background-color":"var(--ast-global-color-5)","background-image":"","background-repeat":"repeat","background-position":"center center","background-size":"auto","background-attachment":"scroll","background-type":"","background-media":"","overlay-type":"","overlay-color":"","overlay-opacity":"","overlay-gradient":""}},"footnotes":""},"class_list":["post-1334","page","type-page","status-publish","hentry"],"post_mailing_queue_ids":[],"_links":{"self":[{"href":"https:\/\/agora.xtec.cat\/iesicilia\/wp-json\/wp\/v2\/pages\/1334","targetHints":{"allow":["GET"]}}],"collection":[{"href":"https:\/\/agora.xtec.cat\/iesicilia\/wp-json\/wp\/v2\/pages"}],"about":[{"href":"https:\/\/agora.xtec.cat\/iesicilia\/wp-json\/wp\/v2\/types\/page"}],"author":[{"embeddable":true,"href":"https:\/\/agora.xtec.cat\/iesicilia\/wp-json\/wp\/v2\/users\/1"}],"replies":[{"embeddable":true,"href":"https:\/\/agora.xtec.cat\/iesicilia\/wp-json\/wp\/v2\/comments?post=1334"}],"version-history":[{"count":7,"href":"https:\/\/agora.xtec.cat\/iesicilia\/wp-json\/wp\/v2\/pages\/1334\/revisions"}],"predecessor-version":[{"id":2294,"href":"https:\/\/agora.xtec.cat\/iesicilia\/wp-json\/wp\/v2\/pages\/1334\/revisions\/2294"}],"up":[{"embeddable":true,"href":"https:\/\/agora.xtec.cat\/iesicilia\/wp-json\/wp\/v2\/pages\/81"}],"wp:attachment":[{"href":"https:\/\/agora.xtec.cat\/iesicilia\/wp-json\/wp\/v2\/media?parent=1334"}],"curies":[{"name":"wp","href":"https:\/\/api.w.org\/{rel}","templated":true}]}}

<h4></h4>
<p><a href="https://forms.gle/NrHJLZrAREDKuibHA" target="_blank" rel="noopener"><img loading="lazy" decoding="async" class="wp-image-2275 alignleft" src="https://agora.xtec.cat/iesicilia/wp-content/uploads/usu2573/2026/01/Copia-de-JPO-26-web-1.svg" alt="" width="637" height="451" /></a></p>
<h4><strong>US CONVIDEM A CONÈIXER LA NOSTRA ESCOLA I EL NOSTRE PROJECTE EDUCATIU</strong></h4>
<p><strong>PREINSCRIPCIÓ CURS 26-27</strong></p>
<p><span style="font-size: 14pt;"><strong>SESSIÓ DE PORTES OBERTES  DISSABTE 21 de FEBRER de 10 a 13h. </strong></span></p>
<p><span style="font-size: 14pt;">Aquest dia podeu venir amb els vostres fills i filles. Està pensat per gaudir de tots els espais de l&#8217;escola i compartir activitats amb docents, algunes de les nostres famílies i alumnes més grans i així copsar el nostre tarannà. US OBRIREM LES PORTES DE BAT A BAT!!!!</span></p>
<p>&nbsp;</p>
<p><span style="font-size: 14pt;">Els itineraris podran ser lliures durant l&#8217;estona que us vagi bé, anireu trobant alumnes, famílies i docents que us orientaran.</span></p>
<p><span style="font-size: 14pt;">Farem una xerrada informativa per resoldre els vostres dubtes: </span></p>
<p style="padding-left: 40px;"><span style="font-size: 14pt;">A les 11:00 h  per Infantil i Primària  |  A les 11:30 h per l&#8217;ESO</span></p>
<div></div>
<hr />
<p><span style="font-size: 14pt;">Tot i que podeu passejar pel centre de forma lliure durant l&#8217;estona del matí que us vagi bé, ens aniria molt bé, per organitzar-ho millor, que us apunteu a un dels </span><span style="font-size: 14pt; font-family: inherit;">torns de visita per les instal·lacions: abans o després de la xerrada. </span><a style="font-size: 14pt; font-family: inherit;" href="https://forms.gle/NrHJLZrAREDKuibHA">FORMULARI INSCRIPCIÓ </a></p>
<div>
<div>
<p dir="ltr"><i>Preguem puntualitat a la xerrada!! </i></p>
</div>
</div>
<p><span style="font-size: 14pt;">Ens podeu escriure a iesicilia@xtec.cat per qualsevol <span style="color: #000000;">dubte!</span></span></p>
<hr />
<ul style="list-style-type: square;">
<li><span style="font-size: 14pt;"><strong>Sessió informativa organitzada pel Consorci d&#8217;Educació al districte de l&#8217;Eixample i adreçada a les famílies amb infants d&#8217;I3 que han d&#8217;iniciar l’escolaritat el curs 2026-2027:   </strong><strong>9 de febrer a les 16h al centre Cívic Urgell</strong></span></li>
</ul>
<p><strong>                                                    PORTES OBERTES DE L&#8217;EIXAMPLE </strong></p>
<p><a href="https://agora.xtec.cat/iesicilia/wp-content/uploads/usu2573/2026/01/Cartell-PPOO-Eixample-2026-V.-def.pdf"><img loading="lazy" decoding="async" class="aligncenter wp-image-2269 " src="https://agora.xtec.cat/iesicilia/wp-content/uploads/usu2573/2026/01/Cartell-PPOO-Eixample-2026-V.-def-pdf-1024x709.jpg" alt="" width="891" height="617" /></a></p>
<div id="comp-kyy9636g" class="BaOVQ8 tz5f0K comp-kyy9636g wixui-text" data-testid="richTextElement">
<h4 class="font_2"><span class="color_11">PORTES OBERTES A LES </span><span class="color_11">ESCOLES PÚBLIQUES </span><span class="color_11">DE LA DRETA DE L&#8217;EIXAMPLE</span></h4>
</div>
<div id="comp-kyy9636i1" class="KcpHeO tz5f0K comp-kyy9636i1 wixui-text" data-testid="richTextElement">
<p class="font_8">Les escoles públiques de l&#8217;Eixample treballem en xarxa i per això us animem  a visitar les seves webs i que visiteu les seves Portes Obertes:</p>
<p class="font_8">+ <a href="https://agora.xtec.cat/esc-carlit/" target="_blank" rel="noreferrer noopener">ESCOLA CARLIT</a></p>
<p class="font_8">+ <a href="https://agora.xtec.cat/escoladelaconcepcio" target="_blank" rel="noreferrer noopener">ESCOLA DE LA CONCEPCIÓ</a></p>
<p class="font_8">+ <a href="http://www.escoladelsencants.cat/" target="_blank" rel="noreferrer noopener">ESCOLA DELS ENCANTS</a></p>
<p class="font_8">+ <a href="http://escolafortpienc.cat/" target="_blank" rel="noreferrer noopener">ESCOLA FORT PIENC</a></p>
<p class="font_8">+ <a href="https://agora.xtec.cat/ceipfg/" target="_blank" rel="noreferrer noopener">ESCOLA FRUCTUÓS GELABERT</a></p>
<p class="font_8">+ <a href="https://www.escolagaia.cat/" target="_blank" rel="noreferrer noopener">ESCOLA GAIA</a></p>
<p>+ <a href="https://www.escola9graons.com/">ESCOLA 9 GRAONS</a></p>
<p class="font_8">+ <a href="https://agora.xtec.cat/escolaramonllullbcn" target="_blank" rel="noreferrer noopener">ESCOLA RAMON LLULL</a></p>
<p class="font_8">+ <a href="https://www.tabor.cat/" target="_blank" rel="noreferrer noopener">ESCOLA TABOR</a></p>
<p class="font_8">+ <a href="https://www.ieeixample.cat/" target="_blank" rel="noreferrer noopener">INSTITUT ESCOLA EIXAMPLE</a></p>
<p class="font_8"><span class="wixGuard">​</span></p>
</div>

<p>US CONVIDEM A CONÈIXER LA NOSTRA ESCOLA I EL NOSTRE PROJECTE EDUCATIU PREINSCRIPCIÓ CURS 26-27 SESSIÓ DE PORTES OBERTES  DISSABTE 21 de FEBRER de 10 a 13h. Aquest dia podeu venir amb els vostres fills i filles. Està pensat per gaudir de tots els espais de l&#8217;escola i compartir activitats amb docents, algunes de les [&hellip;]</p>
