{"id":562,"date":"2023-06-25T18:26:02","date_gmt":"2023-06-25T16:26:02","guid":{"rendered":"https:\/\/agora.xtec.cat\/iesicaria\/?page_id=562"},"modified":"2023-10-26T11:36:31","modified_gmt":"2023-10-26T09:36:31","slug":"radio-icaria","status":"publish","type":"page","link":"https:\/\/agora.xtec.cat\/iesicaria\/projectes\/radio-icaria\/","title":{"rendered":"Radio Ic\u00e0ria"},"content":{"rendered":"\n<div class=\"wp-block-columns is-layout-flex wp-container-core-columns-is-layout-1 wp-block-columns-is-layout-flex\">\n<div class=\"wp-block-column is-layout-flow wp-block-column-is-layout-flow\" style=\"flex-basis:66.66%\">\n<h2 class=\"wp-block-heading\">Fem r\u00e0dio a l\u2019Institut Ic\u00e0ria: un projecte educatiu integral<\/h2>\n\n\n\n<p>En aquest projecte es treballen diferents aspectes en la formaci\u00f3 de l\u2019alumne com desenvolupar els continguts, valorar cooperativament i individualment la informaci\u00f3, escollir, pensar abans de dir all\u00f2 que pensem i volem reflectir, formular preguntes i les seves respostes, enfortir la intel\u00b7lig\u00e8ncia m\u00faltiple. Tamb\u00e9 refor\u00e7a l\u2019assoliment de compet\u00e8ncies clau com la digital i la ling\u00fc\u00edstica, els valors del treball en equip, aix\u00ed com expressar sentiments i escoltar a l&#8217;altre. La reflexi\u00f3, la participaci\u00f3, la cooperaci\u00f3, la planificaci\u00f3 i el llenguatge s\u00f3n els elements clau per a dur a terme aquest projecte.<\/p>\n<\/div>\n\n\n\n<div class=\"wp-block-column is-layout-flow wp-block-column-is-layout-flow\" style=\"flex-basis:33.33%\">\n<div class=\"wp-block-image\"><figure class=\"aligncenter size-large\"><a href=\"https:\/\/radioicaria.com\/\"><img loading=\"lazy\" decoding=\"async\" width=\"300\" height=\"349\" src=\"https:\/\/agora.xtec.cat\/iesicaria\/wp-content\/uploads\/usu2339\/2023\/10\/RadioIcariaLogo.jpg\" alt=\"\" class=\"wp-image-1463\" srcset=\"https:\/\/agora.xtec.cat\/iesicaria\/wp-content\/uploads\/usu2339\/2023\/10\/RadioIcariaLogo.jpg 300w, https:\/\/agora.xtec.cat\/iesicaria\/wp-content\/uploads\/usu2339\/2023\/10\/RadioIcariaLogo-258x300.jpg 258w\" sizes=\"auto, (max-width: 300px) 100vw, 300px\" \/><\/a><\/figure><\/div>\n<\/div>\n<\/div>\n\n\n\n<p>Pots seguir-nos a <a href=\"https:\/\/radioicaria.com\/\">https:\/\/radioicaria.com\/<\/a><\/p>\n\n\n","protected":false},"excerpt":{"rendered":"<p>Fem r\u00e0dio a l\u2019Institut Ic\u00e0ria: un projecte educatiu integral En aquest projecte es treballen diferents aspectes en la formaci\u00f3 de l\u2019alumne com desenvolupar els continguts, valorar cooperativament i individualment la informaci\u00f3, escollir, pensar abans de dir all\u00f2 que pensem i volem reflectir, formular preguntes i les seves respostes, enfortir la intel\u00b7lig\u00e8ncia m\u00faltiple. Tamb\u00e9 refor\u00e7a l\u2019assoliment [&hellip;]<\/p>\n","protected":false},"author":1,"featured_media":0,"parent":559,"menu_order":5,"comment_status":"closed","ping_status":"closed","template":"page-templates\/side-menu.php","meta":{"_bbp_topic_count":0,"_bbp_reply_count":0,"_bbp_total_topic_count":0,"_bbp_total_reply_count":0,"_bbp_voice_count":0,"_bbp_anonymous_reply_count":0,"_bbp_topic_count_hidden":0,"_bbp_reply_count_hidden":0,"_bbp_forum_subforum_count":0,"site-sidebar-layout":"default","site-content-layout":"","ast-site-content-layout":"","site-content-style":"default","site-sidebar-style":"default","ast-global-header-display":"","ast-banner-title-visibility":"","ast-main-header-display":"","ast-hfb-above-header-display":"","ast-hfb-below-header-display":"","ast-hfb-mobile-header-display":"","site-post-title":"","ast-breadcrumbs-content":"","ast-featured-img":"","footer-sml-layout":"","theme-transparent-header-meta":"","adv-header-id-meta":"","stick-header-meta":"","header-above-stick-meta":"","header-main-stick-meta":"","header-below-stick-meta":"","astra-migrate-meta-layouts":"default","ast-page-background-enabled":"default","ast-page-background-meta":{"desktop":{"background-color":"var(--ast-global-color-4)","background-image":"","background-repeat":"repeat","background-position":"center center","background-size":"auto","background-attachment":"scroll","background-type":"","background-media":"","overlay-type":"","overlay-color":"","overlay-opacity":"","overlay-gradient":""},"tablet":{"background-color":"","background-image":"","background-repeat":"repeat","background-position":"center center","background-size":"auto","background-attachment":"scroll","background-type":"","background-media":"","overlay-type":"","overlay-color":"","overlay-opacity":"","overlay-gradient":""},"mobile":{"background-color":"","background-image":"","background-repeat":"repeat","background-position":"center center","background-size":"auto","background-attachment":"scroll","background-type":"","background-media":"","overlay-type":"","overlay-color":"","overlay-opacity":"","overlay-gradient":""}},"ast-content-background-meta":{"desktop":{"background-color":"var(--ast-global-color-5)","background-image":"","background-repeat":"repeat","background-position":"center center","background-size":"auto","background-attachment":"scroll","background-type":"","background-media":"","overlay-type":"","overlay-color":"","overlay-opacity":"","overlay-gradient":""},"tablet":{"background-color":"var(--ast-global-color-5)","background-image":"","background-repeat":"repeat","background-position":"center center","background-size":"auto","background-attachment":"scroll","background-type":"","background-media":"","overlay-type":"","overlay-color":"","overlay-opacity":"","overlay-gradient":""},"mobile":{"background-color":"var(--ast-global-color-5)","background-image":"","background-repeat":"repeat","background-position":"center center","background-size":"auto","background-attachment":"scroll","background-type":"","background-media":"","overlay-type":"","overlay-color":"","overlay-opacity":"","overlay-gradient":""}},"footnotes":""},"class_list":["post-562","page","type-page","status-publish","hentry"],"post_mailing_queue_ids":[],"_links":{"self":[{"href":"https:\/\/agora.xtec.cat\/iesicaria\/wp-json\/wp\/v2\/pages\/562","targetHints":{"allow":["GET"]}}],"collection":[{"href":"https:\/\/agora.xtec.cat\/iesicaria\/wp-json\/wp\/v2\/pages"}],"about":[{"href":"https:\/\/agora.xtec.cat\/iesicaria\/wp-json\/wp\/v2\/types\/page"}],"author":[{"embeddable":true,"href":"https:\/\/agora.xtec.cat\/iesicaria\/wp-json\/wp\/v2\/users\/1"}],"replies":[{"embeddable":true,"href":"https:\/\/agora.xtec.cat\/iesicaria\/wp-json\/wp\/v2\/comments?post=562"}],"version-history":[{"count":5,"href":"https:\/\/agora.xtec.cat\/iesicaria\/wp-json\/wp\/v2\/pages\/562\/revisions"}],"predecessor-version":[{"id":1470,"href":"https:\/\/agora.xtec.cat\/iesicaria\/wp-json\/wp\/v2\/pages\/562\/revisions\/1470"}],"up":[{"embeddable":true,"href":"https:\/\/agora.xtec.cat\/iesicaria\/wp-json\/wp\/v2\/pages\/559"}],"wp:attachment":[{"href":"https:\/\/agora.xtec.cat\/iesicaria\/wp-json\/wp\/v2\/media?parent=562"}],"curies":[{"name":"wp","href":"https:\/\/api.w.org\/{rel}","templated":true}]}}