{"id":556,"date":"2023-06-25T18:26:01","date_gmt":"2023-06-25T16:26:01","guid":{"rendered":"https:\/\/agora.xtec.cat\/iesicaria\/?page_id=556"},"modified":"2025-07-03T10:31:18","modified_gmt":"2025-07-03T08:31:18","slug":"associacio-esportiva-aee","status":"publish","type":"page","link":"https:\/\/agora.xtec.cat\/iesicaria\/serveis\/associacio-esportiva-aee\/","title":{"rendered":"Associaci\u00f3 Esportiva Escolar (AEE)"},"content":{"rendered":"\n<p>Podeu enlla\u00e7ar amb la p\u00e0gina web de l&#8217;AEE:\u00a0<a href=\"https:\/\/www.aeeinsicaria.com\/\" target=\"_blank\" rel=\"noreferrer noopener\">https:\/\/www.aeeinsicaria.com\/<\/a><\/p>\n\n\n\n<div class=\"wp-block-columns is-layout-flex wp-container-core-columns-is-layout-1 wp-block-columns-is-layout-flex\">\n<div class=\"wp-block-column is-layout-flow wp-block-column-is-layout-flow\">\n<p>L&#8217;associaci\u00f3 (AEE) t\u00e9 com a objectiu general el foment de la pr\u00e0ctica esportiva dels alumnes de l&#8217;Institut Ic\u00e0ria i d&#8217;altres persones relacionades amb la comunitat educativa (exalumnes, professors, pares, germans, alumnes externs al centre, etc.).<\/p>\n\n\n\n<p>\u00c9s una associaci\u00f3 inscrita al Registre d&#8217;Entitats Esportives. No t\u00e9 \u00e0nim de lucre i est\u00e0 regida per principis democr\u00e0tics i representatius. Celebra anualment una assemblea general de socis per fer liquidaci\u00f3 i pressupost, establir les quotes, resum del curs i establir els objectius per al curs seg\u00fcent.<\/p>\n\n\n\n<p>L&#8217;AEE possibilita la integraci\u00f3 de la Vela Escolar a l&#8217;assignatura d&#8217;Educaci\u00f3 F\u00edsica de l&#8217;Institut, organitza les activitats esportives en horari extraescolar i realitza altres activitats per a la resta de socis.<\/p>\n\n\n\n<p>Si voleu baixar el Projecte Esportiu de l&#8217;AEE, <a href=\"https:\/\/agora.xtec.cat\/iesicaria\/wp-content\/uploads\/usu2339\/2023\/11\/Projecte-Esportiu-23-24.pdf\" data-type=\"link\" data-id=\"https:\/\/agora.xtec.cat\/iesicaria\/wp-content\/uploads\/usu2339\/2023\/11\/Projecte-Esportiu-23-24.pdf\">feu clic en l&#8217;enlla\u00e7<\/a>.<\/p>\n<\/div>\n\n\n\n<div class=\"wp-block-column is-layout-flow wp-block-column-is-layout-flow\" style=\"flex-basis:30%\">\n<figure class=\"wp-block-image size-large\"><a href=\"https:\/\/www.aeeinsicaria.com\"><img loading=\"lazy\" decoding=\"async\" width=\"1008\" height=\"1024\" src=\"https:\/\/agora.xtec.cat\/iesicaria\/wp-content\/uploads\/usu2339\/2024\/06\/Logo_AEE_Institut_Icaria-1008x1024.jpeg\" alt=\"\" class=\"wp-image-2005\" srcset=\"https:\/\/agora.xtec.cat\/iesicaria\/wp-content\/uploads\/usu2339\/2024\/06\/Logo_AEE_Institut_Icaria-1008x1024.jpeg 1008w, https:\/\/agora.xtec.cat\/iesicaria\/wp-content\/uploads\/usu2339\/2024\/06\/Logo_AEE_Institut_Icaria-295x300.jpeg 295w, https:\/\/agora.xtec.cat\/iesicaria\/wp-content\/uploads\/usu2339\/2024\/06\/Logo_AEE_Institut_Icaria-768x780.jpeg 768w, https:\/\/agora.xtec.cat\/iesicaria\/wp-content\/uploads\/usu2339\/2024\/06\/Logo_AEE_Institut_Icaria-1511x1536.jpeg 1511w, https:\/\/agora.xtec.cat\/iesicaria\/wp-content\/uploads\/usu2339\/2024\/06\/Logo_AEE_Institut_Icaria.jpeg 1726w\" sizes=\"auto, (max-width: 1008px) 100vw, 1008px\" \/><\/a><\/figure>\n<\/div>\n<\/div>\n\n\n\n<p><\/p>\n","protected":false},"excerpt":{"rendered":"<p>Podeu enlla\u00e7ar amb la p\u00e0gina web de l&#8217;AEE:\u00a0https:\/\/www.aeeinsicaria.com\/ L&#8217;associaci\u00f3 (AEE) t\u00e9 com a objectiu general el foment de la pr\u00e0ctica esportiva dels alumnes de l&#8217;Institut Ic\u00e0ria i d&#8217;altres persones relacionades amb la comunitat educativa (exalumnes, professors, pares, germans, alumnes externs al centre, etc.). \u00c9s una associaci\u00f3 inscrita al Registre d&#8217;Entitats Esportives. No t\u00e9 \u00e0nim de [&hellip;]<\/p>\n","protected":false},"author":1,"featured_media":2005,"parent":63,"menu_order":2,"comment_status":"closed","ping_status":"closed","template":"","meta":{"_bbp_topic_count":0,"_bbp_reply_count":0,"_bbp_total_topic_count":0,"_bbp_total_reply_count":0,"_bbp_voice_count":0,"_bbp_anonymous_reply_count":0,"_bbp_topic_count_hidden":0,"_bbp_reply_count_hidden":0,"_bbp_forum_subforum_count":0,"site-sidebar-layout":"default","site-content-layout":"","ast-site-content-layout":"default","site-content-style":"default","site-sidebar-style":"default","ast-global-header-display":"","ast-banner-title-visibility":"","ast-main-header-display":"","ast-hfb-above-header-display":"","ast-hfb-below-header-display":"","ast-hfb-mobile-header-display":"","site-post-title":"","ast-breadcrumbs-content":"","ast-featured-img":"","footer-sml-layout":"","theme-transparent-header-meta":"","adv-header-id-meta":"","stick-header-meta":"","header-above-stick-meta":"","header-main-stick-meta":"","header-below-stick-meta":"","astra-migrate-meta-layouts":"set","ast-page-background-enabled":"default","ast-page-background-meta":{"desktop":{"background-color":"var(--ast-global-color-4)","background-image":"","background-repeat":"repeat","background-position":"center center","background-size":"auto","background-attachment":"scroll","background-type":"","background-media":"","overlay-type":"","overlay-color":"","overlay-opacity":"","overlay-gradient":""},"tablet":{"background-color":"","background-image":"","background-repeat":"repeat","background-position":"center center","background-size":"auto","background-attachment":"scroll","background-type":"","background-media":"","overlay-type":"","overlay-color":"","overlay-opacity":"","overlay-gradient":""},"mobile":{"background-color":"","background-image":"","background-repeat":"repeat","background-position":"center center","background-size":"auto","background-attachment":"scroll","background-type":"","background-media":"","overlay-type":"","overlay-color":"","overlay-opacity":"","overlay-gradient":""}},"ast-content-background-meta":{"desktop":{"background-color":"var(--ast-global-color-5)","background-image":"","background-repeat":"repeat","background-position":"center center","background-size":"auto","background-attachment":"scroll","background-type":"","background-media":"","overlay-type":"","overlay-color":"","overlay-opacity":"","overlay-gradient":""},"tablet":{"background-color":"var(--ast-global-color-5)","background-image":"","background-repeat":"repeat","background-position":"center center","background-size":"auto","background-attachment":"scroll","background-type":"","background-media":"","overlay-type":"","overlay-color":"","overlay-opacity":"","overlay-gradient":""},"mobile":{"background-color":"var(--ast-global-color-5)","background-image":"","background-repeat":"repeat","background-position":"center center","background-size":"auto","background-attachment":"scroll","background-type":"","background-media":"","overlay-type":"","overlay-color":"","overlay-opacity":"","overlay-gradient":""}},"footnotes":""},"class_list":["post-556","page","type-page","status-publish","has-post-thumbnail","hentry"],"post_mailing_queue_ids":[],"_links":{"self":[{"href":"https:\/\/agora.xtec.cat\/iesicaria\/wp-json\/wp\/v2\/pages\/556","targetHints":{"allow":["GET"]}}],"collection":[{"href":"https:\/\/agora.xtec.cat\/iesicaria\/wp-json\/wp\/v2\/pages"}],"about":[{"href":"https:\/\/agora.xtec.cat\/iesicaria\/wp-json\/wp\/v2\/types\/page"}],"author":[{"embeddable":true,"href":"https:\/\/agora.xtec.cat\/iesicaria\/wp-json\/wp\/v2\/users\/1"}],"replies":[{"embeddable":true,"href":"https:\/\/agora.xtec.cat\/iesicaria\/wp-json\/wp\/v2\/comments?post=556"}],"version-history":[{"count":6,"href":"https:\/\/agora.xtec.cat\/iesicaria\/wp-json\/wp\/v2\/pages\/556\/revisions"}],"predecessor-version":[{"id":2522,"href":"https:\/\/agora.xtec.cat\/iesicaria\/wp-json\/wp\/v2\/pages\/556\/revisions\/2522"}],"up":[{"embeddable":true,"href":"https:\/\/agora.xtec.cat\/iesicaria\/wp-json\/wp\/v2\/pages\/63"}],"wp:featuredmedia":[{"embeddable":true,"href":"https:\/\/agora.xtec.cat\/iesicaria\/wp-json\/wp\/v2\/media\/2005"}],"wp:attachment":[{"href":"https:\/\/agora.xtec.cat\/iesicaria\/wp-json\/wp\/v2\/media?parent=556"}],"curies":[{"name":"wp","href":"https:\/\/api.w.org\/{rel}","templated":true}]}}