{"id":1282,"date":"2023-09-21T19:25:26","date_gmt":"2023-09-21T17:25:26","guid":{"rendered":"https:\/\/agora.xtec.cat\/iesicaria\/?page_id=1282"},"modified":"2025-07-03T10:31:47","modified_gmt":"2025-07-03T08:31:47","slug":"certificat-nivell-catala","status":"publish","type":"page","link":"https:\/\/agora.xtec.cat\/iesicaria\/serveis\/certificat-nivell-catala\/","title":{"rendered":"Certificat nivell catal\u00e0"},"content":{"rendered":"\n<h4 class=\"wp-block-heading\">Qu\u00e8 \u00e9s?<\/h4>\n\n\n\n<p>Reconeixement de l&#8217;equival\u00e8ncia dels nivells educatius no universitaris amb els certificats de coneixements de catal\u00e0 de la Direcci\u00f3 General de Pol\u00edtica Ling\u00fc\u00edstica.<\/p>\n\n\n\n<h4 class=\"wp-block-heading\">Requeriments<\/h4>\n\n\n\n<ul class=\"wp-block-list\"><li>Escolaritzaci\u00f3 completa a Catalunya (des de l\u2019EGB o Prim\u00e0ria).<\/li><li>No haver estat exempt de catal\u00e0.<\/li><li>Inici de l\u2019escolaritzaci\u00f3 a partir del curs 1978-79 (incl\u00f2s). Acompleix aquest requisit la gent nascuda a partir de 1972.<\/li><li>Tenir algun dels seg\u00fcents t\u00edtols: EGB, ESO, BATXILLERAT, FP1 o FP2.<\/li><\/ul>\n\n\n\n<h4 class=\"wp-block-heading\">Com es sol\u00b7licita?<\/h4>\n\n\n\n<p>Es demana de forma presencial a qualsevol institut p\u00fablic omplint la sol\u00b7licitud adjunta.\u00a0Per\u00f2 \u00e9s preferible fer-ho a l&#8217;institut on es van cursar els estudis. L&#8217;institut Ic\u00e0ria acceptar\u00e0 sol\u00b7licituds via correu electr\u00f2nic. El certificat\u00a0es lliurar\u00e0 per correu electr\u00f2nic i l&#8217;original en paper al centre.<\/p>\n\n\n\n<div class=\"wp-block-buttons is-content-justification-center is-layout-flex wp-block-buttons-is-layout-flex\">\n<div class=\"wp-block-button is-style-outline is-style-outline--1\"><a class=\"wp-block-button__link\" href=\"https:\/\/documents.espai.educacio.gencat.cat\/FormularisModels\/CentresGestioAdministrativa\/A816.pdf\" style=\"border-radius:5px\">Descarrega la sol\u00b7licitud<\/a><\/div>\n<\/div>\n\n\n\n<p><p style=\"text-align: center;\"><h4>Documentaci\u00f3 a aportar i Taula d&#8217;equival\u00e8ncies<\/h4><\/p>\n\n\n\n<p>Nom\u00e9s es poden sol\u00b7licitar els nivells que s&#8217;indiquen.<\/p>\n\n\n\n<figure class=\"wp-block-table\">\r\n<table style=\"width: 100%;\">\r\n<thead>\r\n<tr>\r\n<th style=\"width: 15.302%;\"><strong>Estudis realitzats<\/strong><\/th>\r\n<th style=\"width: 44.5638%;\"><strong>Requisits<\/strong><\/th>\r\n<th style=\"width: 38.7919%;\"><strong>Documents que cal presentar<\/strong><\/th>\r\n<\/tr>\r\n<\/thead>\r\n<tbody>\r\n<tr>\r\n<th style=\"text-align: left; width: 98.6577%;\" colspan=\"3\">NIVELL B2<\/th>\r\n<\/tr>\r\n<tr>\r\n<td style=\"width: 15.302%;\">\r\n<p>EGB \/ FP1<\/p>\r\n<\/td>\r\n<td style=\"width: 44.5638%;\">\r\n<p>T\u00edtol de graduaci\u00f3 escolar (EGB), sempre que s&#8217;hagi cursat tota l&#8217;EGB a Catalunya i s&#8217;hagi cursat la mat\u00e8ria de llengua catalana en la totalitat dels estudis esmentats a partir del curs 1978-1979.<\/p>\r\n<p>T\u00edtol de t\u00e8cnic\/a auxiliar (FP1), sempre que s&#8217;hagi cursat tota l&#8217;EGB i l&#8217;FP1 a Catalunya i s&#8217;hagi cursat la mat\u00e8ria de llengua catalana en la totalitat dels estudis esmentats a partir del curs 1978-1979.<\/p>\r\n<\/td>\r\n<td style=\"width: 38.7919%;\">\r\n<p>Original i fotoc\u00f2pia DNI<\/p>\r\n<p>Original i fotoc\u00f2pia de les p\u00e0gines de la CERTIFICACI\u00d3 D\u2019ANYS D\u2019ESCOLARITAT del llibre d\u2019escolaritat de <strong>l\u2019EGB\u00a0<\/strong>o certificat acreditatiu*<\/p>\r\n<p>Original i fotoc\u00f2pia de les notes finals de tots els cursos de <strong>FP1\u00a0<\/strong>o certificat acreditatiu*<\/p>\r\n<\/td>\r\n<\/tr>\r\n<tr>\r\n<td style=\"width: 15.302%;\">ESO<\/td>\r\n<td style=\"width: 44.5638%;\">\r\n<p>T\u00edtol de graduaci\u00f3 en educaci\u00f3 secund\u00e0ria (ESO), sempre que s&#8217;hagi cursat i aprovat l&#8217;assignatura de llengua catalana durant la totalitat de l&#8217;educaci\u00f3 secund\u00e0ria obligat\u00f2ria i, com a m\u00ednim, quatre cursos de l&#8217;educaci\u00f3 prim\u00e0ria a centres de l&#8217;Arag\u00f3<\/p>\r\n<\/td>\r\n<td style=\"width: 38.7919%;\">\r\n<p>Original i fotoc\u00f2pia DNI<\/p>\r\n<p>Original i fotoc\u00f2pia de les p\u00e0gines de la CERTIFICACI\u00d3 D\u2019ANYS D\u2019ESCOLARITAT del llibre d\u2019escolaritat de <strong>Prim\u00e0ria i Secund\u00e0ria<\/strong>, historial acad\u00e8mic o certificat acreditatiu*<\/p>\r\n<\/td>\r\n<\/tr>\r\n<tr>\r\n<th style=\"text-align: left; width: 98.6577%;\" colspan=\"3\">NIVELL C1<\/th>\r\n<\/tr>\r\n<tr>\r\n<td style=\"width: 15.302%;\">BUP<\/td>\r\n<td style=\"width: 44.5638%;\">\r\n<p>T\u00edtol de batxillerat (BUP), sempre que s&#8217;hagi cursat tota l&#8217;EGB i el BUP a Catalunya i s&#8217;hagi cursat de manera oficial la mat\u00e8ria de llengua catalana en la totalitat dels estudis esmentats a partir del curs 1978-1979.<\/p>\r\n<\/td>\r\n<td style=\"width: 38.7919%;\">\r\n<p>Original i fotoc\u00f2pia DNI<\/p>\r\n<p>Original i fotoc\u00f2pia de les p\u00e0gines de la CERTIFICACI\u00d3 D\u2019ANYS D\u2019ESCOLARITAT del llibre d\u2019escolaritat de <strong>l\u2019EGB, , historial acad\u00e8mic\u00a0<\/strong>o certificat acreditatiu*<\/p>\r\n<p>Original i fotoc\u00f2pia de les notes finals de tots els cursos de <strong>BUP\u00a0o certificat acreditatiu*<\/strong><\/p>\r\n<\/td>\r\n<\/tr>\r\n<tr>\r\n<td style=\"width: 15.302%;\">FP2<\/td>\r\n<td style=\"width: 44.5638%;\">\r\n<p>T\u00edtol de t\u00e8cnic\/a especialista (FP2) sempre que s&#8217;hagi cursat tota l&#8217;EGB, l&#8217;FP1 i l&#8217;FP2 a Catalunya i s&#8217;hagi cursat de manera oficial la mat\u00e8ria de llengua catalana en la totalitat dels estudis esmentats a partir del curs 1978-1979.<\/p>\r\n<\/td>\r\n<td style=\"width: 38.7919%;\">\r\n<p>Original i fotoc\u00f2pia DNI<\/p>\r\n<p>Original i fotoc\u00f2pia de les p\u00e0gines de la CERTIFICACI\u00d3 D\u2019ANYS D\u2019ESCOLARITAT del llibre d\u2019escolaritat de <strong>l\u2019EGB,\u00a0<\/strong>historial acad\u00e8mic o certificat acreditatiu*<\/p>\r\n<p>Original i fotoc\u00f2pia de les notes finals de tots els cursos de <strong>FP1<\/strong>\u00a0i\u00a0<strong>FP2\u00a0<\/strong>o certificat acreditatiu*<\/p>\r\n<\/td>\r\n<\/tr>\r\n<tr>\r\n<td style=\"width: 15.302%;\">BATXILLERAT<\/td>\r\n<td style=\"width: 44.5638%;\">\r\n<p>T\u00edtol de batxillerat (LOGSE) sempre que s&#8217;hagin cursat a Catalunya tres cursos qualssevol de prim\u00e0ria i cinc cursos qualssevol entre l&#8217;ESO i el batxillerat i s&#8217;hagi cursat la mat\u00e8ria de llengua catalana en la totalitat dels estudis m\u00ednims esmentats.<\/p>\r\n<\/td>\r\n<td style=\"width: 38.7919%;\">\r\n<p>Original i fotoc\u00f2pia DNI<\/p>\r\n<p>Original i fotoc\u00f2pia de les p\u00e0gines de la CERTIFICACI\u00d3 D\u2019ANYS D\u2019ESCOLARITAT del llibre d\u2019escolaritat de <strong>Prim\u00e0ria i Secund\u00e0ria<\/strong>, historial acad\u00e8mic o certificat acreditatiu*<\/p>\r\n<p>Original i fotoc\u00f2pia de les notes finals de tots els cursos de\u00a0<strong style=\"font-size: inherit; font-family: inherit;\">Batxillerat<\/strong><\/p>\r\n<\/td>\r\n<\/tr>\r\n<tr>\r\n<td style=\"width: 15.302%;\">ESO<\/td>\r\n<td style=\"width: 44.5638%;\">\r\n<p>T\u00edtol de graduaci\u00f3 en educaci\u00f3 secund\u00e0ria (ESO) sempre que s&#8217;hagin cursat a Catalunya almenys tres cursos qualssevol de prim\u00e0ria i tota l&#8217;ESO, i s&#8217;hagi cursat i aprovat la mat\u00e8ria de llengua catalana en la totalitat dels estudis m\u00ednims esmentats. El requisit d&#8217;acreditaci\u00f3 d&#8217;haver aprovat la mat\u00e8ria de llengua catalana \u00e9s d&#8217;aplicaci\u00f3 als t\u00edtols de graduaci\u00f3 en educaci\u00f3 secund\u00e0ria obtinguts a partir del curs 2007-2008.<\/p>\r\n<\/td>\r\n<td style=\"width: 38.7919%;\">\r\n<p>Original i fotoc\u00f2pia DNI<\/p>\r\n<p>Original i fotoc\u00f2pia de les p\u00e0gines de la CERTIFICACI\u00d3 D\u2019ANYS D\u2019ESCOLARITAT del llibre d\u2019escolaritat de <strong>Prim\u00e0ria i Secund\u00e0ria, <\/strong>historial acad\u00e8mic o certificat acreditatiu*<\/p>\r\n<\/td>\r\n<\/tr>\r\n<\/tbody>\r\n<\/table>\r\n<\/figure>\n\n\n\n<p>*certificat acreditatiu: en cas de no tenir el llibre d\u2019escolaritat, heu d\u2019anar a l\u2019escola o institut on vau estudiar la prim\u00e0ria\/secund\u00e0ria\/batxillerat\/FPI\/FP2\/BUP, per demanar un certificat que indiqui els anys i els cursos d\u2019escolaritat i la frase&nbsp;<em>\u201cl\u2019alumne ha cursat i aprovat la mat\u00e8ria de llengua catalana\u201d&nbsp; o l\u2019historial acad\u00e8mic.<\/em><\/p>\n\n\n\n<p>Aquelles persones que&nbsp;<strong>no acompleixin els requisits anteriors<\/strong>&nbsp;s\u2019han d\u2019adre\u00e7ar a:<\/p>\n\n\n\n<p><i>Departament d\u2019Educaci\u00f3<br>Via Augusta, 202-226 | Barcelona<br>Tel\u00e8fon: 934 006 900<\/i><\/p>\n\n\n\n<p><h4>Normativa aplicable<\/h4>\n<p><strong><a href=\"https:\/\/portaljuridic.gencat.cat\/ca\/pjur_ocults\/pjur_resultats_fitxa\/?action=fitxa&amp;mode=single&amp;documentId=501140&amp;language=ca_ES\" target=\"_blank\" rel=\"noopener\">ORDRE VCP\/491\/2009, de 12 de novembre, per la qual es refonen i s\u2019actualitzen els t\u00edtols, diplomes i certificats equivalents als certificats de coneixements de catal\u00e0 de la Secretaria de Pol\u00edtica Ling\u00fc\u00edstica<\/a><\/strong><\/p><\/p>\n\n\n\n<h4 class=\"wp-block-heading\"><strong>Termini de lliurament del certificat?<\/strong><\/h4>\n\n\n\n<p>\u00c9s aproximadament\u00a010 dies h\u00e0bils des de la sol\u00b7licitud i entrega de tota la documentaci\u00f3 necess\u00e0ria<\/p>\n\n\n\n<h4 class=\"wp-block-heading\"><strong>Validesa<\/strong><\/h4>\n\n\n\n<p>El certificats de catal\u00e0 de la Direcci\u00f3 General de Pol\u00edtica Ling\u00fc\u00edstica s\u00f3n t\u00edtols oficials amb reconeixement internacional i validesa indefinida.<\/p>\n","protected":false},"excerpt":{"rendered":"<p>Qu\u00e8 \u00e9s? Reconeixement de l&#8217;equival\u00e8ncia dels nivells educatius no universitaris amb els certificats de coneixements de catal\u00e0 de la Direcci\u00f3 General de Pol\u00edtica Ling\u00fc\u00edstica. Requeriments Escolaritzaci\u00f3 completa a Catalunya (des de l\u2019EGB o Prim\u00e0ria). No haver estat exempt de catal\u00e0. Inici de l\u2019escolaritzaci\u00f3 a partir del curs 1978-79 (incl\u00f2s). Acompleix aquest requisit la gent nascuda [&hellip;]<\/p>\n","protected":false},"author":1,"featured_media":2085,"parent":63,"menu_order":2,"comment_status":"closed","ping_status":"closed","template":"","meta":{"_bbp_topic_count":0,"_bbp_reply_count":0,"_bbp_total_topic_count":0,"_bbp_total_reply_count":0,"_bbp_voice_count":0,"_bbp_anonymous_reply_count":0,"_bbp_topic_count_hidden":0,"_bbp_reply_count_hidden":0,"_bbp_forum_subforum_count":0,"site-sidebar-layout":"default","site-content-layout":"","ast-site-content-layout":"default","site-content-style":"default","site-sidebar-style":"default","ast-global-header-display":"","ast-banner-title-visibility":"","ast-main-header-display":"","ast-hfb-above-header-display":"","ast-hfb-below-header-display":"","ast-hfb-mobile-header-display":"","site-post-title":"","ast-breadcrumbs-content":"","ast-featured-img":"","footer-sml-layout":"","theme-transparent-header-meta":"","adv-header-id-meta":"","stick-header-meta":"","header-above-stick-meta":"","header-main-stick-meta":"","header-below-stick-meta":"","astra-migrate-meta-layouts":"set","ast-page-background-enabled":"default","ast-page-background-meta":{"desktop":{"background-color":"var(--ast-global-color-4)","background-image":"","background-repeat":"repeat","background-position":"center center","background-size":"auto","background-attachment":"scroll","background-type":"","background-media":"","overlay-type":"","overlay-color":"","overlay-opacity":"","overlay-gradient":""},"tablet":{"background-color":"","background-image":"","background-repeat":"repeat","background-position":"center center","background-size":"auto","background-attachment":"scroll","background-type":"","background-media":"","overlay-type":"","overlay-color":"","overlay-opacity":"","overlay-gradient":""},"mobile":{"background-color":"","background-image":"","background-repeat":"repeat","background-position":"center center","background-size":"auto","background-attachment":"scroll","background-type":"","background-media":"","overlay-type":"","overlay-color":"","overlay-opacity":"","overlay-gradient":""}},"ast-content-background-meta":{"desktop":{"background-color":"var(--ast-global-color-5)","background-image":"","background-repeat":"repeat","background-position":"center center","background-size":"auto","background-attachment":"scroll","background-type":"","background-media":"","overlay-type":"","overlay-color":"","overlay-opacity":"","overlay-gradient":""},"tablet":{"background-color":"var(--ast-global-color-5)","background-image":"","background-repeat":"repeat","background-position":"center center","background-size":"auto","background-attachment":"scroll","background-type":"","background-media":"","overlay-type":"","overlay-color":"","overlay-opacity":"","overlay-gradient":""},"mobile":{"background-color":"var(--ast-global-color-5)","background-image":"","background-repeat":"repeat","background-position":"center center","background-size":"auto","background-attachment":"scroll","background-type":"","background-media":"","overlay-type":"","overlay-color":"","overlay-opacity":"","overlay-gradient":""}},"footnotes":""},"class_list":["post-1282","page","type-page","status-publish","has-post-thumbnail","hentry"],"post_mailing_queue_ids":[],"_links":{"self":[{"href":"https:\/\/agora.xtec.cat\/iesicaria\/wp-json\/wp\/v2\/pages\/1282","targetHints":{"allow":["GET"]}}],"collection":[{"href":"https:\/\/agora.xtec.cat\/iesicaria\/wp-json\/wp\/v2\/pages"}],"about":[{"href":"https:\/\/agora.xtec.cat\/iesicaria\/wp-json\/wp\/v2\/types\/page"}],"author":[{"embeddable":true,"href":"https:\/\/agora.xtec.cat\/iesicaria\/wp-json\/wp\/v2\/users\/1"}],"replies":[{"embeddable":true,"href":"https:\/\/agora.xtec.cat\/iesicaria\/wp-json\/wp\/v2\/comments?post=1282"}],"version-history":[{"count":4,"href":"https:\/\/agora.xtec.cat\/iesicaria\/wp-json\/wp\/v2\/pages\/1282\/revisions"}],"predecessor-version":[{"id":2562,"href":"https:\/\/agora.xtec.cat\/iesicaria\/wp-json\/wp\/v2\/pages\/1282\/revisions\/2562"}],"up":[{"embeddable":true,"href":"https:\/\/agora.xtec.cat\/iesicaria\/wp-json\/wp\/v2\/pages\/63"}],"wp:featuredmedia":[{"embeddable":true,"href":"https:\/\/agora.xtec.cat\/iesicaria\/wp-json\/wp\/v2\/media\/2085"}],"wp:attachment":[{"href":"https:\/\/agora.xtec.cat\/iesicaria\/wp-json\/wp\/v2\/media?parent=1282"}],"curies":[{"name":"wp","href":"https:\/\/api.w.org\/{rel}","templated":true}]}}