{"id":1237,"date":"2023-09-20T19:50:31","date_gmt":"2023-09-20T17:50:31","guid":{"rendered":"https:\/\/agora.xtec.cat\/iesicaria\/?page_id=1237"},"modified":"2023-09-21T19:45:53","modified_gmt":"2023-09-21T17:45:53","slug":"autoritzacions-i-justificants","status":"publish","type":"page","link":"https:\/\/agora.xtec.cat\/iesicaria\/serveis\/autoritzacions-i-justificants\/","title":{"rendered":"Autoritzacions i justificants"},"content":{"rendered":"\r\n<div class=\"wp-block-columns is-layout-flex wp-container-core-columns-is-layout-1 wp-block-columns-is-layout-flex\">\r\n<div class=\"wp-block-column is-layout-flow wp-block-column-is-layout-flow\">\r\n<blockquote id=\"block-b132fe58-4336-46ca-a82a-b549307f870d\" class=\"wp-block-quote is-style-default is-layout-flow wp-block-quote-is-layout-flow\">\r\n<p><a href=\"https:\/\/agora.xtec.cat\/iesicaria\/wp-content\/uploads\/usu2339\/2023\/09\/Icaria-autoritzacio-sortida-alumne.pdf\" data-type=\"URL\" data-id=\"https:\/\/agora.xtec.cat\/iesicaria\/wp-content\/uploads\/usu2339\/2023\/09\/Icaria-autoritzacio-sortida-alumne.pdf\">Autoritzaci\u00f3 sortida durant la jornada lectiva<\/a><\/p>\r\n<p><a href=\"https:\/\/agora.xtec.cat\/iesicaria\/wp-content\/uploads\/usu2339\/2023\/09\/Icaria_Justificacio_faltes.pdf\">Justificaci\u00f3 de faltes<\/a><\/p>\r\n<p><a href=\"https:\/\/agora.xtec.cat\/iesicaria\/wp-content\/uploads\/usu2339\/2023\/09\/Icaria_autoritzacio_vaga.pdf\">Autoritzaci\u00f3 de no assist\u00e8ncia a classe durant una vaga<\/a><\/p>\r\n<p><a href=\"https:\/\/agora.xtec.cat\/iesicaria\/wp-content\/uploads\/usu2339\/2023\/09\/Icaria_autoritzacio_multiple.pdf\">Autoritzaci\u00f3 m\u00faltiple relativa als alumnes: \u00fas d\u2019imatges, \u00fas de m\u00f2bil per activitats educatives, administraci\u00f3 de paracetamol, i assist\u00e8ncia a sortides acad\u00e8miques<\/a><\/p>\r\n<p><a href=\"https:\/\/agora.xtec.cat\/iesicaria\/wp-content\/uploads\/usu2339\/2023\/09\/Autoritzacio%CC%81-gmail-Ica%CC%80ria.pdf\">Autoritzaci\u00f3 de correu corporatiu i eines digitals<\/a><\/p>\r\n<p><a href=\"https:\/\/agora.xtec.cat\/iesicaria\/wp-content\/uploads\/usu2339\/2023\/09\/Icaria_Autoritzacio_families_Consulta_Obert.pdf\">Autoritzaci\u00f3 consulta oberta de salut<\/a><\/p>\r\n<p><a href=\"https:\/\/agora.xtec.cat\/iesicaria\/wp-content\/uploads\/usu2339\/2023\/09\/Icaria_autoritzacio_glucago.pdf\">Sol\u00b7licitud i autoritzaci\u00f3 d\u2019administraci\u00f3 de glucag\u00f3 als alumnes amb diabetis<\/a><\/p>\r\n<\/blockquote>\r\n<\/div>\r\n\r\n\r\n\r\n<div class=\"wp-block-column is-vertically-aligned-center is-layout-flow wp-block-column-is-layout-flow\">\r\n<p><img loading=\"lazy\" decoding=\"async\" width=\"1024\" height=\"581\" class=\"wp-image-1259\" style=\"width: px;\" src=\"https:\/\/agora.xtec.cat\/iesicaria\/wp-content\/uploads\/usu2339\/2023\/09\/Tampo.jpg\" alt=\"Segell\" srcset=\"https:\/\/agora.xtec.cat\/iesicaria\/wp-content\/uploads\/usu2339\/2023\/09\/Tampo.jpg 1024w, https:\/\/agora.xtec.cat\/iesicaria\/wp-content\/uploads\/usu2339\/2023\/09\/Tampo-300x170.jpg 300w, https:\/\/agora.xtec.cat\/iesicaria\/wp-content\/uploads\/usu2339\/2023\/09\/Tampo-768x436.jpg 768w\" sizes=\"auto, (max-width: 1024px) 100vw, 1024px\" \/><\/p>\r\n<\/div>\r\n<\/div>\r\n","protected":false},"excerpt":{"rendered":"<p>Autoritzaci\u00f3 sortida durant la jornada lectiva Justificaci\u00f3 de faltes Autoritzaci\u00f3 de no assist\u00e8ncia a classe durant una vaga Autoritzaci\u00f3 m\u00faltiple relativa als alumnes: \u00fas d\u2019imatges, \u00fas de m\u00f2bil per activitats educatives, administraci\u00f3 de paracetamol, i assist\u00e8ncia a sortides acad\u00e8miques Autoritzaci\u00f3 de correu corporatiu i eines digitals Autoritzaci\u00f3 consulta oberta de salut Sol\u00b7licitud i autoritzaci\u00f3 d\u2019administraci\u00f3 [&hellip;]<\/p>\n","protected":false},"author":1,"featured_media":1259,"parent":63,"menu_order":0,"comment_status":"closed","ping_status":"closed","template":"page-templates\/side-menu.php","meta":{"_bbp_topic_count":0,"_bbp_reply_count":0,"_bbp_total_topic_count":0,"_bbp_total_reply_count":0,"_bbp_voice_count":0,"_bbp_anonymous_reply_count":0,"_bbp_topic_count_hidden":0,"_bbp_reply_count_hidden":0,"_bbp_forum_subforum_count":0,"site-sidebar-layout":"default","site-content-layout":"","ast-site-content-layout":"","site-content-style":"default","site-sidebar-style":"default","ast-global-header-display":"","ast-banner-title-visibility":"","ast-main-header-display":"","ast-hfb-above-header-display":"","ast-hfb-below-header-display":"","ast-hfb-mobile-header-display":"","site-post-title":"","ast-breadcrumbs-content":"","ast-featured-img":"","footer-sml-layout":"","theme-transparent-header-meta":"","adv-header-id-meta":"","stick-header-meta":"","header-above-stick-meta":"","header-main-stick-meta":"","header-below-stick-meta":"","astra-migrate-meta-layouts":"default","ast-page-background-enabled":"default","ast-page-background-meta":{"desktop":{"background-color":"var(--ast-global-color-4)","background-image":"","background-repeat":"repeat","background-position":"center center","background-size":"auto","background-attachment":"scroll","background-type":"","background-media":"","overlay-type":"","overlay-color":"","overlay-opacity":"","overlay-gradient":""},"tablet":{"background-color":"","background-image":"","background-repeat":"repeat","background-position":"center center","background-size":"auto","background-attachment":"scroll","background-type":"","background-media":"","overlay-type":"","overlay-color":"","overlay-opacity":"","overlay-gradient":""},"mobile":{"background-color":"","background-image":"","background-repeat":"repeat","background-position":"center center","background-size":"auto","background-attachment":"scroll","background-type":"","background-media":"","overlay-type":"","overlay-color":"","overlay-opacity":"","overlay-gradient":""}},"ast-content-background-meta":{"desktop":{"background-color":"var(--ast-global-color-5)","background-image":"","background-repeat":"repeat","background-position":"center center","background-size":"auto","background-attachment":"scroll","background-type":"","background-media":"","overlay-type":"","overlay-color":"","overlay-opacity":"","overlay-gradient":""},"tablet":{"background-color":"var(--ast-global-color-5)","background-image":"","background-repeat":"repeat","background-position":"center center","background-size":"auto","background-attachment":"scroll","background-type":"","background-media":"","overlay-type":"","overlay-color":"","overlay-opacity":"","overlay-gradient":""},"mobile":{"background-color":"var(--ast-global-color-5)","background-image":"","background-repeat":"repeat","background-position":"center center","background-size":"auto","background-attachment":"scroll","background-type":"","background-media":"","overlay-type":"","overlay-color":"","overlay-opacity":"","overlay-gradient":""}},"footnotes":""},"class_list":["post-1237","page","type-page","status-publish","has-post-thumbnail","hentry"],"post_mailing_queue_ids":[],"_links":{"self":[{"href":"https:\/\/agora.xtec.cat\/iesicaria\/wp-json\/wp\/v2\/pages\/1237","targetHints":{"allow":["GET"]}}],"collection":[{"href":"https:\/\/agora.xtec.cat\/iesicaria\/wp-json\/wp\/v2\/pages"}],"about":[{"href":"https:\/\/agora.xtec.cat\/iesicaria\/wp-json\/wp\/v2\/types\/page"}],"author":[{"embeddable":true,"href":"https:\/\/agora.xtec.cat\/iesicaria\/wp-json\/wp\/v2\/users\/1"}],"replies":[{"embeddable":true,"href":"https:\/\/agora.xtec.cat\/iesicaria\/wp-json\/wp\/v2\/comments?post=1237"}],"version-history":[{"count":2,"href":"https:\/\/agora.xtec.cat\/iesicaria\/wp-json\/wp\/v2\/pages\/1237\/revisions"}],"predecessor-version":[{"id":1308,"href":"https:\/\/agora.xtec.cat\/iesicaria\/wp-json\/wp\/v2\/pages\/1237\/revisions\/1308"}],"up":[{"embeddable":true,"href":"https:\/\/agora.xtec.cat\/iesicaria\/wp-json\/wp\/v2\/pages\/63"}],"wp:featuredmedia":[{"embeddable":true,"href":"https:\/\/agora.xtec.cat\/iesicaria\/wp-json\/wp\/v2\/media\/1259"}],"wp:attachment":[{"href":"https:\/\/agora.xtec.cat\/iesicaria\/wp-json\/wp\/v2\/media?parent=1237"}],"curies":[{"name":"wp","href":"https:\/\/api.w.org\/{rel}","templated":true}]}}