{"id":16657,"date":"2023-02-24T12:24:25","date_gmt":"2023-02-24T11:24:25","guid":{"rendered":"https:\/\/agora.xtec.cat\/ieshugroger\/?page_id=16657"},"modified":"2024-01-29T15:02:39","modified_gmt":"2024-01-29T14:02:39","slug":"planificacio-i-seguirment-edc","status":"publish","type":"page","link":"https:\/\/agora.xtec.cat\/ieshugroger\/estrategia-digital\/planificacio-i-seguirment-edc\/","title":{"rendered":"Planificaci\u00f3 i seguiment (EDC)"},"content":{"rendered":"<table style=\"border: 2px solid darkgreen;\">\n<tr>\n<th colspan=4 style='background-color: linen; color: darkgreen;'>OBJECTIU 1: millorar la compet\u00e8ncia digital de l&#8217;alumnat<\/th>\n<\/tr>\n<tr>\n<td><b>Activitat o actuaci\u00f3:<\/b><\/td>\n<td><b>Descripci\u00f3 de l&#8217;actuaci\u00f3:<\/b><\/td>\n<td><b> CURS. <\/b><\/td>\n<td><b>TRIMESTRE<\/b><\/td>\n<\/tr>\n<tr>\n<td>Recull de quines habilitats ha de tenir l&#8217;alumnat en acabar 4t d&#8217;ESO<\/td>\n<td>En el marc de la FIC digital del curs 2022\/23, s&#8217;aprofitar\u00e0 per realitzar una enquesta al professorat per recollir aquelles habilitats i coneixements digitals que creuen que haurien de tenir l&#8217;alumnat en acabar l&#8217;ESO.<\/td>\n<td>22-23<\/td>\n<td style='text-align: center;'>2n. <\/td>\n<\/tr>\n<tr>\n<td>Ordenaci\u00f3 dels continguts i habilitats entre els diferents cursos<\/td>\n<td>Un cop seleccionats tots els continguts i habilitats concrets que l&#8217;alumnat ha de tenir en acabar l&#8217;ESO, es repartiran entre els diferents cursos<\/td>\n<td>23-24<\/td>\n<td style='text-align: center;'>1r. <\/td>\n<\/tr>\n<tr>\n<td>Responsabilitzaci\u00f3 a les diferents \u00e0rees de qui explicar\u00e0 els diferents continguts i habilitats digitals i qui o quines les refor\u00e7aran<\/td>\n<td>Un cop repartits els continguts i habilitats per cursos, es repartiran entre mat\u00e8ries o \u00e0rees amb dues categories: qui impartir\u00e0 els coneixements i habilitats i qui o quins les refor\u00e7aran<\/td>\n<td>23-24<\/td>\n<td style='text-align: center;'>1r. <\/td>\n<\/tr>\n<tr>\n<td>Informaci\u00f3 al professorat de la import\u00e0ncia de donar resposta a les diferents activitats realitzades per l&#8217;alumnat per tal de fer-los part\u00edceps dels seus coneixements i hablitats ja adquirits i els coneixements i habilitats que els manquen i com poden aconseguir assolir-los<\/td>\n<td>Formar i informar al professorat de la import\u00e0ncia del &#8220;feedback&#8221; en el proc\u00e9s d&#8217;avaluaci\u00f3 de l&#8217;alumnat. Incidir en que s&#8217;ha de informar sempre que es pot a l&#8217;alumant del que ha apr\u00e9s, del que li manca per aprendre i com pot assolir-lo.<\/td>\n<td>22-23<\/td>\n<td style='text-align: center;'>Tot el curs<\/td>\n<\/tr>\n<\/table>\n<table style=\"border: 2px solid darkgreen;\">\n<tr>\n<th colspan=4 style='background-color: linen; color: darkgreen;'>OBJECTIU 2: millorar la compet\u00e8ncia digital del professorat<\/th>\n<\/tr>\n<tr>\n<td><b>Activitat o actuaci\u00f3:<\/b><\/td>\n<td><b>Descripci\u00f3 de l&#8217;actuaci\u00f3:<\/b><\/td>\n<td><b>CURS.<\/b><\/td>\n<td><b>TRIMESTRE<\/b><\/td>\n<\/tr>\n<tr>\n<td>Creaci\u00f3 de r\u00fabriques a moodle per facilitar l&#8217;avaluaci\u00f3<\/td>\n<td>Aprofitant que al moodle del centre es poden crear r\u00fabriques que pugui utlititzar tot el professorat i que ja es van crear una s\u00e8rie de r\u00fabriques per diferents \u00e0mbits en una formaci\u00f3 interna de centre el curs 21\/22, s&#8217;inclouran al moodle<\/td>\n<td>23-24<\/td>\n<td style='text-align: center;'>Tot el curs<\/td>\n<\/tr>\n<tr>\n<td>Promoci\u00f3 d&#8217;infografies amb el professorat sobre l&#8217;\u00fas de la plataforma ieduca<\/td>\n<td>Facilitar al professorat diferents infografies ja fetes sobre l&#8217;\u00fas de la plataforma ieduca<\/td>\n<td>22-23<\/td>\n<td style='text-align: center;'>Tot el curs<\/td>\n<\/tr>\n<tr>\n<td>Promoci\u00f3 del curs de moodle sobre moodle realitzat per professorat del centre<\/td>\n<td>Recordar al professorat l&#8217;exist\u00e8ncia d&#8217;un curs al moodle de centre perqu\u00e8 tot el professorat pugui veure el funcionament del moodle, amb caracter\u00edstiques avan\u00e7ades<\/td>\n<td>22-23<\/td>\n<td style='text-align: center;'>Tot el curs<\/td>\n<\/tr>\n<tr>\n<td>Formaci\u00f3 interna de centre sobre la estrat\u00e8gia digital de centre<\/td>\n<td>Realitzar una formaci\u00f3 de centre explicant els aspectes principals de l&#8217;estrategia digial de centre aix\u00ed com de la cultura digital<\/td>\n<td>23-24<\/td>\n<td style='text-align: center;'>Tot el curs<\/td>\n<\/tr>\n<\/table>\n<table style=\"border: 2px solid darkgreen;\">\n<tr>\n<th colspan=4 style='background-color: linen; color: darkgreen;'>OBJECTIU 3: millorar la compet\u00e8ncia digital del centre<\/th>\n<\/tr>\n<tr>\n<td><b>Activitat o actuaci\u00f3:<\/b><\/td>\n<td><b>Descripci\u00f3 de l&#8217;actuaci\u00f3:<\/b><\/td>\n<td><b>CURS.<\/b><\/td>\n<td><b>TRIMESTRE<\/b><\/td>\n<\/tr>\n<tr>\n<td>Elaboraci\u00f3 de l&#8217;estrat\u00e8gia digital de centre<\/td>\n<td>Redacci\u00f3 de l&#8217;estrat\u00e8gia digital de centre<\/td>\n<td>22-23<\/td>\n<td style='text-align: center;'>Tot el curs<\/td>\n<\/tr>\n<tr>\n<td>Publicaci\u00f3 a la p\u00e0gina web amb visibilitat l&#8217;estrat\u00e8gia digital de centre<\/td>\n<td>Publicar a la p\u00e0gina web de centre el document redactat de l&#8217;estrat\u00e8gia digital de centre<\/td>\n<td>22-23<\/td>\n<td style='text-align: center;'>3r. <\/td>\n<\/tr>\n<tr>\n<td>Elaboraci\u00f3 d&#8217;una infografia sobre l&#8217;estrat\u00e8gia digital de centre<\/td>\n<td>Elaborar una infografia sobre la estrat\u00e8gia digital de centre<\/td>\n<td>23-24<\/td>\n<td style='text-align: center;'>1r. <\/td>\n<\/tr>\n<tr>\n<td>Promoci\u00f3 de la infografia amb professorat, fam\u00edlies i alumnat via correu electr\u00f2nic<\/td>\n<td>Promocionar l&#8217;infografia realitzada sobre l&#8217;estrat\u00e8gia digital de centre a tots els membres de la comunitat educativa via correu electr\u00f2nic i penjar-la a la p\u00e0gina web de centre<\/td>\n<td>23-24<\/td>\n<td style='text-align: center;'>1r. <\/td>\n<\/tr>\n<tr>\n<td>formaci\u00f3 interna de centre sobre la estrat\u00e8gia digital de centre<\/td>\n<td>Fer una formaci\u00f3 interna de centre informant de diferents aspectes rellevants sobre la estrat\u00e8gia digital de centre<\/td>\n<td>23-24<\/td>\n<td style='text-align: center;'>Tot el curs<\/td>\n<\/tr>\n<tr>\n<td>Revisi\u00f3 i actualitzaci\u00f3 del pla de comunicaci\u00f3 del centre<\/td>\n<td>Revisar i actualitzar el pla de comunicaci\u00f3 de centre<\/td>\n<td>22-23<\/td>\n<td style='text-align: center;'>Tot el curs<\/td>\n<\/tr>\n<tr>\n<td>Revisi\u00f3 i actualitzaci\u00f3 del pla d&#8217;acollida digital del centre<\/td>\n<td>Revisar i actualitzar el pla d&#8217;acollida de centre<\/td>\n<td>22-23<\/td>\n<td style='text-align: center;'>Tot el curs<\/td>\n<\/tr>\n<\/table>\n<p><b>Curs 2022-2023<\/b><\/p>\n<p>&nbsp;<\/p>\n<p>&#8211; Promoure l&#8217;\u00fas l\u2019EVA Moodle a l&#8217;ESO per millorar la CDA (Compet\u00e8ncia Digital de l&#8217;Alumnat).<\/p>\n<p>&#8211; Definir el desplegament curricular parcial\/complet de la CDA a Secund\u00e0ria.<\/p>\n<p>&#8211; Promoure la formaci\u00f3 permanent per millorar la CD dels docents (FIC -Formaci\u00f3 Interna de Centre i\u00a0 taller M5).<\/p>\n<p>&#8211; Millorar l\u2019acollida digital dels docents i de les fam\u00edlies.<\/p>\n<p>&#8211; Millorar la connectivitat entre PDI\/projector i l\u2019ordinador port\u00e0til dels docents a les aules. (PDI: Pissarra Digital Interactiva.)<\/p>\n<p>&nbsp;<\/p>\n<p><b>Curs 2023-2024<\/b><\/p>\n<p>&nbsp;<\/p>\n<p>&#8211; Desenvolupar instruments de seguiment i avaluaci\u00f3 de la CDA.<\/p>\n<p>&#8211; Millorar el pla de comunicaci\u00f3 digital del centre.<\/p>\n<p>&nbsp;<\/p>\n","protected":false},"excerpt":{"rendered":"<p>OBJECTIU 1: millorar la compet\u00e8ncia digital de l&#8217;alumnat<\/p>\n<p>Activitat o actuaci\u00f3:<br \/>\nDescripci\u00f3 de l&#8217;actuaci\u00f3:<br \/>\n CURS.<br \/>\nTRIMESTRE<\/p>\n<p>Recull de quines habilitats ha de tenir l&#8217;alumnat en acabar 4t d&#8217;ESO<br \/>\nEn el marc de la FIC digital del curs 2022\/23, s&#8217;aprofitar\u00e0 per realitzar una enquesta al professorat per recollir aquelles habilitats&hellip;  <a href=\"https:\/\/agora.xtec.cat\/ieshugroger\/estrategia-digital\/planificacio-i-seguirment-edc\/\" title=\"Read Planificaci\u00f3 i seguiment (EDC)\">Llegeix m\u00e9s\u00bb<\/a><\/p>\n","protected":false},"author":328,"featured_media":0,"parent":16638,"menu_order":0,"comment_status":"closed","ping_status":"closed","template":"page-templates\/side-menu.php","meta":{"_bbp_topic_count":0,"_bbp_reply_count":0,"_bbp_total_topic_count":0,"_bbp_total_reply_count":0,"_bbp_voice_count":0,"_bbp_anonymous_reply_count":0,"_bbp_topic_count_hidden":0,"_bbp_reply_count_hidden":0,"_bbp_forum_subforum_count":0,"footnotes":""},"class_list":["post-16657","page","type-page","status-publish","hentry"],"post_mailing_queue_ids":[],"_links":{"self":[{"href":"https:\/\/agora.xtec.cat\/ieshugroger\/wp-json\/wp\/v2\/pages\/16657","targetHints":{"allow":["GET"]}}],"collection":[{"href":"https:\/\/agora.xtec.cat\/ieshugroger\/wp-json\/wp\/v2\/pages"}],"about":[{"href":"https:\/\/agora.xtec.cat\/ieshugroger\/wp-json\/wp\/v2\/types\/page"}],"author":[{"embeddable":true,"href":"https:\/\/agora.xtec.cat\/ieshugroger\/wp-json\/wp\/v2\/users\/328"}],"replies":[{"embeddable":true,"href":"https:\/\/agora.xtec.cat\/ieshugroger\/wp-json\/wp\/v2\/comments?post=16657"}],"version-history":[{"count":6,"href":"https:\/\/agora.xtec.cat\/ieshugroger\/wp-json\/wp\/v2\/pages\/16657\/revisions"}],"predecessor-version":[{"id":16939,"href":"https:\/\/agora.xtec.cat\/ieshugroger\/wp-json\/wp\/v2\/pages\/16657\/revisions\/16939"}],"up":[{"embeddable":true,"href":"https:\/\/agora.xtec.cat\/ieshugroger\/wp-json\/wp\/v2\/pages\/16638"}],"wp:attachment":[{"href":"https:\/\/agora.xtec.cat\/ieshugroger\/wp-json\/wp\/v2\/media?parent=16657"}],"curies":[{"name":"wp","href":"https:\/\/api.w.org\/{rel}","templated":true}]}}