{"id":16655,"date":"2023-02-24T12:22:22","date_gmt":"2023-02-24T11:22:22","guid":{"rendered":"https:\/\/agora.xtec.cat\/ieshugroger\/?page_id=16655"},"modified":"2023-10-30T18:53:42","modified_gmt":"2023-10-30T17:53:42","slug":"objectius-edc","status":"publish","type":"page","link":"https:\/\/agora.xtec.cat\/ieshugroger\/estrategia-digital\/objectius-edc\/","title":{"rendered":"Objectius (EDC)"},"content":{"rendered":"<h2>Els objectius fixats a partir de la diagnosi s\u00f3n els seg\u00fcents:<\/h2>\n<div style='border: 2px solid darkgreen; background-color: #FFFEFE; border-radius: 15px; '>\n<div style='background-color: darkgreen; color: #FFFFF0; padding: 20px; border-radius:15px 15px 0px 0px;'>OBJECTIU 1: millorar la compet\u00e8ncia digital de l&#8217;alumnat<\/div>\n<div style='background-color: #FFFFF0; padding: 20px; border-radius: 0px 0px 15px 15px;'>\n<p>Activitats o actuacions que es portaran a terme:<\/p>\n<ul>\n<li style='text-align: justify;'>Recull de quines habilitats ha de tenir l&#8217;alumnat en acabar 4t d&#8217;ESO<\/li>\n<li style='text-align: justify;'>Ordenaci\u00f3 dels continguts i habilitats entre els diferents cursos<\/li>\n<li style='text-align: justify;'>Responsabilitzaci\u00f3 a les diferents \u00e0rees de qui explicar\u00e0 els diferents continguts i habilitats digitals i qui o quines les refor\u00e7aran<\/li>\n<li style='text-align: justify;'>Informaci\u00f3 al professorat de la import\u00e0ncia de donar resposta a les diferents activitats realitzades per l&#8217;alumnat per tal de fer-los part\u00edceps dels seus coneixements i hablitats ja adquirits i els coneixements i habilitats que els manquen i com poden aconseguir assolir-los<\/li>\n<\/ul>\n<\/div>\n<\/div>\n<p><\/p>\n<div style='border: 2px solid darkgreen; background-color: #FFFFF0; border-radius: 15px; '>\n<div style='background-color: darkgreen; color: #FFFFF0; padding: 20px; border-radius:15px 15px 0px 0px;'>OBJECTIU 2: millorar la compet\u00e8ncia digital del professorat<\/div>\n<div style='background-color: #FFFFF0; padding: 20px; border-radius: 0px 0px 15px 15px;'>\n<p>Activitats o actuacions que es portaran a terme:<\/p>\n<ul>\n<li style='text-align: justify;'>creaci\u00f3 de r\u00fabriques a moodle per facilitar l&#8217;avaluaci\u00f3<\/li>\n<li style='text-align: justify;'>promoci\u00f3 d&#8217;infografies amb el professorat sobre l&#8217;\u00fas de la plataforma ieduca<\/li>\n<li style='text-align: justify;'>promoci\u00f3 del curs de moodle sobre moodle realitzat per professorat del centre<\/li>\n<li style='text-align: justify;'>formaci\u00f3 interna de centre sobre la estrat\u00e8gia digital de centre<\/li>\n<\/ul>\n<\/div>\n<\/div>\n<p><\/p>\n<div style='border: 2px solid darkgreen; background-color: #FFFFF0; border-radius: 15px; '>\n<div style='background-color: darkgreen; color: #FFFFF0; padding: 20px; border-radius:15px 15px 0px 0px;'>OBJECTIU 3: millorar la compet\u00e8ncia digital del centre<\/div>\n<div style='background-color: #FFFFF0; padding: 20px; border-radius: 0px 0px 15px 15px;'>\n<p>Activitats o actuacions que es portaran a terme:<\/p>\n<ul>\n<li style='text-align: justify;'>Elaboraci\u00f3 de l&#8217;estrat\u00e8gia digital de centre<\/li>\n<li style='text-align: justify;'>Publicaci\u00f3 a la p\u00e0gina web amb visibilitat l&#8217;estrat\u00e8gia digital de centre<\/li>\n<li style='text-align: justify;'>Elaboraci\u00f3 d&#8217;una infografia sobre l&#8217;estrat\u00e8gia digital de centre<\/li>\n<li style='text-align: justify;'>Promoci\u00f3 de la infografia amb professorat, fam\u00edlies i alumnat via correu electr\u00f2nic<\/li>\n<li style='text-align: justify;'>formaci\u00f3 interna de centre sobre la estrat\u00e8gia digital de centre<\/li>\n<li style='text-align: justify;'>Revisi\u00f3 i actualitzaci\u00f3 del pla de comunicaci\u00f3 del centre<\/li>\n<li style='text-align: justify;'>Revisi\u00f3 i actualitzaci\u00f3 del pla d&#8217;acollida digital del centre<\/li>\n<\/ul>\n<\/div>\n<\/div>\n","protected":false},"excerpt":{"rendered":"<p>Els objectius fixats a partir de la diagnosi s\u00f3n els seg\u00fcents:<\/p>\n<p>OBJECTIU 1: millorar la compet\u00e8ncia digital de l&#8217;alumnat<\/p>\n<p>Activitats o actuacions que es portaran a terme:<\/p>\n<ul>\n<li style='text-align: justify;'>Recull de quines habilitats ha de tenir l&#8217;alumnat en acabar 4t d&#8217;ESO<\/li>\n<li style='text-align: justify;'>Ordenaci\u00f3 dels continguts i habilitats entre&hellip;  <a href=\"https:\/\/agora.xtec.cat\/ieshugroger\/estrategia-digital\/objectius-edc\/\" title=\"Read Objectius (EDC)\">Llegeix m\u00e9s\u00bb<\/a><br \/>\n","protected":false},"author":328,"featured_media":0,"parent":16638,"menu_order":0,"comment_status":"closed","ping_status":"closed","template":"page-templates\/side-menu.php","meta":{"_bbp_topic_count":0,"_bbp_reply_count":0,"_bbp_total_topic_count":0,"_bbp_total_reply_count":0,"_bbp_voice_count":0,"_bbp_anonymous_reply_count":0,"_bbp_topic_count_hidden":0,"_bbp_reply_count_hidden":0,"_bbp_forum_subforum_count":0,"footnotes":""},"class_list":["post-16655","page","type-page","status-publish","hentry"],"post_mailing_queue_ids":[],"_links":{"self":[{"href":"https:\/\/agora.xtec.cat\/ieshugroger\/wp-json\/wp\/v2\/pages\/16655","targetHints":{"allow":["GET"]}}],"collection":[{"href":"https:\/\/agora.xtec.cat\/ieshugroger\/wp-json\/wp\/v2\/pages"}],"about":[{"href":"https:\/\/agora.xtec.cat\/ieshugroger\/wp-json\/wp\/v2\/types\/page"}],"author":[{"embeddable":true,"href":"https:\/\/agora.xtec.cat\/ieshugroger\/wp-json\/wp\/v2\/users\/328"}],"replies":[{"embeddable":true,"href":"https:\/\/agora.xtec.cat\/ieshugroger\/wp-json\/wp\/v2\/comments?post=16655"}],"version-history":[{"count":6,"href":"https:\/\/agora.xtec.cat\/ieshugroger\/wp-json\/wp\/v2\/pages\/16655\/revisions"}],"predecessor-version":[{"id":16907,"href":"https:\/\/agora.xtec.cat\/ieshugroger\/wp-json\/wp\/v2\/pages\/16655\/revisions\/16907"}],"up":[{"embeddable":true,"href":"https:\/\/agora.xtec.cat\/ieshugroger\/wp-json\/wp\/v2\/pages\/16638"}],"wp:attachment":[{"href":"https:\/\/agora.xtec.cat\/ieshugroger\/wp-json\/wp\/v2\/media?parent=16655"}],"curies":[{"name":"wp","href":"https:\/\/api.w.org\/{rel}","templated":true}]}}