{"id":77,"date":"2014-09-18T10:29:25","date_gmt":"2014-09-18T09:29:25","guid":{"rendered":"http:\/\/agora.xtec.cat\/iesguinovarda\/?page_id=77"},"modified":"2025-09-01T13:28:29","modified_gmt":"2025-09-01T11:28:29","slug":"transport-escolar","status":"publish","type":"page","link":"https:\/\/agora.xtec.cat\/iesguinovarda\/serveis\/transport-escolar\/","title":{"rendered":"Transport escolar"},"content":{"rendered":"<p>El Consell Comarcal ofereix el servei de transport escolar als alumnes d&#8217;ESO, Batxillerat i Cicles que ho demanin i tinguin la resid\u00e8ncia en alguna de les urbanitzacions de Piera.<\/p>\n<p><a href=\"https:\/\/drive.google.com\/file\/d\/16lPHB7pgNq2hhuPl9pu-UItFjBkIfFrs\/view?usp=drive_link\" target=\"_blank\" rel=\"noopener\">rutes transport escolar 2025-2026<\/a><\/p>\n<p><a href=\"https:\/\/drive.google.com\/file\/d\/1NTu3LnOIwBx-c-JxKuSFPpNKef9rPmsX\/view?usp=sharing\" target=\"_blank\" rel=\"noopener\">preus transport escolar 2025-2026<\/a><\/p>\n<p>&nbsp;<\/p>\n<p style=\"font-weight: 400;\">La tramitaci\u00f3 ser\u00e0 <strong>totalment telem\u00e0tica<\/strong>. Cliqueu en aquest enlla\u00e7 a la web del consell per accedir-hi directament, <a href=\"https:\/\/www.anoia.cat\/departaments\/ensenyament\/sollicitud-transport-escolar\/\" target=\"_blank\" rel=\"noopener\">sol\u00b7licitud telem\u00e0tica per al transport<\/a><\/p>\n<p style=\"font-weight: 400;\">Aquesta tramitaci\u00f3 <strong>l\u2019ha de fer la fam\u00edlia directament<\/strong> i per aix\u00f2 s&#8217;ha creat el manual d\u2019instruccions per les fam\u00edlies. Tant es pot fer des d\u2019un m\u00f2bil com des de l\u2019ordinador.<\/p>\n<p>&nbsp;<\/p>\n<p><a href=\"https:\/\/drive.google.com\/file\/d\/1mnQkJth5NbvVcvb42c4R8sjGkWPOmY14\/view?usp=sharing\" target=\"_blank\" rel=\"noopener\">Guia de tramitaci\u00f3 transport escolar<\/a><\/p>\n<p><a href=\"https:\/\/drive.google.com\/file\/d\/1K7YGC3tzoVxING5X9Ys4TgJfnd5kaPj4\/view?usp=sharing\" target=\"_blank\" rel=\"noopener\">Gu\u00eda de tramitaci\u00f3n transporte escolar Castell\u00e0<\/a><\/p>\n<p><a href=\"https:\/\/drive.google.com\/file\/d\/1ZPQmqhDzJkG1swLwW3yfVEDjEqR1HK0c\/view?usp=sharing\" target=\"_blank\" rel=\"noopener\">Reglament transport<\/a><\/p>\n<p>&nbsp;<\/p>\n<p style=\"font-weight: 400;\">Per a sol\u00b7licituds noves, la documentaci\u00f3 <strong>obligat\u00f2ria<\/strong>\u00a0a presentar \u00e9s:<\/p>\n<ul style=\"font-weight: 400;\">\n<li>DNI\/NIE\/Passaport de la persona sol\u00b7licitant<\/li>\n<li>DNI\/NIE\/Passaport de tots els fills pels quals es sol\u00b7licita el transport<\/li>\n<\/ul>\n<p style=\"font-weight: 400;\">La documentaci\u00f3 en cas de transport no obligatori:<\/p>\n<ul style=\"font-weight: 400;\">\n<li>DNI\/NIE\/Passaport del titular del compte corrent<\/li>\n<li>Certificat bancari<\/li>\n<\/ul>\n<p style=\"font-weight: 400;\">Aquesta documentaci\u00f3 s\u2019haur\u00e0 d\u2019adjuntar al formulari. Per a cada apartat, nom\u00e9s es podr\u00e0 posar un arxiu. Per tant, <strong>s&#8217;hauran de posar tots els DNI\/NIE, en un sol document<\/strong> (Word o PDF).<\/p>\n<p>Es tracta d\u2019una \u00fanica sol\u00b7licitud per fam\u00edlia, encara que els germans vagin a diferents centres escolars.<\/p>\n<p>&nbsp;<\/p>\n<p style=\"font-weight: 400;\">En qualsevol cas, el tel\u00e8fon de servei facilitat pel consell \u00e9s el 93.805.15.85 extensi\u00f3 324 i el correu electr\u00f2nic <a href=\"mailto:transport@anoia.cat\">transport@anoia.cat<\/a> per si calgu\u00e9s fer-los alguna consulta.<\/p>\n<p>&nbsp;<\/p>\n","protected":false},"excerpt":{"rendered":"<p>El Consell Comarcal ofereix el servei de transport escolar als alumnes d&#8217;ESO, Batxillerat i Cicles que ho demanin i tinguin la resid\u00e8ncia en alguna de les urbanitzacions de Piera.<br \/>\n<a href=\"https:\/\/drive.google.com\/file\/d\/16lPHB7pgNq2hhuPl9pu-UItFjBkIfFrs\/view?usp=drive_link\" target=\"_blank\" rel=\"noopener\">rutes transport escolar 2025-2026<\/a><br \/>\n<a href=\"https:\/\/drive.google.com\/file\/d\/1NTu3LnOIwBx-c-JxKuSFPpNKef9rPmsX\/view?usp=sharing\" target=\"_blank\" rel=\"noopener\">preus transport escolar 2025-2026<\/a><br \/>\n&nbsp;<br \/>\nLa tramitaci\u00f3 ser\u00e0 totalment telem\u00e0tica.&hellip;  <a href=\"https:\/\/agora.xtec.cat\/iesguinovarda\/serveis\/transport-escolar\/\" title=\"Read Transport escolar\">Llegeix m\u00e9s\u00bb<\/a><\/p>\n","protected":false},"author":1,"featured_media":0,"parent":63,"menu_order":10,"comment_status":"closed","ping_status":"closed","template":"page-templates\/side-menu.php","meta":{"_bbp_topic_count":0,"_bbp_reply_count":0,"_bbp_total_topic_count":0,"_bbp_total_reply_count":0,"_bbp_voice_count":0,"_bbp_anonymous_reply_count":0,"_bbp_topic_count_hidden":0,"_bbp_reply_count_hidden":0,"_bbp_forum_subforum_count":0,"footnotes":""},"class_list":["post-77","page","type-page","status-publish","hentry"],"post_mailing_queue_ids":[],"_links":{"self":[{"href":"https:\/\/agora.xtec.cat\/iesguinovarda\/wp-json\/wp\/v2\/pages\/77","targetHints":{"allow":["GET"]}}],"collection":[{"href":"https:\/\/agora.xtec.cat\/iesguinovarda\/wp-json\/wp\/v2\/pages"}],"about":[{"href":"https:\/\/agora.xtec.cat\/iesguinovarda\/wp-json\/wp\/v2\/types\/page"}],"author":[{"embeddable":true,"href":"https:\/\/agora.xtec.cat\/iesguinovarda\/wp-json\/wp\/v2\/users\/1"}],"replies":[{"embeddable":true,"href":"https:\/\/agora.xtec.cat\/iesguinovarda\/wp-json\/wp\/v2\/comments?post=77"}],"version-history":[{"count":6,"href":"https:\/\/agora.xtec.cat\/iesguinovarda\/wp-json\/wp\/v2\/pages\/77\/revisions"}],"predecessor-version":[{"id":5971,"href":"https:\/\/agora.xtec.cat\/iesguinovarda\/wp-json\/wp\/v2\/pages\/77\/revisions\/5971"}],"up":[{"embeddable":true,"href":"https:\/\/agora.xtec.cat\/iesguinovarda\/wp-json\/wp\/v2\/pages\/63"}],"wp:attachment":[{"href":"https:\/\/agora.xtec.cat\/iesguinovarda\/wp-json\/wp\/v2\/media?parent=77"}],"curies":[{"name":"wp","href":"https:\/\/api.w.org\/{rel}","templated":true}]}}

<p>El Consell Comarcal ofereix el servei de transport escolar als alumnes d&#8217;ESO, Batxillerat i Cicles que ho demanin i tinguin la residència en alguna de les urbanitzacions de Piera.</p>
<p><a href="https://drive.google.com/file/d/16lPHB7pgNq2hhuPl9pu-UItFjBkIfFrs/view?usp=drive_link" target="_blank" rel="noopener">rutes transport escolar 2025-2026</a></p>
<p><a href="https://drive.google.com/file/d/1NTu3LnOIwBx-c-JxKuSFPpNKef9rPmsX/view?usp=sharing" target="_blank" rel="noopener">preus transport escolar 2025-2026</a></p>
<p>&nbsp;</p>
<p style="font-weight: 400;">La tramitació serà <strong>totalment telemàtica</strong>. Cliqueu en aquest enllaç a la web del consell per accedir-hi directament, <a href="https://www.anoia.cat/departaments/ensenyament/sollicitud-transport-escolar/" target="_blank" rel="noopener">sol·licitud telemàtica per al transport</a></p>
<p style="font-weight: 400;">Aquesta tramitació <strong>l’ha de fer la família directament</strong> i per això s&#8217;ha creat el manual d’instruccions per les famílies. Tant es pot fer des d’un mòbil com des de l’ordinador.</p>
<p>&nbsp;</p>
<p><a href="https://drive.google.com/file/d/1mnQkJth5NbvVcvb42c4R8sjGkWPOmY14/view?usp=sharing" target="_blank" rel="noopener">Guia de tramitació transport escolar</a></p>
<p><a href="https://drive.google.com/file/d/1K7YGC3tzoVxING5X9Ys4TgJfnd5kaPj4/view?usp=sharing" target="_blank" rel="noopener">Guía de tramitación transporte escolar Castellà</a></p>
<p><a href="https://drive.google.com/file/d/1ZPQmqhDzJkG1swLwW3yfVEDjEqR1HK0c/view?usp=sharing" target="_blank" rel="noopener">Reglament transport</a></p>
<p>&nbsp;</p>
<p style="font-weight: 400;">Per a sol·licituds noves, la documentació <strong>obligatòria</strong> a presentar és:</p>
<ul style="font-weight: 400;">
<li>DNI/NIE/Passaport de la persona sol·licitant</li>
<li>DNI/NIE/Passaport de tots els fills pels quals es sol·licita el transport</li>
</ul>
<p style="font-weight: 400;">La documentació en cas de transport no obligatori:</p>
<ul style="font-weight: 400;">
<li>DNI/NIE/Passaport del titular del compte corrent</li>
<li>Certificat bancari</li>
</ul>
<p style="font-weight: 400;">Aquesta documentació s’haurà d’adjuntar al formulari. Per a cada apartat, només es podrà posar un arxiu. Per tant, <strong>s&#8217;hauran de posar tots els DNI/NIE, en un sol document</strong> (Word o PDF).</p>
<p>Es tracta d’una única sol·licitud per família, encara que els germans vagin a diferents centres escolars.</p>
<p>&nbsp;</p>
<p style="font-weight: 400;">En qualsevol cas, el telèfon de servei facilitat pel consell és el 93.805.15.85 extensió 324 i el correu electrònic <a href="mailto:transport@anoia.cat">transport@anoia.cat</a> per si calgués fer-los alguna consulta.</p>
<p>&nbsp;</p>

<p>El Consell Comarcal ofereix el servei de transport escolar als alumnes d&#8217;ESO, Batxillerat i Cicles que ho demanin i tinguin la residència en alguna de les urbanitzacions de Piera.<br />
<a href="https://drive.google.com/file/d/16lPHB7pgNq2hhuPl9pu-UItFjBkIfFrs/view?usp=drive_link" target="_blank" rel="noopener">rutes transport escolar 2025-2026</a><br />
<a href="https://drive.google.com/file/d/1NTu3LnOIwBx-c-JxKuSFPpNKef9rPmsX/view?usp=sharing" target="_blank" rel="noopener">preus transport escolar 2025-2026</a><br />
&nbsp;<br />
La tramitació serà totalment telemàtica.&hellip;  <a href="https://agora.xtec.cat/iesguinovarda/serveis/transport-escolar/" title="Read Transport escolar">Llegeix més»</a></p>
