{"id":688,"date":"2019-06-20T12:04:51","date_gmt":"2019-06-20T10:04:51","guid":{"rendered":"https:\/\/agora.xtec.cat\/iesguinovarda\/?page_id=688"},"modified":"2019-06-20T12:07:32","modified_gmt":"2019-06-20T10:07:32","slug":"siei","status":"publish","type":"page","link":"https:\/\/agora.xtec.cat\/iesguinovarda\/linstitut\/projectes-educatius\/siei\/","title":{"rendered":"SIEI"},"content":{"rendered":"<p style=\"text-align: justify;\"><strong>SIEI: SUPORT INTENSIU PER A L&#8217;ESCOLARITZACI\u00d3 INCLUSIVA<\/strong><\/p>\n<p style=\"text-align: justify;\">A principi del curs 2016-2017 es va incorporar a l&#8217;institut Guinovarda l&#8217;equip SIEI, dos psicopedagogs i un educador destinats a donar <strong>suport intensiu per a l\u2019escolaritzaci\u00f3 inclusiva<\/strong> d&#8217;alumnes amb NEE.<br \/>\nEn aquesta unitat atenem entre 5 i 8 alumnes. Es prioritza el suport al\u00a0 professorat del grup ordinari, mitjan\u00e7ant la concreci\u00f3 d\u2019estrat\u00e8gies per fer possible la seva participaci\u00f3 en les activitats de l\u2019aula ordin\u00e0ria i\/o l\u2019elaboraci\u00f3 de materials espec\u00edfics o adaptats que facilitin la participaci\u00f3 d\u2019aquest alumnat en les activitats generals del grup. Aix\u00ed mateix, es desenvolupen activitats espec\u00edfiques, individuals o en grup redu\u00eft, quan els continguts i les compet\u00e8ncies a desenvolupar ho fan indispensable.<\/p>\n<p style=\"text-align: justify;\"><strong>Objectiu<\/strong><br \/>\nAfavorir l&#8217;autonomia i equilibri personal i el desenvolupament d\u2019habilitats socials dels alumnes. Les adaptacions que es fan les determinen en el seu pla individualitzat. \u00c9s l\u2019equip docent qui estableix els criteris per a l\u2019atenci\u00f3 i l\u2019avaluaci\u00f3 d\u2019aquest alumnat treballant de manera coordinada amb la comissi\u00f3 d\u2019atenci\u00f3 a la diversitat\u00a0 i del SIEI.<br \/>\nEn el Pla Individual es contemplen objectius espec\u00edfics d&#8217;habilitats adaptatives relatius a aspectes com Autonomia i iniciativa personal,\u00a0 Comunicaci\u00f3,\u00a0 Aprendre a aprendre i Viure en comunitat.<\/p>\n<article><img decoding=\"async\" class=\"alignright\" src=\"https:\/\/www.insguinovarda.cat\/portal\/images\/2.jpg\" alt=\"2\" \/><\/article>\n<p style=\"text-align: justify;\"><strong>Com treballem<\/strong><br \/>\nLa nostra manera de treballar \u00e9s molt flexible per adaptar-nos a les necessitats dels alumnes. Els tipus b\u00e0sics d&#8217;intervenci\u00f3 son:<br \/>\nSuport al grup ordinari<br \/>\nAplicaci\u00f3 d&#8217;estrat\u00e8gies metodol\u00f2giques per afavorir l&#8217;assoliment dels continguts ordinaris del seu grup de refer\u00e8ncia.<br \/>\nElaboraci\u00f3 puntual de materials espec\u00edfics<br \/>\nHabilitats socials i h\u00e0bits d\u2019autonomia personal<br \/>\nFestes i sortides<br \/>\nSuport en petit grup<br \/>\nOrientaci\u00f3 espai-temps. Anticipaci\u00f3 d\u2019esdeveniments<br \/>\nProcessos cognitius b\u00e0sics (percepci\u00f3, atenci\u00f3 i mem\u00f2ria)<br \/>\n\u00das de l\u2019ordinador, eina d\u2019aprenentatge i diversi\u00f3.<\/p>\n<p style=\"text-align: justify;\"><strong>Coordinaci\u00f3:<\/strong><\/p>\n<ul style=\"text-align: justify;\">\n<li>Professorat implicat: orientadors\/es, professors\/es.<\/li>\n<li>Serveis externs: EAP, CSMIJ, Hospitals de Dia, altres professionals o associacions<\/li>\n<li>Comissi\u00f3 d\u2019atenci\u00f3 a la diversitat. Reuni\u00f3 setmanal on es prenen decisions educatives respecte a la gesti\u00f3 i l\u2019atenci\u00f3 dels alumnes i recursos de suport del centre.<\/li>\n<li>Pares: comunicaci\u00f3 freq\u00fcent mitjan\u00e7ant agendes, tel\u00e8fon, mail i entrevistes.<\/li>\n<\/ul>\n<p style=\"text-align: justify;\"><img loading=\"lazy\" decoding=\"async\" class=\"\" src=\"https:\/\/www.insguinovarda.cat\/portal\/images\/1.jpg\" alt=\"1\" width=\"629\" height=\"163\" \/><\/p>\n","protected":false},"excerpt":{"rendered":"<p>SIEI: SUPORT INTENSIU PER A L&#8217;ESCOLARITZACI\u00d3 INCLUSIVA<br \/>\nA principi del curs 2016-2017 es va incorporar a l&#8217;institut Guinovarda l&#8217;equip SIEI, dos psicopedagogs i un educador destinats a donar suport intensiu per a l\u2019escolaritzaci\u00f3 inclusiva d&#8217;alumnes amb NEE.<br \/>\nEn aquesta unitat atenem entre 5 i 8 alumnes. Es&hellip;  <a href=\"https:\/\/agora.xtec.cat\/iesguinovarda\/linstitut\/projectes-educatius\/siei\/\" title=\"Read SIEI\">Llegeix m\u00e9s\u00bb<\/a><\/p>\n","protected":false},"author":1,"featured_media":0,"parent":532,"menu_order":20,"comment_status":"closed","ping_status":"closed","template":"page-templates\/side-menu.php","meta":{"_bbp_topic_count":0,"_bbp_reply_count":0,"_bbp_total_topic_count":0,"_bbp_total_reply_count":0,"_bbp_voice_count":0,"_bbp_anonymous_reply_count":0,"_bbp_topic_count_hidden":0,"_bbp_reply_count_hidden":0,"_bbp_forum_subforum_count":0,"footnotes":""},"class_list":["post-688","page","type-page","status-publish","hentry"],"post_mailing_queue_ids":[],"_links":{"self":[{"href":"https:\/\/agora.xtec.cat\/iesguinovarda\/wp-json\/wp\/v2\/pages\/688","targetHints":{"allow":["GET"]}}],"collection":[{"href":"https:\/\/agora.xtec.cat\/iesguinovarda\/wp-json\/wp\/v2\/pages"}],"about":[{"href":"https:\/\/agora.xtec.cat\/iesguinovarda\/wp-json\/wp\/v2\/types\/page"}],"author":[{"embeddable":true,"href":"https:\/\/agora.xtec.cat\/iesguinovarda\/wp-json\/wp\/v2\/users\/1"}],"replies":[{"embeddable":true,"href":"https:\/\/agora.xtec.cat\/iesguinovarda\/wp-json\/wp\/v2\/comments?post=688"}],"version-history":[{"count":3,"href":"https:\/\/agora.xtec.cat\/iesguinovarda\/wp-json\/wp\/v2\/pages\/688\/revisions"}],"predecessor-version":[{"id":693,"href":"https:\/\/agora.xtec.cat\/iesguinovarda\/wp-json\/wp\/v2\/pages\/688\/revisions\/693"}],"up":[{"embeddable":true,"href":"https:\/\/agora.xtec.cat\/iesguinovarda\/wp-json\/wp\/v2\/pages\/532"}],"wp:attachment":[{"href":"https:\/\/agora.xtec.cat\/iesguinovarda\/wp-json\/wp\/v2\/media?parent=688"}],"curies":[{"name":"wp","href":"https:\/\/api.w.org\/{rel}","templated":true}]}}

<p style="text-align: justify;"><strong>SIEI: SUPORT INTENSIU PER A L&#8217;ESCOLARITZACIÓ INCLUSIVA</strong></p>
<p style="text-align: justify;">A principi del curs 2016-2017 es va incorporar a l&#8217;institut Guinovarda l&#8217;equip SIEI, dos psicopedagogs i un educador destinats a donar <strong>suport intensiu per a l’escolarització inclusiva</strong> d&#8217;alumnes amb NEE.<br />
En aquesta unitat atenem entre 5 i 8 alumnes. Es prioritza el suport al  professorat del grup ordinari, mitjançant la concreció d’estratègies per fer possible la seva participació en les activitats de l’aula ordinària i/o l’elaboració de materials específics o adaptats que facilitin la participació d’aquest alumnat en les activitats generals del grup. Així mateix, es desenvolupen activitats específiques, individuals o en grup reduït, quan els continguts i les competències a desenvolupar ho fan indispensable.</p>
<p style="text-align: justify;"><strong>Objectiu</strong><br />
Afavorir l&#8217;autonomia i equilibri personal i el desenvolupament d’habilitats socials dels alumnes. Les adaptacions que es fan les determinen en el seu pla individualitzat. És l’equip docent qui estableix els criteris per a l’atenció i l’avaluació d’aquest alumnat treballant de manera coordinada amb la comissió d’atenció a la diversitat  i del SIEI.<br />
En el Pla Individual es contemplen objectius específics d&#8217;habilitats adaptatives relatius a aspectes com Autonomia i iniciativa personal,  Comunicació,  Aprendre a aprendre i Viure en comunitat.</p>
<article><img decoding="async" class="alignright" src="https://www.insguinovarda.cat/portal/images/2.jpg" alt="2" /></article>
<p style="text-align: justify;"><strong>Com treballem</strong><br />
La nostra manera de treballar és molt flexible per adaptar-nos a les necessitats dels alumnes. Els tipus bàsics d&#8217;intervenció son:<br />
Suport al grup ordinari<br />
Aplicació d&#8217;estratègies metodològiques per afavorir l&#8217;assoliment dels continguts ordinaris del seu grup de referència.<br />
Elaboració puntual de materials específics<br />
Habilitats socials i hàbits d’autonomia personal<br />
Festes i sortides<br />
Suport en petit grup<br />
Orientació espai-temps. Anticipació d’esdeveniments<br />
Processos cognitius bàsics (percepció, atenció i memòria)<br />
Ús de l’ordinador, eina d’aprenentatge i diversió.</p>
<p style="text-align: justify;"><strong>Coordinació:</strong></p>
<ul style="text-align: justify;">
<li>Professorat implicat: orientadors/es, professors/es.</li>
<li>Serveis externs: EAP, CSMIJ, Hospitals de Dia, altres professionals o associacions</li>
<li>Comissió d’atenció a la diversitat. Reunió setmanal on es prenen decisions educatives respecte a la gestió i l’atenció dels alumnes i recursos de suport del centre.</li>
<li>Pares: comunicació freqüent mitjançant agendes, telèfon, mail i entrevistes.</li>
</ul>
<p style="text-align: justify;"><img loading="lazy" decoding="async" class="" src="https://www.insguinovarda.cat/portal/images/1.jpg" alt="1" width="629" height="163" /></p>

<p>SIEI: SUPORT INTENSIU PER A L&#8217;ESCOLARITZACIÓ INCLUSIVA<br />
A principi del curs 2016-2017 es va incorporar a l&#8217;institut Guinovarda l&#8217;equip SIEI, dos psicopedagogs i un educador destinats a donar suport intensiu per a l’escolarització inclusiva d&#8217;alumnes amb NEE.<br />
En aquesta unitat atenem entre 5 i 8 alumnes. Es&hellip;  <a href="https://agora.xtec.cat/iesguinovarda/linstitut/projectes-educatius/siei/" title="Read SIEI">Llegeix més»</a></p>
