{"id":584,"date":"2019-06-17T10:39:23","date_gmt":"2019-06-17T08:39:23","guid":{"rendered":"https:\/\/agora.xtec.cat\/iesguinovarda\/?page_id=584"},"modified":"2019-11-28T12:34:52","modified_gmt":"2019-11-28T11:34:52","slug":"programa-salut-escola","status":"publish","type":"page","link":"https:\/\/agora.xtec.cat\/iesguinovarda\/serveis\/programa-salut-escola\/","title":{"rendered":"Programa Salut\/Escola"},"content":{"rendered":"<p>El programa Salut i Escola (PSiE) impulsat pel Departament d&#8217;Educaci\u00f3 i pel Departament de Salut, t\u00e9 la finalitat de millorar la salut dels adolescents mitjan\u00e7ant accions que promocionen h\u00e0bits saludables,\u00a0 prevenen\u00a0 situacions de risc, i ajuden a detectar preco\u00e7ment\u00a0 problemes relacionats amb la salut.<\/p>\n<p>El centre educatiu, com a espai natural per a l&#8217;aprenentatge, l&#8217;educaci\u00f3 i la formaci\u00f3 integral de la persona, \u00e9s tamb\u00e9 el lloc on es poden manifestar els signes d&#8217;alerta sobre problemes de salut, en els quals una detecci\u00f3 preco\u00e7 pot ser la primera acci\u00f3 per iniciar un proc\u00e9s d&#8217;ajuda i intervenci\u00f3 adequada.<\/p>\n<p>El programa &#8220;Salut i escola&#8221; (PSiE), t\u00e9 el prop\u00f2sit de potenciar la coordinaci\u00f3 dels centres docents, els serveis educatius i els serveis sanitaris en accions de promoci\u00f3 de la salut i d&#8217;atenci\u00f3 a l&#8217;alumnat.<\/p>\n<p>El programa\u00a0 \u201cPSiE\u201d busca, mitjan\u00e7ant la <strong>Consulta Oberta <\/strong>(professional d\u2019infermeria despla\u00e7at peri\u00f2dicament al centre docent), \u00a0afavorir l\u2019accessibilitat de cara a la prevenci\u00f3 de situacions de risc i atenci\u00f3 preco\u00e7 als problemes de salut dels adolescents a l\u2019atenci\u00f3 sanit\u00e0ria amb garanties de privacitat, confidencialitat i proximitat<\/p>\n<p>&nbsp;<\/p>\n<p><strong>Objectius:<\/strong><\/p>\n<ul>\n<li>Apropar els serveis de salut als centres docents i als adolescents, mitjan\u00e7ant la consulta\u00a0 oberta als centres d&#8217;educaci\u00f3 secund\u00e0ria amb les m\u00e0ximes garanties d&#8217;intimitat.<\/li>\n<li>Facilitar la promoci\u00f3 d&#8217;actituds i h\u00e0bits saludables (factors protectors) amb actuacions d&#8217;educaci\u00f3 per a la salut.<\/li>\n<li>Reduir els comportaments que poden afectar negativament la salut (factors de risc).<\/li>\n<li>Detecci\u00f3 preco\u00e7 dels problemes de salut a fi d&#8217;intervenir al m\u00e9s aviat possible.<\/li>\n<\/ul>\n<p>&nbsp;<\/p>\n<p><strong>Eixos fonamentals:<\/strong><\/p>\n<p>Els eixos fonamentals d&#8217;actuaci\u00f3 del PSiE s\u00f3n:<\/p>\n<ul>\n<li>La salut mental<\/li>\n<li>La salut afectiva i sexual<\/li>\n<li>Viol\u00e8ncia i maltractaments segons g\u00e8nere<\/li>\n<li>H\u00e0bits de salut ( consum de tabac i altres drogues, altres addiccions, exercici f\u00edsic, dieta, etc&#8230;)<\/li>\n<li>Trastorns de la conducta aliment\u00e0ria<\/li>\n<\/ul>\n","protected":false},"excerpt":{"rendered":"<p>El programa Salut i Escola (PSiE) impulsat pel Departament d&#8217;Educaci\u00f3 i pel Departament de Salut, t\u00e9 la finalitat de millorar la salut dels adolescents mitjan\u00e7ant accions que promocionen h\u00e0bits saludables,\u00a0 prevenen\u00a0 situacions de risc, i ajuden a detectar preco\u00e7ment\u00a0 problemes relacionats amb la salut.<br \/>\nEl centre&hellip;  <a href=\"https:\/\/agora.xtec.cat\/iesguinovarda\/serveis\/programa-salut-escola\/\" title=\"Read Programa Salut\/Escola\">Llegeix m\u00e9s\u00bb<\/a><\/p>\n","protected":false},"author":1,"featured_media":0,"parent":63,"menu_order":30,"comment_status":"closed","ping_status":"closed","template":"page-templates\/side-menu.php","meta":{"_bbp_topic_count":0,"_bbp_reply_count":0,"_bbp_total_topic_count":0,"_bbp_total_reply_count":0,"_bbp_voice_count":0,"_bbp_anonymous_reply_count":0,"_bbp_topic_count_hidden":0,"_bbp_reply_count_hidden":0,"_bbp_forum_subforum_count":0,"footnotes":""},"class_list":["post-584","page","type-page","status-publish","hentry"],"post_mailing_queue_ids":[],"_links":{"self":[{"href":"https:\/\/agora.xtec.cat\/iesguinovarda\/wp-json\/wp\/v2\/pages\/584","targetHints":{"allow":["GET"]}}],"collection":[{"href":"https:\/\/agora.xtec.cat\/iesguinovarda\/wp-json\/wp\/v2\/pages"}],"about":[{"href":"https:\/\/agora.xtec.cat\/iesguinovarda\/wp-json\/wp\/v2\/types\/page"}],"author":[{"embeddable":true,"href":"https:\/\/agora.xtec.cat\/iesguinovarda\/wp-json\/wp\/v2\/users\/1"}],"replies":[{"embeddable":true,"href":"https:\/\/agora.xtec.cat\/iesguinovarda\/wp-json\/wp\/v2\/comments?post=584"}],"version-history":[{"count":3,"href":"https:\/\/agora.xtec.cat\/iesguinovarda\/wp-json\/wp\/v2\/pages\/584\/revisions"}],"predecessor-version":[{"id":921,"href":"https:\/\/agora.xtec.cat\/iesguinovarda\/wp-json\/wp\/v2\/pages\/584\/revisions\/921"}],"up":[{"embeddable":true,"href":"https:\/\/agora.xtec.cat\/iesguinovarda\/wp-json\/wp\/v2\/pages\/63"}],"wp:attachment":[{"href":"https:\/\/agora.xtec.cat\/iesguinovarda\/wp-json\/wp\/v2\/media?parent=584"}],"curies":[{"name":"wp","href":"https:\/\/api.w.org\/{rel}","templated":true}]}}

<p>El programa Salut i Escola (PSiE) impulsat pel Departament d&#8217;Educació i pel Departament de Salut, té la finalitat de millorar la salut dels adolescents mitjançant accions que promocionen hàbits saludables,  prevenen  situacions de risc, i ajuden a detectar precoçment  problemes relacionats amb la salut.</p>
<p>El centre educatiu, com a espai natural per a l&#8217;aprenentatge, l&#8217;educació i la formació integral de la persona, és també el lloc on es poden manifestar els signes d&#8217;alerta sobre problemes de salut, en els quals una detecció precoç pot ser la primera acció per iniciar un procés d&#8217;ajuda i intervenció adequada.</p>
<p>El programa &#8220;Salut i escola&#8221; (PSiE), té el propòsit de potenciar la coordinació dels centres docents, els serveis educatius i els serveis sanitaris en accions de promoció de la salut i d&#8217;atenció a l&#8217;alumnat.</p>
<p>El programa  “PSiE” busca, mitjançant la <strong>Consulta Oberta </strong>(professional d’infermeria desplaçat periòdicament al centre docent),  afavorir l’accessibilitat de cara a la prevenció de situacions de risc i atenció precoç als problemes de salut dels adolescents a l’atenció sanitària amb garanties de privacitat, confidencialitat i proximitat</p>
<p>&nbsp;</p>
<p><strong>Objectius:</strong></p>
<ul>
<li>Apropar els serveis de salut als centres docents i als adolescents, mitjançant la consulta  oberta als centres d&#8217;educació secundària amb les màximes garanties d&#8217;intimitat.</li>
<li>Facilitar la promoció d&#8217;actituds i hàbits saludables (factors protectors) amb actuacions d&#8217;educació per a la salut.</li>
<li>Reduir els comportaments que poden afectar negativament la salut (factors de risc).</li>
<li>Detecció precoç dels problemes de salut a fi d&#8217;intervenir al més aviat possible.</li>
</ul>
<p>&nbsp;</p>
<p><strong>Eixos fonamentals:</strong></p>
<p>Els eixos fonamentals d&#8217;actuació del PSiE són:</p>
<ul>
<li>La salut mental</li>
<li>La salut afectiva i sexual</li>
<li>Violència i maltractaments segons gènere</li>
<li>Hàbits de salut ( consum de tabac i altres drogues, altres addiccions, exercici físic, dieta, etc&#8230;)</li>
<li>Trastorns de la conducta alimentària</li>
</ul>

<p>El programa Salut i Escola (PSiE) impulsat pel Departament d&#8217;Educació i pel Departament de Salut, té la finalitat de millorar la salut dels adolescents mitjançant accions que promocionen hàbits saludables,  prevenen  situacions de risc, i ajuden a detectar precoçment  problemes relacionats amb la salut.<br />
El centre&hellip;  <a href="https://agora.xtec.cat/iesguinovarda/serveis/programa-salut-escola/" title="Read Programa Salut/Escola">Llegeix més»</a></p>
