{"id":539,"date":"2019-06-17T08:33:19","date_gmt":"2019-06-17T06:33:19","guid":{"rendered":"https:\/\/agora.xtec.cat\/iesguinovarda\/?page_id=539"},"modified":"2026-02-18T11:07:35","modified_gmt":"2026-02-18T10:07:35","slug":"admissio","status":"publish","type":"page","link":"https:\/\/agora.xtec.cat\/iesguinovarda\/categoria-secretaria\/admissio\/","title":{"rendered":"Admissi\u00f3 ESO"},"content":{"rendered":"<p>Amb posterioritat a l&#8217;inici del curs escolar i en el marc de les vacants disponibles, les fam\u00edlies poden presentar una sol\u00b7licitud d&#8217;admissi\u00f3 a l&#8217;educaci\u00f3 secund\u00e0ria obligat\u00f2ria, nom\u00e9s si es donen algun dels sup\u00f2sits seg\u00fcents:<\/p>\n<ul>\n<li>Alumnat no escolaritzat a Catalunya.<\/li>\n<li>Canvi de resid\u00e8ncia a un altre municipi.<\/li>\n<li>Conveni\u00e8ncia de canvi de centre motivat per actes de viol\u00e8ncia de g\u00e8nere o d&#8217;assetjament escolar.<\/li>\n<li>Canvi de centre com a conseq\u00fc\u00e8ncia de la imposici\u00f3 d&#8217;una sanci\u00f3 disciplin\u00e0ria consistent en la inhabilitaci\u00f3 definitiva per cursar estudis al centre.<\/li>\n<li>\u00a0Inici d&#8217;una mesura d&#8217;acolliment.\u00a0\u200b\u200b<\/li>\n<li>Alumnat que no ha participat en la preinscripci\u00f3 i no pot continuar en el centre on est\u00e0 escolaritzat, at\u00e8s que no ofereix els ensenyaments de la seg\u00fcent etapa educativa.\u200b<\/li>\n<\/ul>\n<p>Per fer la sol\u00b7licitud d&#8217;admissi\u00f3 heu de clicar l&#8217;enlla\u00e7 seg\u00fcent:<span style=\"font-family: inherit; font-size: 1em;\">\u00a0<\/span><a style=\"font-family: inherit; font-size: 1em;\" href=\"https:\/\/educacio.gencat.cat\/ca\/tramits\/tramits-temes\/admissio-centre-fora-proces-preinscripcio\" target=\"_blank\" rel=\"noopener\">sol\u00b7licitud d&#8217;admissi\u00f3.<\/a><\/p>\n<p>Si us assignen la pla\u00e7a a l&#8217;Institut Guinovarda ens posarem en contacte amb vosaltres per tal de formalitzar la matr\u00edcula.<\/p>\n","protected":false},"excerpt":{"rendered":"<p>Amb posterioritat a l&#8217;inici del curs escolar i en el marc de les vacants disponibles, les fam\u00edlies poden presentar una sol\u00b7licitud d&#8217;admissi\u00f3 a l&#8217;educaci\u00f3 secund\u00e0ria obligat\u00f2ria, nom\u00e9s si es donen algun dels sup\u00f2sits seg\u00fcents:<\/p>\n<ul>\n<li>Alumnat no escolaritzat a Catalunya.<\/li>\n<li>Canvi de resid\u00e8ncia a un altre municipi.<\/li>\n<li>Conveni\u00e8ncia de&hellip;  <a href=\"https:\/\/agora.xtec.cat\/iesguinovarda\/categoria-secretaria\/admissio\/\" title=\"Read Admissi\u00f3 ESO\">Llegeix m\u00e9s\u00bb<\/a><br \/>\n","protected":false},"author":1,"featured_media":0,"parent":81,"menu_order":30,"comment_status":"closed","ping_status":"closed","template":"page-templates\/side-menu.php","meta":{"_bbp_topic_count":0,"_bbp_reply_count":0,"_bbp_total_topic_count":0,"_bbp_total_reply_count":0,"_bbp_voice_count":0,"_bbp_anonymous_reply_count":0,"_bbp_topic_count_hidden":0,"_bbp_reply_count_hidden":0,"_bbp_forum_subforum_count":0,"footnotes":""},"class_list":["post-539","page","type-page","status-publish","hentry"],"post_mailing_queue_ids":[],"_links":{"self":[{"href":"https:\/\/agora.xtec.cat\/iesguinovarda\/wp-json\/wp\/v2\/pages\/539","targetHints":{"allow":["GET"]}}],"collection":[{"href":"https:\/\/agora.xtec.cat\/iesguinovarda\/wp-json\/wp\/v2\/pages"}],"about":[{"href":"https:\/\/agora.xtec.cat\/iesguinovarda\/wp-json\/wp\/v2\/types\/page"}],"author":[{"embeddable":true,"href":"https:\/\/agora.xtec.cat\/iesguinovarda\/wp-json\/wp\/v2\/users\/1"}],"replies":[{"embeddable":true,"href":"https:\/\/agora.xtec.cat\/iesguinovarda\/wp-json\/wp\/v2\/comments?post=539"}],"version-history":[{"count":6,"href":"https:\/\/agora.xtec.cat\/iesguinovarda\/wp-json\/wp\/v2\/pages\/539\/revisions"}],"predecessor-version":[{"id":6108,"href":"https:\/\/agora.xtec.cat\/iesguinovarda\/wp-json\/wp\/v2\/pages\/539\/revisions\/6108"}],"up":[{"embeddable":true,"href":"https:\/\/agora.xtec.cat\/iesguinovarda\/wp-json\/wp\/v2\/pages\/81"}],"wp:attachment":[{"href":"https:\/\/agora.xtec.cat\/iesguinovarda\/wp-json\/wp\/v2\/media?parent=539"}],"curies":[{"name":"wp","href":"https:\/\/api.w.org\/{rel}","templated":true}]}}

Admissió ESO

<p>Amb posterioritat a l&#8217;inici del curs escolar i en el marc de les vacants disponibles, les famílies poden presentar una sol·licitud d&#8217;admissió a l&#8217;educació secundària obligatòria, només si es donen algun dels supòsits següents:</p>
<ul>
<li>Alumnat no escolaritzat a Catalunya.</li>
<li>Canvi de residència a un altre municipi.</li>
<li>Conveniència de canvi de centre motivat per actes de violència de gènere o d&#8217;assetjament escolar.</li>
<li>Canvi de centre com a conseqüència de la imposició d&#8217;una sanció disciplinària consistent en la inhabilitació definitiva per cursar estudis al centre.</li>
<li> Inici d&#8217;una mesura d&#8217;acolliment. ​​</li>
<li>Alumnat que no ha participat en la preinscripció i no pot continuar en el centre on està escolaritzat, atès que no ofereix els ensenyaments de la següent etapa educativa.​</li>
</ul>
<p>Per fer la sol·licitud d&#8217;admissió heu de clicar l&#8217;enllaç següent:<span style="font-family: inherit; font-size: 1em;"> </span><a style="font-family: inherit; font-size: 1em;" href="https://educacio.gencat.cat/ca/tramits/tramits-temes/admissio-centre-fora-proces-preinscripcio" target="_blank" rel="noopener">sol·licitud d&#8217;admissió.</a></p>
<p>Si us assignen la plaça a l&#8217;Institut Guinovarda ens posarem en contacte amb vosaltres per tal de formalitzar la matrícula.</p>

<p>Amb posterioritat a l&#8217;inici del curs escolar i en el marc de les vacants disponibles, les famílies poden presentar una sol·licitud d&#8217;admissió a l&#8217;educació secundària obligatòria, només si es donen algun dels supòsits següents:</p>
<ul>
<li>Alumnat no escolaritzat a Catalunya.</li>
<li>Canvi de residència a un altre municipi.</li>
<li>Conveniència de&hellip;  <a href="https://agora.xtec.cat/iesguinovarda/categoria-secretaria/admissio/" title="Read Admissió ESO">Llegeix més»</a><br />
