{"id":538,"date":"2019-06-17T08:33:19","date_gmt":"2019-06-17T06:33:19","guid":{"rendered":"https:\/\/agora.xtec.cat\/iesguinovarda\/?page_id=538"},"modified":"2025-04-03T12:08:01","modified_gmt":"2025-04-03T10:08:01","slug":"matriculacio","status":"publish","type":"page","link":"https:\/\/agora.xtec.cat\/iesguinovarda\/categoria-secretaria\/matriculacio\/","title":{"rendered":"Matr\u00edcula"},"content":{"rendered":"<p><strong>Curs 2025-2026<\/strong><\/p>\n<p>&nbsp;<\/p>\n<h5><strong>MATR\u00cdCULA ESO<\/strong><\/h5>\n<p>Els alumnes que estan fent al nostre Institut 1r, 2n o 3r d&#8217;ESO i volen continuar fent l&#8217;ESO al nostre centre no han de fer preinscripci\u00f3. Enviarem un correu electr\u00f2nic durant el mes de maig per confirmar la pla\u00e7a per al curs vinent.<\/p>\n<p>&nbsp;<\/p>\n<p><strong>Alumnes nous que venen d&#8217;altres centres per fer l&#8217;ESO:<\/strong><\/p>\n<p>Els alumnes preinscrits a l&#8217;ESO que surtin a la llista d&#8217;admesos, que ser\u00e0 publicada el 16 de juny, s&#8217;hauran de matricular. Enviarem un correu electr\u00f2nic amb les instruccions per formalitzar la matr\u00edcula.<\/p>\n<p>En aquesta web anirem publicant tota la informaci\u00f3 de l&#8217;inici del curs (llista de llibres, transport escolar, data d&#8217;inici de les classes, etc.).<\/p>\n<p>&nbsp;<\/p>\n<h5><strong>MATR\u00cdCULA BATXILLERAT<\/strong><\/h5>\n<p>Els alumnes de 4t d\u2019ESO del nostre institut que vulguin fer Batxillerat al nostre centre no han de fer preinscripci\u00f3. A principis d&#8217;abril enviarem un correu electr\u00f2nic amb les instruccions per reservar la pla\u00e7a per al proper curs. Tamb\u00e9 enviarem un formulari per indicar la modalitat i les mat\u00e8ries optatives que vulgui cursar cada alumne. <strong>Els alumnes que no responguin el formulari de matr\u00edcula i no segueixen les instruccions no tindran pla\u00e7a.<\/strong><\/p>\n<p>&nbsp;<\/p>\n<p><strong>Alumnes nous que venen d&#8217;altres centres per fer el Batxillerat:<\/strong><\/p>\n<p>Els alumnes preinscrits a Batxillerat que surtin a la llista d&#8217;admesos, que ser\u00e0 publicada el 19 de juny, s&#8217;hauran de matricular. Enviarem un correu electr\u00f2nic amb les instruccions per formalitzar la matr\u00edcula.<\/p>\n<p>En aquesta web anirem publicant tota la informaci\u00f3 de l&#8217;inici del curs (llista de llibres, transport escolar, data d&#8217;inici de les classes, etc.).<\/p>\n<p>&nbsp;<\/p>\n<h5><strong>MATR\u00cdCULA CICLES FORMATIUS<\/strong><\/h5>\n<p>&nbsp;<\/p>\n<pre><\/pre>\n<p><strong>Alumnes del centre<\/strong><\/p>\n<p>Els alumnes que ja estan cursant un Cicle formatiu al centre i que vulguin continuar al mateix Cicle formatiu al nostre Institut, no han de fer preinscripci\u00f3. Enviarem un correu electr\u00f2nic a principis del mes de maig amb les instruccions per confirmar la pla\u00e7a per al curs vinent.<\/p>\n<p>Els alumnes que estan fent 4t d&#8217;ESO al nostre centre i que volen fer un cicle formatiu, al mateix centre o en qualsevol altre centre, han de fer preinscripci\u00f3. Trobareu tota la informaci\u00f3 a l&#8217;apartat <a href=\"https:\/\/agora.xtec.cat\/iesguinovarda\/secretaria\/preinscripcio-cicles-formatius\/\" target=\"_blank\" rel=\"noopener\">Preinscripci\u00f3<\/a> d&#8217;aquesta web.<\/p>\n<p>&nbsp;<\/p>\n<p><strong>Alumnes nous que venen d&#8217;altres centres a fer Cicles formatius:\u00a0 LA MATR\u00cdCULA ES FA EN L\u00cdNIA, NO \u00c9S PRESENCIAL. US ENVIAREM UN FORMULARI PER CORREU ELECTR\u00d2NIC AMB ELS PASSOS A SEGUIR.<\/strong><\/p>\n<p><strong>A l&#8217;apartat secretaria, preinscripci\u00f3 cicles formatius 25-26 trobareu el calendari amb les dates de publicaci\u00f3 de les llistes del proc\u00e9s de preinscripci\u00f3 i matr\u00edcula.<\/strong><\/p>\n<p><span style=\"font-family: inherit; font-size: 1em;\">En aquesta web anirem publicant tota la informaci\u00f3 de l&#8217;inici del curs (llista de llibres, transport escolar, data d&#8217;inici de les classes, etc.).<\/span><\/p>\n<p>&nbsp;<\/p>\n<p>&nbsp;<\/p>\n<p>&nbsp;<\/p>\n","protected":false},"excerpt":{"rendered":"<p>Curs 2025-2026<br \/>\n&nbsp;<br \/>\nMATR\u00cdCULA ESO<br \/>\nEls alumnes que estan fent al nostre Institut 1r, 2n o 3r d&#8217;ESO i volen continuar fent l&#8217;ESO al nostre centre no han de fer preinscripci\u00f3. Enviarem un correu electr\u00f2nic durant el mes de maig per confirmar la pla\u00e7a per al curs vinent.<br \/>\n&nbsp;<br \/>\nAlumnes&hellip;  <a href=\"https:\/\/agora.xtec.cat\/iesguinovarda\/categoria-secretaria\/matriculacio\/\" title=\"Read Matr\u00edcula\">Llegeix m\u00e9s\u00bb<\/a><\/p>\n","protected":false},"author":1,"featured_media":0,"parent":81,"menu_order":20,"comment_status":"closed","ping_status":"closed","template":"page-templates\/side-menu.php","meta":{"_bbp_topic_count":0,"_bbp_reply_count":0,"_bbp_total_topic_count":0,"_bbp_total_reply_count":0,"_bbp_voice_count":0,"_bbp_anonymous_reply_count":0,"_bbp_topic_count_hidden":0,"_bbp_reply_count_hidden":0,"_bbp_forum_subforum_count":0,"footnotes":""},"class_list":["post-538","page","type-page","status-publish","hentry"],"post_mailing_queue_ids":[],"_links":{"self":[{"href":"https:\/\/agora.xtec.cat\/iesguinovarda\/wp-json\/wp\/v2\/pages\/538","targetHints":{"allow":["GET"]}}],"collection":[{"href":"https:\/\/agora.xtec.cat\/iesguinovarda\/wp-json\/wp\/v2\/pages"}],"about":[{"href":"https:\/\/agora.xtec.cat\/iesguinovarda\/wp-json\/wp\/v2\/types\/page"}],"author":[{"embeddable":true,"href":"https:\/\/agora.xtec.cat\/iesguinovarda\/wp-json\/wp\/v2\/users\/1"}],"replies":[{"embeddable":true,"href":"https:\/\/agora.xtec.cat\/iesguinovarda\/wp-json\/wp\/v2\/comments?post=538"}],"version-history":[{"count":6,"href":"https:\/\/agora.xtec.cat\/iesguinovarda\/wp-json\/wp\/v2\/pages\/538\/revisions"}],"predecessor-version":[{"id":5643,"href":"https:\/\/agora.xtec.cat\/iesguinovarda\/wp-json\/wp\/v2\/pages\/538\/revisions\/5643"}],"up":[{"embeddable":true,"href":"https:\/\/agora.xtec.cat\/iesguinovarda\/wp-json\/wp\/v2\/pages\/81"}],"wp:attachment":[{"href":"https:\/\/agora.xtec.cat\/iesguinovarda\/wp-json\/wp\/v2\/media?parent=538"}],"curies":[{"name":"wp","href":"https:\/\/api.w.org\/{rel}","templated":true}]}}

Matrícula

<p><strong>Curs 2025-2026</strong></p>
<p>&nbsp;</p>
<h5><strong>MATRÍCULA ESO</strong></h5>
<p>Els alumnes que estan fent al nostre Institut 1r, 2n o 3r d&#8217;ESO i volen continuar fent l&#8217;ESO al nostre centre no han de fer preinscripció. Enviarem un correu electrònic durant el mes de maig per confirmar la plaça per al curs vinent.</p>
<p>&nbsp;</p>
<p><strong>Alumnes nous que venen d&#8217;altres centres per fer l&#8217;ESO:</strong></p>
<p>Els alumnes preinscrits a l&#8217;ESO que surtin a la llista d&#8217;admesos, que serà publicada el 16 de juny, s&#8217;hauran de matricular. Enviarem un correu electrònic amb les instruccions per formalitzar la matrícula.</p>
<p>En aquesta web anirem publicant tota la informació de l&#8217;inici del curs (llista de llibres, transport escolar, data d&#8217;inici de les classes, etc.).</p>
<p>&nbsp;</p>
<h5><strong>MATRÍCULA BATXILLERAT</strong></h5>
<p>Els alumnes de 4t d’ESO del nostre institut que vulguin fer Batxillerat al nostre centre no han de fer preinscripció. A principis d&#8217;abril enviarem un correu electrònic amb les instruccions per reservar la plaça per al proper curs. També enviarem un formulari per indicar la modalitat i les matèries optatives que vulgui cursar cada alumne. <strong>Els alumnes que no responguin el formulari de matrícula i no segueixen les instruccions no tindran plaça.</strong></p>
<p>&nbsp;</p>
<p><strong>Alumnes nous que venen d&#8217;altres centres per fer el Batxillerat:</strong></p>
<p>Els alumnes preinscrits a Batxillerat que surtin a la llista d&#8217;admesos, que serà publicada el 19 de juny, s&#8217;hauran de matricular. Enviarem un correu electrònic amb les instruccions per formalitzar la matrícula.</p>
<p>En aquesta web anirem publicant tota la informació de l&#8217;inici del curs (llista de llibres, transport escolar, data d&#8217;inici de les classes, etc.).</p>
<p>&nbsp;</p>
<h5><strong>MATRÍCULA CICLES FORMATIUS</strong></h5>
<p>&nbsp;</p>
<pre></pre>
<p><strong>Alumnes del centre</strong></p>
<p>Els alumnes que ja estan cursant un Cicle formatiu al centre i que vulguin continuar al mateix Cicle formatiu al nostre Institut, no han de fer preinscripció. Enviarem un correu electrònic a principis del mes de maig amb les instruccions per confirmar la plaça per al curs vinent.</p>
<p>Els alumnes que estan fent 4t d&#8217;ESO al nostre centre i que volen fer un cicle formatiu, al mateix centre o en qualsevol altre centre, han de fer preinscripció. Trobareu tota la informació a l&#8217;apartat <a href="https://agora.xtec.cat/iesguinovarda/secretaria/preinscripcio-cicles-formatius/" target="_blank" rel="noopener">Preinscripció</a> d&#8217;aquesta web.</p>
<p>&nbsp;</p>
<p><strong>Alumnes nous que venen d&#8217;altres centres a fer Cicles formatius:  LA MATRÍCULA ES FA EN LÍNIA, NO ÉS PRESENCIAL. US ENVIAREM UN FORMULARI PER CORREU ELECTRÒNIC AMB ELS PASSOS A SEGUIR.</strong></p>
<p><strong>A l&#8217;apartat secretaria, preinscripció cicles formatius 25-26 trobareu el calendari amb les dates de publicació de les llistes del procés de preinscripció i matrícula.</strong></p>
<p><span style="font-family: inherit; font-size: 1em;">En aquesta web anirem publicant tota la informació de l&#8217;inici del curs (llista de llibres, transport escolar, data d&#8217;inici de les classes, etc.).</span></p>
<p>&nbsp;</p>
<p>&nbsp;</p>
<p>&nbsp;</p>

<p>Curs 2025-2026<br />
&nbsp;<br />
MATRÍCULA ESO<br />
Els alumnes que estan fent al nostre Institut 1r, 2n o 3r d&#8217;ESO i volen continuar fent l&#8217;ESO al nostre centre no han de fer preinscripció. Enviarem un correu electrònic durant el mes de maig per confirmar la plaça per al curs vinent.<br />
&nbsp;<br />
Alumnes&hellip;  <a href="https://agora.xtec.cat/iesguinovarda/categoria-secretaria/matriculacio/" title="Read Matrícula">Llegeix més»</a></p>
