{"id":532,"date":"2019-06-17T08:25:23","date_gmt":"2019-06-17T06:25:23","guid":{"rendered":"https:\/\/agora.xtec.cat\/iesguinovarda\/?page_id=532"},"modified":"2021-09-08T15:43:57","modified_gmt":"2021-09-08T13:43:57","slug":"projectes-educatius","status":"publish","type":"page","link":"https:\/\/agora.xtec.cat\/iesguinovarda\/linstitut\/projectes-educatius\/","title":{"rendered":"Projectes Educatius"},"content":{"rendered":"<p style=\"text-align: justify;\"><span style=\"font-size: large; color: #ff9900;\"><b>MISSI\u00d3<\/b><\/span><\/p>\n<p style=\"text-align: justify;\">L&#8217;Institut Guinovarda \u00e9s catal\u00e0 i laic, i t\u00e9 com a l\u2019objectiu proporcionar a l\u2019alumnat una formaci\u00f3 integral, s\u00f2lida i de qualitat, incorporant les noves tecnologies com a metodologia de treball, que el permeti en el futur ser ciutadans aut\u00f2noms, responsables, solidaris, respectuosos, tolerants, amb esperit cr\u00edtic vers la realitat de l\u2019entorn, capa\u00e7os d\u2019adaptar-se als canvis constants d\u2019aquest tant socials com econ\u00f2mics i culturals, i, competents en les habilitats socials, digitals, personals i professionals per tal que es puguin desenvolupar adequadament en el m\u00f3n laboral i\/o en el m\u00f3n acad\u00e8mic.<\/p>\n<p style=\"text-align: justify;\"><span style=\"font-size: large; color: #ff9900;\"><b>VISI\u00d3<\/b><\/span><\/p>\n<p style=\"text-align: justify;\">&#8211; Un centre suficientment dotat de recursos materials i humans que permetin millorar el rendiment acad\u00e8mic i la maduresa personal de l\u2019alumnat.<\/p>\n<p style=\"text-align: justify;\">&#8211; Volem ser un centre de refer\u00e8ncia a la comarca pel qu\u00e8 fa al nivell acad\u00e8mic, hum\u00e0 i professional dels nostres alumnes.<\/p>\n<p style=\"text-align: justify;\">&#8211; Participaci\u00f3 en activitats de grup, adoptant actituds de flexibilitat, solidaritat, inter\u00e8s i toler\u00e0ncia, per superar inhibicions i prejudicis i rebutjant tot tipus de discriminacions degudes a edat, ra\u00e7a, sexe i difer\u00e8ncies de car\u00e0cter f\u00edsic, ps\u00edquic, social i altres caracter\u00edstiques personals.<\/p>\n<p style=\"text-align: justify;\">&#8211; Foment del creixement personal i social refor\u00e7ant les habilitats socials dels nostres alumnes.<\/p>\n<p style=\"text-align: justify;\">&#8211; Proporcionar un entorn de treball participatiu i motivador que faciliti la implicaci\u00f3 en el projecte educatiu i la gesti\u00f3 de centre de tots els membres de la comunitat educativa.<\/p>\n<p style=\"text-align: justify;\">&#8211; Afavorir la creaci\u00f3 d\u2019una imatge real de l\u2019alumne, de les pr\u00f2pies caracter\u00edstiques i possibilitats per tal de desenvolupar un nivell d\u2019autoestima que el permeti encarrilar d\u2019una manera aut\u00f2noma i equilibrada els seu futur acad\u00e8mic i\/o professional.<\/p>\n<p style=\"text-align: justify;\">&#8211; Valoraci\u00f3 de l\u2019esfor\u00e7 i la superaci\u00f3 de les dificultats dels nostres alumnes i contribuir en el seu benestar personal i col\u00b7lectiu.<\/p>\n<p style=\"text-align: justify;\">&#8211; Capacitar l\u2019alumnat per obtenir, seleccionar, tractar i comunicar informaci\u00f3 emprant totes les fonts possibles, i les metodologies i instruments tecnol\u00f2gics apropiats; procedint de manera organitzada, aut\u00f2noma i cr\u00edtica.<\/p>\n<p style=\"text-align: justify;\">&#8211; Capacitat per part de l\u2019alumnat i del professorat d\u2019adaptaci\u00f3 a canvis de tot tipus i a possibilitats d\u2019innovaci\u00f3 i millora. Incorporant les noves tecnologia i les innovacions pedag\u00f2giques a es metodologies d&#8217;ensenyament i aprenentatge.<\/p>\n<p style=\"text-align: justify;\">&#8211; Aprofundiment i definici\u00f3 de nous sistemes de gesti\u00f3 per millorar la tasca docent, l\u2019administrativa i facilitin la relaci\u00f3 fam\u00edlia-escola.<\/p>\n<p style=\"text-align: justify;\">&#8211; Dotaci\u00f3 al professorat d\u2019eines o estrat\u00e8gies per tractar tant la diversitat com els problemes de gesti\u00f3 de l\u2019aula.<\/p>\n<p style=\"text-align: justify;\">\n","protected":false},"excerpt":{"rendered":"<p>MISSI\u00d3<br \/>\nL&#8217;Institut Guinovarda \u00e9s catal\u00e0 i laic, i t\u00e9 com a l\u2019objectiu proporcionar a l\u2019alumnat una formaci\u00f3 integral, s\u00f2lida i de qualitat, incorporant les noves tecnologies com a metodologia de treball, que el permeti en el futur ser ciutadans aut\u00f2noms, responsables, solidaris, respectuosos, tolerants, amb esperit&hellip;  <a href=\"https:\/\/agora.xtec.cat\/iesguinovarda\/linstitut\/projectes-educatius\/\" title=\"Read Projectes Educatius\">Llegeix m\u00e9s\u00bb<\/a><\/p>\n","protected":false},"author":1,"featured_media":0,"parent":19,"menu_order":62,"comment_status":"closed","ping_status":"closed","template":"page-templates\/side-menu.php","meta":{"_bbp_topic_count":0,"_bbp_reply_count":0,"_bbp_total_topic_count":0,"_bbp_total_reply_count":0,"_bbp_voice_count":0,"_bbp_anonymous_reply_count":0,"_bbp_topic_count_hidden":0,"_bbp_reply_count_hidden":0,"_bbp_forum_subforum_count":0,"footnotes":""},"class_list":["post-532","page","type-page","status-publish","hentry"],"post_mailing_queue_ids":[],"_links":{"self":[{"href":"https:\/\/agora.xtec.cat\/iesguinovarda\/wp-json\/wp\/v2\/pages\/532","targetHints":{"allow":["GET"]}}],"collection":[{"href":"https:\/\/agora.xtec.cat\/iesguinovarda\/wp-json\/wp\/v2\/pages"}],"about":[{"href":"https:\/\/agora.xtec.cat\/iesguinovarda\/wp-json\/wp\/v2\/types\/page"}],"author":[{"embeddable":true,"href":"https:\/\/agora.xtec.cat\/iesguinovarda\/wp-json\/wp\/v2\/users\/1"}],"replies":[{"embeddable":true,"href":"https:\/\/agora.xtec.cat\/iesguinovarda\/wp-json\/wp\/v2\/comments?post=532"}],"version-history":[{"count":2,"href":"https:\/\/agora.xtec.cat\/iesguinovarda\/wp-json\/wp\/v2\/pages\/532\/revisions"}],"predecessor-version":[{"id":2612,"href":"https:\/\/agora.xtec.cat\/iesguinovarda\/wp-json\/wp\/v2\/pages\/532\/revisions\/2612"}],"up":[{"embeddable":true,"href":"https:\/\/agora.xtec.cat\/iesguinovarda\/wp-json\/wp\/v2\/pages\/19"}],"wp:attachment":[{"href":"https:\/\/agora.xtec.cat\/iesguinovarda\/wp-json\/wp\/v2\/media?parent=532"}],"curies":[{"name":"wp","href":"https:\/\/api.w.org\/{rel}","templated":true}]}}

<p style="text-align: justify;"><span style="font-size: large; color: #ff9900;"><b>MISSIÓ</b></span></p>
<p style="text-align: justify;">L&#8217;Institut Guinovarda és català i laic, i té com a l’objectiu proporcionar a l’alumnat una formació integral, sòlida i de qualitat, incorporant les noves tecnologies com a metodologia de treball, que el permeti en el futur ser ciutadans autònoms, responsables, solidaris, respectuosos, tolerants, amb esperit crític vers la realitat de l’entorn, capaços d’adaptar-se als canvis constants d’aquest tant socials com econòmics i culturals, i, competents en les habilitats socials, digitals, personals i professionals per tal que es puguin desenvolupar adequadament en el món laboral i/o en el món acadèmic.</p>
<p style="text-align: justify;"><span style="font-size: large; color: #ff9900;"><b>VISIÓ</b></span></p>
<p style="text-align: justify;">&#8211; Un centre suficientment dotat de recursos materials i humans que permetin millorar el rendiment acadèmic i la maduresa personal de l’alumnat.</p>
<p style="text-align: justify;">&#8211; Volem ser un centre de referència a la comarca pel què fa al nivell acadèmic, humà i professional dels nostres alumnes.</p>
<p style="text-align: justify;">&#8211; Participació en activitats de grup, adoptant actituds de flexibilitat, solidaritat, interès i tolerància, per superar inhibicions i prejudicis i rebutjant tot tipus de discriminacions degudes a edat, raça, sexe i diferències de caràcter físic, psíquic, social i altres característiques personals.</p>
<p style="text-align: justify;">&#8211; Foment del creixement personal i social reforçant les habilitats socials dels nostres alumnes.</p>
<p style="text-align: justify;">&#8211; Proporcionar un entorn de treball participatiu i motivador que faciliti la implicació en el projecte educatiu i la gestió de centre de tots els membres de la comunitat educativa.</p>
<p style="text-align: justify;">&#8211; Afavorir la creació d’una imatge real de l’alumne, de les pròpies característiques i possibilitats per tal de desenvolupar un nivell d’autoestima que el permeti encarrilar d’una manera autònoma i equilibrada els seu futur acadèmic i/o professional.</p>
<p style="text-align: justify;">&#8211; Valoració de l’esforç i la superació de les dificultats dels nostres alumnes i contribuir en el seu benestar personal i col·lectiu.</p>
<p style="text-align: justify;">&#8211; Capacitar l’alumnat per obtenir, seleccionar, tractar i comunicar informació emprant totes les fonts possibles, i les metodologies i instruments tecnològics apropiats; procedint de manera organitzada, autònoma i crítica.</p>
<p style="text-align: justify;">&#8211; Capacitat per part de l’alumnat i del professorat d’adaptació a canvis de tot tipus i a possibilitats d’innovació i millora. Incorporant les noves tecnologia i les innovacions pedagògiques a es metodologies d&#8217;ensenyament i aprenentatge.</p>
<p style="text-align: justify;">&#8211; Aprofundiment i definició de nous sistemes de gestió per millorar la tasca docent, l’administrativa i facilitin la relació família-escola.</p>
<p style="text-align: justify;">&#8211; Dotació al professorat d’eines o estratègies per tractar tant la diversitat com els problemes de gestió de l’aula.</p>
<p style="text-align: justify;">

<p>MISSIÓ<br />
L&#8217;Institut Guinovarda és català i laic, i té com a l’objectiu proporcionar a l’alumnat una formació integral, sòlida i de qualitat, incorporant les noves tecnologies com a metodologia de treball, que el permeti en el futur ser ciutadans autònoms, responsables, solidaris, respectuosos, tolerants, amb esperit&hellip;  <a href="https://agora.xtec.cat/iesguinovarda/linstitut/projectes-educatius/" title="Read Projectes Educatius">Llegeix més»</a></p>
