{"id":530,"date":"2019-06-17T08:23:33","date_gmt":"2019-06-17T06:23:33","guid":{"rendered":"https:\/\/agora.xtec.cat\/iesguinovarda\/?page_id=530"},"modified":"2022-10-20T16:17:12","modified_gmt":"2022-10-20T14:17:12","slug":"departaments","status":"publish","type":"page","link":"https:\/\/agora.xtec.cat\/iesguinovarda\/linstitut\/departaments\/","title":{"rendered":"AMPA"},"content":{"rendered":"<div class=\"gmail_quote\">\n<div dir=\"auto\">\n<h4 dir=\"auto\"><span style=\"color: #ff9900;\">PRESENTACI\u00d3<\/span><\/h4>\n<div dir=\"auto\"><\/div>\n<div dir=\"auto\">L&#8217;<strong><span style=\"color: #ff9900;\">AMPA o Associaci\u00f3 de Mares i Pares d&#8217;Alumnes de l&#8217;INS Guinovarda<\/span><\/strong>, est\u00e0 formada per un grup de fam\u00edlies volunt\u00e0ries amb l&#8217;objectiu de promoure la participaci\u00f3 de les fam\u00edlies en la vida de l\u2019escola i la implicaci\u00f3 activa en l\u2019educaci\u00f3 dels nostres fills i filles.<\/div>\n<div dir=\"auto\"><\/div>\n<div dir=\"auto\">\n<div dir=\"auto\">Per una quota de <strong><span style=\"color: #ff9900;\">18\u20ac<\/span><\/strong> per curs:<\/div>\n<div dir=\"auto\"><\/div>\n<\/div>\n<div dir=\"auto\">\n<div dir=\"auto\" style=\"padding-left: 40px;\">-Organitzem, conjuntament amb l\u2019institut, activitats l\u00fadiques i festives per generar un bon ambient i cohesionar l&#8217;alumnat.<\/div>\n<div dir=\"auto\"><\/div>\n<div dir=\"auto\" style=\"padding-left: 40px;\">&#8211; Col\u00b7laborem amb l&#8217;institut en la gesti\u00f3 de comandes dels ecollibres d&#8217;Iddink.<\/div>\n<div dir=\"auto\"><\/div>\n<div dir=\"auto\" style=\"padding-left: 40px;\">&#8211; Representem les fam\u00edlies als consells escolars i som el principal enlla\u00e7 amb el centre.<\/div>\n<div dir=\"auto\"><\/div>\n<div dir=\"auto\" style=\"padding-left: 40px;\">&#8211; Proposem extraescolars<\/div>\n<div dir=\"auto\" style=\"padding-left: 40px;\">&#8211; Fem algun concurs de premi suculent <img loading=\"lazy\" decoding=\"async\" class=\"an1\" src=\"https:\/\/fonts.gstatic.com\/s\/e\/notoemoji\/14.0\/1f60f\/72.png\" alt=\"\ud83d\ude0f\" width=\"35\" height=\"35\" data-emoji=\"\ud83d\ude0f\" aria-label=\"\ud83d\ude0f\" \/><\/div>\n<div dir=\"auto\"><\/div>\n<div dir=\"auto\" style=\"padding-left: 40px;\">&#8211; Estem afiliats a la Federaci\u00f3 de Pares i Mares d&#8217;Alumnes d&#8217;Estudis no universitaris (FAPAES), que ens assessora legalment i ens aporta recursos formatius.<\/div>\n<div dir=\"auto\"><\/div>\n<div dir=\"auto\" style=\"padding-left: 40px;\">&#8211; Difonem informaci\u00f3 d&#8217;inter\u00e8s per a la comunitat educativa i per Piera.<\/div>\n<div dir=\"auto\"><\/div>\n<div dir=\"auto\" style=\"padding-left: 40px;\">&#8211; Els socis es beneficien de material escolar com carpetes o mascaretes.<\/div>\n<div dir=\"auto\"><\/div>\n<div dir=\"auto\" style=\"padding-left: 40px;\">&#8211; Aportem diners per elaborar la revista digital &#8221; Guinovarda Report&#8221;<\/div>\n<div dir=\"auto\"><\/div>\n<div dir=\"auto\" style=\"padding-left: 40px;\">&#8211; Subvencionem part de la dessuadora &#8216;de l&#8217;Insti&#8217;.<\/div>\n<div dir=\"auto\"><\/div>\n<div dir=\"auto\">En definitiva&#8230;<span style=\"color: #ff9900;\"><em>ajudem<\/em><\/span>. I m\u00e9s que volem fer-ho!<\/div>\n<div dir=\"auto\"><\/div>\n<div dir=\"auto\">Les fam\u00edlies tamb\u00e9 som part de la comunitat educativa i podem contribuir a la millora de la qualitat de l&#8217;ensenyament del nostre centre.<\/div>\n<\/div>\n<div dir=\"auto\" style=\"padding-left: 40px;\">\n<div dir=\"auto\"><\/div>\n<div dir=\"auto\"><\/div>\n<div dir=\"auto\">Vols formar-ne part? Escriu un mail amb les teves dades a la direcci\u00f3:<\/div>\n<h6 dir=\"auto\">\u00a0<a href=\"mailto:ampaguinovarda@gmail.com\" target=\"_blank\" rel=\"noopener\">ampaguinovarda@gmail.com<\/a><\/h6>\n<\/div>\n<div dir=\"auto\"><\/div>\n<div dir=\"auto\" style=\"text-align: right;\">Gr\u00e0cies a l&#8217;INS Guinovarda<\/div>\n<div dir=\"auto\" style=\"text-align: right;\">per cedir-nos aquest espai i<\/div>\n<div dir=\"auto\" style=\"text-align: right;\">poder-vos dir qu\u00e8 fem!<\/div>\n<\/div>\n<\/div>\n<div dir=\"auto\"><\/div>\n<div dir=\"auto\"><\/div>\n<div dir=\"auto\"><\/div>\n<div dir=\"auto\"><\/div>\n<div dir=\"auto\"><\/div>\n<div dir=\"auto\"><\/div>\n<h4 dir=\"auto\"><span style=\"color: #ff9900;\">ACTIVITATS DE L&#8217;AMPA<\/span><\/h4>\n<div dir=\"auto\"><\/div>\n<div dir=\"auto\"><span style=\"color: #ff6600;\"><strong>CONCURS AMPA SANT JORDI (2022)<\/strong><\/span><\/div>\n<p>&nbsp;<\/p>\n<div>Concurs que hem pensat des de l&#8217;AMPA pels alumnes de l&#8217;IES Guionovarda amb motiu de Sant Jordi:<\/div>\n<div><\/div>\n<div>Qu\u00e8 han de fer?<\/div>\n<div><\/div>\n<div>Un v\u00eddeo curt de tiktok\u00a0amb tem\u00e0tica de Sant Jordi, on aparegui l&#8217;alumne i en un lloc conegut de Piera<\/div>\n<div><\/div>\n<div>Requeriments?<\/div>\n<div>Entregues fIns al 15 de maig. S&#8217;ha de ser soci de l&#8217;AMPA (18\u20ac\/curs). M\u00e9s detalls a les bases.<\/div>\n<div><\/div>\n<div>Premis?<\/div>\n<div>Primer Premi: Patinet el\u00e8ctric.<\/div>\n<div>Segon Premi: val Amazon o PlayStation de 70\u20ac<\/div>\n<div>Tercer Premi: val Amazon o PlayStation de 30\u20ac<\/div>\n<div><\/div>\n<div>Les Bases del Concurs:<\/div>\n<div><\/div>\n<div><a href=\"https:\/\/docs.google.com\/document\/d\/1TtK8foaM0x_qyD7DY-ft-aHKehdCdyqavMpSG9rxTWo\/edit?usp=sharing\" target=\"_blank\" rel=\"noopener\" data-saferedirecturl=\"https:\/\/www.google.com\/url?q=https:\/\/docs.google.com\/document\/d\/1TtK8foaM0x_qyD7DY-ft-aHKehdCdyqavMpSG9rxTWo\/edit?usp%3Dsharing&amp;source=gmail&amp;ust=1650701817209000&amp;usg=AOvVaw2XYP-5o65dv_EKvS4UX_rW\">https:\/\/docs.google.com\/<wbr \/>document\/d\/1TtK8foaM0x_qyD7DY-<wbr \/>ft-aHKehdCdyqavMpSG9rxTWo\/<wbr \/>edit?usp=sharing<\/a><\/div>\n<div>\n<div><\/div>\n<\/div>\n<p>&nbsp;<\/p>\n<p><strong><span style=\"color: #ff6600;\">L&#8217;AMPA va guarnir l&#8217;entrada del centre per Nadal (2021-22)<\/span><\/strong><\/p>\n<p><a href=\"https:\/\/agora.xtec.cat\/iesguinovarda\/wp-content\/uploads\/usu579\/2021\/12\/IMG_20211216_080448-scaled.jpg\"><img loading=\"lazy\" decoding=\"async\" class=\"wp-image-2771 size-medium alignleft\" src=\"https:\/\/agora.xtec.cat\/iesguinovarda\/wp-content\/uploads\/usu579\/2021\/12\/IMG_20211216_080448-300x225.jpg\" alt=\"\" width=\"300\" height=\"225\" srcset=\"https:\/\/agora.xtec.cat\/iesguinovarda\/wp-content\/uploads\/usu579\/2021\/12\/IMG_20211216_080448-300x225.jpg 300w, https:\/\/agora.xtec.cat\/iesguinovarda\/wp-content\/uploads\/usu579\/2021\/12\/IMG_20211216_080448-1024x768.jpg 1024w, https:\/\/agora.xtec.cat\/iesguinovarda\/wp-content\/uploads\/usu579\/2021\/12\/IMG_20211216_080448-768x576.jpg 768w, https:\/\/agora.xtec.cat\/iesguinovarda\/wp-content\/uploads\/usu579\/2021\/12\/IMG_20211216_080448-1536x1152.jpg 1536w, https:\/\/agora.xtec.cat\/iesguinovarda\/wp-content\/uploads\/usu579\/2021\/12\/IMG_20211216_080448-2048x1536.jpg 2048w, https:\/\/agora.xtec.cat\/iesguinovarda\/wp-content\/uploads\/usu579\/2021\/12\/IMG_20211216_080448-200x150.jpg 200w\" sizes=\"auto, (max-width: 300px) 100vw, 300px\" \/><\/a><a href=\"https:\/\/agora.xtec.cat\/iesguinovarda\/wp-content\/uploads\/usu579\/2021\/12\/IMG_20211216_080416-scaled.jpg\"><img loading=\"lazy\" decoding=\"async\" class=\"aligncenter wp-image-2773 size-medium\" src=\"https:\/\/agora.xtec.cat\/iesguinovarda\/wp-content\/uploads\/usu579\/2021\/12\/IMG_20211216_080416-225x300.jpg\" alt=\"\" width=\"225\" height=\"300\" srcset=\"https:\/\/agora.xtec.cat\/iesguinovarda\/wp-content\/uploads\/usu579\/2021\/12\/IMG_20211216_080416-225x300.jpg 225w, https:\/\/agora.xtec.cat\/iesguinovarda\/wp-content\/uploads\/usu579\/2021\/12\/IMG_20211216_080416-766x1024.jpg 766w, https:\/\/agora.xtec.cat\/iesguinovarda\/wp-content\/uploads\/usu579\/2021\/12\/IMG_20211216_080416-768x1026.jpg 768w, https:\/\/agora.xtec.cat\/iesguinovarda\/wp-content\/uploads\/usu579\/2021\/12\/IMG_20211216_080416-1150x1536.jpg 1150w, https:\/\/agora.xtec.cat\/iesguinovarda\/wp-content\/uploads\/usu579\/2021\/12\/IMG_20211216_080416-1533x2048.jpg 1533w, https:\/\/agora.xtec.cat\/iesguinovarda\/wp-content\/uploads\/usu579\/2021\/12\/IMG_20211216_080416-scaled.jpg 1916w\" sizes=\"auto, (max-width: 225px) 100vw, 225px\" \/><\/a><\/p>\n","protected":false},"excerpt":{"rendered":"<p>PRESENTACI\u00d3<\/p>\n<p>L&#8217;AMPA o Associaci\u00f3 de Mares i Pares d&#8217;Alumnes de l&#8217;INS Guinovarda, est\u00e0 formada per un grup de fam\u00edlies volunt\u00e0ries amb l&#8217;objectiu de promoure la participaci\u00f3 de les fam\u00edlies en la vida de l\u2019escola i la implicaci\u00f3 activa en l\u2019educaci\u00f3 dels nostres fills i filles.<\/p>\n<p>Per una&hellip;  <a href=\"https:\/\/agora.xtec.cat\/iesguinovarda\/linstitut\/departaments\/\" title=\"Read AMPA\">Llegeix m\u00e9s\u00bb<\/a><\/p>\n","protected":false},"author":1,"featured_media":0,"parent":19,"menu_order":61,"comment_status":"closed","ping_status":"closed","template":"page-templates\/side-menu.php","meta":{"_bbp_topic_count":0,"_bbp_reply_count":0,"_bbp_total_topic_count":0,"_bbp_total_reply_count":0,"_bbp_voice_count":0,"_bbp_anonymous_reply_count":0,"_bbp_topic_count_hidden":0,"_bbp_reply_count_hidden":0,"_bbp_forum_subforum_count":0,"footnotes":""},"class_list":["post-530","page","type-page","status-publish","hentry"],"post_mailing_queue_ids":[],"_links":{"self":[{"href":"https:\/\/agora.xtec.cat\/iesguinovarda\/wp-json\/wp\/v2\/pages\/530","targetHints":{"allow":["GET"]}}],"collection":[{"href":"https:\/\/agora.xtec.cat\/iesguinovarda\/wp-json\/wp\/v2\/pages"}],"about":[{"href":"https:\/\/agora.xtec.cat\/iesguinovarda\/wp-json\/wp\/v2\/types\/page"}],"author":[{"embeddable":true,"href":"https:\/\/agora.xtec.cat\/iesguinovarda\/wp-json\/wp\/v2\/users\/1"}],"replies":[{"embeddable":true,"href":"https:\/\/agora.xtec.cat\/iesguinovarda\/wp-json\/wp\/v2\/comments?post=530"}],"version-history":[{"count":3,"href":"https:\/\/agora.xtec.cat\/iesguinovarda\/wp-json\/wp\/v2\/pages\/530\/revisions"}],"predecessor-version":[{"id":3534,"href":"https:\/\/agora.xtec.cat\/iesguinovarda\/wp-json\/wp\/v2\/pages\/530\/revisions\/3534"}],"up":[{"embeddable":true,"href":"https:\/\/agora.xtec.cat\/iesguinovarda\/wp-json\/wp\/v2\/pages\/19"}],"wp:attachment":[{"href":"https:\/\/agora.xtec.cat\/iesguinovarda\/wp-json\/wp\/v2\/media?parent=530"}],"curies":[{"name":"wp","href":"https:\/\/api.w.org\/{rel}","templated":true}]}}

<div class="gmail_quote">
<div dir="auto">
<h4 dir="auto"><span style="color: #ff9900;">PRESENTACIÓ</span></h4>
<div dir="auto"></div>
<div dir="auto">L&#8217;<strong><span style="color: #ff9900;">AMPA o Associació de Mares i Pares d&#8217;Alumnes de l&#8217;INS Guinovarda</span></strong>, està formada per un grup de famílies voluntàries amb l&#8217;objectiu de promoure la participació de les famílies en la vida de l’escola i la implicació activa en l’educació dels nostres fills i filles.</div>
<div dir="auto"></div>
<div dir="auto">
<div dir="auto">Per una quota de <strong><span style="color: #ff9900;">18€</span></strong> per curs:</div>
<div dir="auto"></div>
</div>
<div dir="auto">
<div dir="auto" style="padding-left: 40px;">-Organitzem, conjuntament amb l’institut, activitats lúdiques i festives per generar un bon ambient i cohesionar l&#8217;alumnat.</div>
<div dir="auto"></div>
<div dir="auto" style="padding-left: 40px;">&#8211; Col·laborem amb l&#8217;institut en la gestió de comandes dels ecollibres d&#8217;Iddink.</div>
<div dir="auto"></div>
<div dir="auto" style="padding-left: 40px;">&#8211; Representem les famílies als consells escolars i som el principal enllaç amb el centre.</div>
<div dir="auto"></div>
<div dir="auto" style="padding-left: 40px;">&#8211; Proposem extraescolars</div>
<div dir="auto" style="padding-left: 40px;">&#8211; Fem algun concurs de premi suculent <img loading="lazy" decoding="async" class="an1" src="https://fonts.gstatic.com/s/e/notoemoji/14.0/1f60f/72.png" alt="😏" width="35" height="35" data-emoji="😏" aria-label="😏" /></div>
<div dir="auto"></div>
<div dir="auto" style="padding-left: 40px;">&#8211; Estem afiliats a la Federació de Pares i Mares d&#8217;Alumnes d&#8217;Estudis no universitaris (FAPAES), que ens assessora legalment i ens aporta recursos formatius.</div>
<div dir="auto"></div>
<div dir="auto" style="padding-left: 40px;">&#8211; Difonem informació d&#8217;interès per a la comunitat educativa i per Piera.</div>
<div dir="auto"></div>
<div dir="auto" style="padding-left: 40px;">&#8211; Els socis es beneficien de material escolar com carpetes o mascaretes.</div>
<div dir="auto"></div>
<div dir="auto" style="padding-left: 40px;">&#8211; Aportem diners per elaborar la revista digital &#8221; Guinovarda Report&#8221;</div>
<div dir="auto"></div>
<div dir="auto" style="padding-left: 40px;">&#8211; Subvencionem part de la dessuadora &#8216;de l&#8217;Insti&#8217;.</div>
<div dir="auto"></div>
<div dir="auto">En definitiva&#8230;<span style="color: #ff9900;"><em>ajudem</em></span>. I més que volem fer-ho!</div>
<div dir="auto"></div>
<div dir="auto">Les famílies també som part de la comunitat educativa i podem contribuir a la millora de la qualitat de l&#8217;ensenyament del nostre centre.</div>
</div>
<div dir="auto" style="padding-left: 40px;">
<div dir="auto"></div>
<div dir="auto"></div>
<div dir="auto">Vols formar-ne part? Escriu un mail amb les teves dades a la direcció:</div>
<h6 dir="auto"> <a href="mailto:ampaguinovarda@gmail.com" target="_blank" rel="noopener">ampaguinovarda@gmail.com</a></h6>
</div>
<div dir="auto"></div>
<div dir="auto" style="text-align: right;">Gràcies a l&#8217;INS Guinovarda</div>
<div dir="auto" style="text-align: right;">per cedir-nos aquest espai i</div>
<div dir="auto" style="text-align: right;">poder-vos dir què fem!</div>
</div>
</div>
<div dir="auto"></div>
<div dir="auto"></div>
<div dir="auto"></div>
<div dir="auto"></div>
<div dir="auto"></div>
<div dir="auto"></div>
<h4 dir="auto"><span style="color: #ff9900;">ACTIVITATS DE L&#8217;AMPA</span></h4>
<div dir="auto"></div>
<div dir="auto"><span style="color: #ff6600;"><strong>CONCURS AMPA SANT JORDI (2022)</strong></span></div>
<p>&nbsp;</p>
<div>Concurs que hem pensat des de l&#8217;AMPA pels alumnes de l&#8217;IES Guionovarda amb motiu de Sant Jordi:</div>
<div></div>
<div>Què han de fer?</div>
<div></div>
<div>Un vídeo curt de tiktok amb temàtica de Sant Jordi, on aparegui l&#8217;alumne i en un lloc conegut de Piera</div>
<div></div>
<div>Requeriments?</div>
<div>Entregues fIns al 15 de maig. S&#8217;ha de ser soci de l&#8217;AMPA (18€/curs). Més detalls a les bases.</div>
<div></div>
<div>Premis?</div>
<div>Primer Premi: Patinet elèctric.</div>
<div>Segon Premi: val Amazon o PlayStation de 70€</div>
<div>Tercer Premi: val Amazon o PlayStation de 30€</div>
<div></div>
<div>Les Bases del Concurs:</div>
<div></div>
<div><a href="https://docs.google.com/document/d/1TtK8foaM0x_qyD7DY-ft-aHKehdCdyqavMpSG9rxTWo/edit?usp=sharing" target="_blank" rel="noopener" data-saferedirecturl="https://www.google.com/url?q=https://docs.google.com/document/d/1TtK8foaM0x_qyD7DY-ft-aHKehdCdyqavMpSG9rxTWo/edit?usp%3Dsharing&amp;source=gmail&amp;ust=1650701817209000&amp;usg=AOvVaw2XYP-5o65dv_EKvS4UX_rW">https://docs.google.com/<wbr />document/d/1TtK8foaM0x_qyD7DY-<wbr />ft-aHKehdCdyqavMpSG9rxTWo/<wbr />edit?usp=sharing</a></div>
<div>
<div></div>
</div>
<p>&nbsp;</p>
<p><strong><span style="color: #ff6600;">L&#8217;AMPA va guarnir l&#8217;entrada del centre per Nadal (2021-22)</span></strong></p>
<p><a href="https://agora.xtec.cat/iesguinovarda/wp-content/uploads/usu579/2021/12/IMG_20211216_080448-scaled.jpg"><img loading="lazy" decoding="async" class="wp-image-2771 size-medium alignleft" src="https://agora.xtec.cat/iesguinovarda/wp-content/uploads/usu579/2021/12/IMG_20211216_080448-300x225.jpg" alt="" width="300" height="225" srcset="https://agora.xtec.cat/iesguinovarda/wp-content/uploads/usu579/2021/12/IMG_20211216_080448-300x225.jpg 300w, https://agora.xtec.cat/iesguinovarda/wp-content/uploads/usu579/2021/12/IMG_20211216_080448-1024x768.jpg 1024w, https://agora.xtec.cat/iesguinovarda/wp-content/uploads/usu579/2021/12/IMG_20211216_080448-768x576.jpg 768w, https://agora.xtec.cat/iesguinovarda/wp-content/uploads/usu579/2021/12/IMG_20211216_080448-1536x1152.jpg 1536w, https://agora.xtec.cat/iesguinovarda/wp-content/uploads/usu579/2021/12/IMG_20211216_080448-2048x1536.jpg 2048w, https://agora.xtec.cat/iesguinovarda/wp-content/uploads/usu579/2021/12/IMG_20211216_080448-200x150.jpg 200w" sizes="auto, (max-width: 300px) 100vw, 300px" /></a><a href="https://agora.xtec.cat/iesguinovarda/wp-content/uploads/usu579/2021/12/IMG_20211216_080416-scaled.jpg"><img loading="lazy" decoding="async" class="aligncenter wp-image-2773 size-medium" src="https://agora.xtec.cat/iesguinovarda/wp-content/uploads/usu579/2021/12/IMG_20211216_080416-225x300.jpg" alt="" width="225" height="300" srcset="https://agora.xtec.cat/iesguinovarda/wp-content/uploads/usu579/2021/12/IMG_20211216_080416-225x300.jpg 225w, https://agora.xtec.cat/iesguinovarda/wp-content/uploads/usu579/2021/12/IMG_20211216_080416-766x1024.jpg 766w, https://agora.xtec.cat/iesguinovarda/wp-content/uploads/usu579/2021/12/IMG_20211216_080416-768x1026.jpg 768w, https://agora.xtec.cat/iesguinovarda/wp-content/uploads/usu579/2021/12/IMG_20211216_080416-1150x1536.jpg 1150w, https://agora.xtec.cat/iesguinovarda/wp-content/uploads/usu579/2021/12/IMG_20211216_080416-1533x2048.jpg 1533w, https://agora.xtec.cat/iesguinovarda/wp-content/uploads/usu579/2021/12/IMG_20211216_080416-scaled.jpg 1916w" sizes="auto, (max-width: 225px) 100vw, 225px" /></a></p>

<p>PRESENTACIÓ</p>
<p>L&#8217;AMPA o Associació de Mares i Pares d&#8217;Alumnes de l&#8217;INS Guinovarda, està formada per un grup de famílies voluntàries amb l&#8217;objectiu de promoure la participació de les famílies en la vida de l’escola i la implicació activa en l’educació dels nostres fills i filles.</p>
<p>Per una&hellip;  <a href="https://agora.xtec.cat/iesguinovarda/linstitut/departaments/" title="Read AMPA">Llegeix més»</a></p>
