{"id":4801,"date":"2024-04-17T12:28:08","date_gmt":"2024-04-17T10:28:08","guid":{"rendered":"https:\/\/agora.xtec.cat\/iesguinovarda\/?page_id=4801"},"modified":"2026-03-12T09:52:40","modified_gmt":"2026-03-12T08:52:40","slug":"activitats-comercials-perfil-professional-logistica","status":"publish","type":"page","link":"https:\/\/agora.xtec.cat\/iesguinovarda\/oferta-formativa-2\/cicles-formatius-de-grau-mitja\/activitats-comercials-perfil-professional-logistica\/","title":{"rendered":"Est\u00e8tica i Bellesa"},"content":{"rendered":"<h5><img loading=\"lazy\" decoding=\"async\" class=\"alignnone size-large wp-image-6150\" src=\"https:\/\/agora.xtec.cat\/iesguinovarda\/wp-content\/uploads\/usu579\/2026\/03\/estetica2-1024x251.png\" alt=\"\" width=\"1024\" height=\"251\" srcset=\"https:\/\/agora.xtec.cat\/iesguinovarda\/wp-content\/uploads\/usu579\/2026\/03\/estetica2-1024x251.png 1024w, https:\/\/agora.xtec.cat\/iesguinovarda\/wp-content\/uploads\/usu579\/2026\/03\/estetica2-300x74.png 300w, https:\/\/agora.xtec.cat\/iesguinovarda\/wp-content\/uploads\/usu579\/2026\/03\/estetica2-768x188.png 768w, https:\/\/agora.xtec.cat\/iesguinovarda\/wp-content\/uploads\/usu579\/2026\/03\/estetica2.png 1159w\" sizes=\"auto, (max-width: 1024px) 100vw, 1024px\" \/><\/h5>\n<p>&nbsp;<\/p>\n<p><strong>Continguts<\/strong><\/p>\n<p>\u2022 T\u00e8cniques d&#8217;higiene facial i corporal<br \/>\n\u2022 Maquillatge<br \/>\n\u2022 Depilaci\u00f3 mec\u00e0nica i descoloraci\u00f3 del borrissol<br \/>\n\u2022 Est\u00e8tica de mans i peus<br \/>\n\u2022 T\u00e8cniques d&#8217;ungles artificials<br \/>\n\u2022 An\u00e0lisi est\u00e8tica<br \/>\n\u2022 Activitats en cabina d&#8217;est\u00e8tica<br \/>\n\u2022 Imatge corporal i h\u00e0bits saludables<br \/>\n\u2022 Cosmetologia per a l&#8217;est\u00e8tica i bellesa<br \/>\n\u2022 Perfumeria i cosm\u00e8tica natural<br \/>\n\u2022 M\u00e0rqueting i venda en imatge personal<br \/>\n\u2022 Angl\u00e8s professional<br \/>\n\u2022 Digitalitzaci\u00f3 aplicada als sectors productius<br \/>\n\u2022 Sostenibilitat aplicada al sistema productiu<br \/>\n\u2022 Itinerari personal a l&#8217;ocupabilitat I<br \/>\n\u2022 Itinerari personal per a l&#8217;ocupabilitat II<br \/>\n\u2022 Projecte intermodular<br \/>\n\u2022 M\u00f2dul professional optatiu<\/p>\n<p>M\u00e9s informaci\u00f3 al seg\u00fcent enlla\u00e7: <a href=\"https:\/\/drive.google.com\/file\/d\/1i3_rGfZxvp6QQvtRLni10JQ0zZELNg8y\/view?usp=drive_link\" target=\"_blank\" rel=\"noopener\">Est\u00e8tica i Bellesa<\/a><\/p>\n<p>&nbsp;<\/p>\n<p>&nbsp;<\/p>\n","protected":false},"excerpt":{"rendered":"<p>&nbsp;<br \/>\nContinguts<br \/>\n\u2022 T\u00e8cniques d&#8217;higiene facial i corporal<br \/>\n\u2022 Maquillatge<br \/>\n\u2022 Depilaci\u00f3 mec\u00e0nica i descoloraci\u00f3 del borrissol<br \/>\n\u2022 Est\u00e8tica de mans i peus<br \/>\n\u2022 T\u00e8cniques d&#8217;ungles artificials<br \/>\n\u2022 An\u00e0lisi est\u00e8tica<br \/>\n\u2022 Activitats en cabina d&#8217;est\u00e8tica<br \/>\n\u2022 Imatge corporal i h\u00e0bits saludables<br \/>\n\u2022 Cosmetologia per a l&#8217;est\u00e8tica i bellesa<br \/>\n\u2022 Perfumeria i cosm\u00e8tica natural<br \/>\n\u2022 M\u00e0rqueting i venda&hellip;  <a href=\"https:\/\/agora.xtec.cat\/iesguinovarda\/oferta-formativa-2\/cicles-formatius-de-grau-mitja\/activitats-comercials-perfil-professional-logistica\/\" title=\"Read Est\u00e8tica i Bellesa\">Llegeix m\u00e9s\u00bb<\/a><\/p>\n","protected":false},"author":3,"featured_media":0,"parent":2187,"menu_order":3,"comment_status":"closed","ping_status":"closed","template":"page-templates\/side-menu.php","meta":{"_bbp_topic_count":0,"_bbp_reply_count":0,"_bbp_total_topic_count":0,"_bbp_total_reply_count":0,"_bbp_voice_count":0,"_bbp_anonymous_reply_count":0,"_bbp_topic_count_hidden":0,"_bbp_reply_count_hidden":0,"_bbp_forum_subforum_count":0,"footnotes":""},"class_list":["post-4801","page","type-page","status-publish","hentry"],"post_mailing_queue_ids":[],"_links":{"self":[{"href":"https:\/\/agora.xtec.cat\/iesguinovarda\/wp-json\/wp\/v2\/pages\/4801","targetHints":{"allow":["GET"]}}],"collection":[{"href":"https:\/\/agora.xtec.cat\/iesguinovarda\/wp-json\/wp\/v2\/pages"}],"about":[{"href":"https:\/\/agora.xtec.cat\/iesguinovarda\/wp-json\/wp\/v2\/types\/page"}],"author":[{"embeddable":true,"href":"https:\/\/agora.xtec.cat\/iesguinovarda\/wp-json\/wp\/v2\/users\/3"}],"replies":[{"embeddable":true,"href":"https:\/\/agora.xtec.cat\/iesguinovarda\/wp-json\/wp\/v2\/comments?post=4801"}],"version-history":[{"count":7,"href":"https:\/\/agora.xtec.cat\/iesguinovarda\/wp-json\/wp\/v2\/pages\/4801\/revisions"}],"predecessor-version":[{"id":6156,"href":"https:\/\/agora.xtec.cat\/iesguinovarda\/wp-json\/wp\/v2\/pages\/4801\/revisions\/6156"}],"up":[{"embeddable":true,"href":"https:\/\/agora.xtec.cat\/iesguinovarda\/wp-json\/wp\/v2\/pages\/2187"}],"wp:attachment":[{"href":"https:\/\/agora.xtec.cat\/iesguinovarda\/wp-json\/wp\/v2\/media?parent=4801"}],"curies":[{"name":"wp","href":"https:\/\/api.w.org\/{rel}","templated":true}]}}

Estètica i Bellesa

<h5><img loading="lazy" decoding="async" class="alignnone size-large wp-image-6150" src="https://agora.xtec.cat/iesguinovarda/wp-content/uploads/usu579/2026/03/estetica2-1024x251.png" alt="" width="1024" height="251" srcset="https://agora.xtec.cat/iesguinovarda/wp-content/uploads/usu579/2026/03/estetica2-1024x251.png 1024w, https://agora.xtec.cat/iesguinovarda/wp-content/uploads/usu579/2026/03/estetica2-300x74.png 300w, https://agora.xtec.cat/iesguinovarda/wp-content/uploads/usu579/2026/03/estetica2-768x188.png 768w, https://agora.xtec.cat/iesguinovarda/wp-content/uploads/usu579/2026/03/estetica2.png 1159w" sizes="auto, (max-width: 1024px) 100vw, 1024px" /></h5>
<p>&nbsp;</p>
<p><strong>Continguts</strong></p>
<p>• Tècniques d&#8217;higiene facial i corporal<br />
• Maquillatge<br />
• Depilació mecànica i descoloració del borrissol<br />
• Estètica de mans i peus<br />
• Tècniques d&#8217;ungles artificials<br />
• Anàlisi estètica<br />
• Activitats en cabina d&#8217;estètica<br />
• Imatge corporal i hàbits saludables<br />
• Cosmetologia per a l&#8217;estètica i bellesa<br />
• Perfumeria i cosmètica natural<br />
• Màrqueting i venda en imatge personal<br />
• Anglès professional<br />
• Digitalització aplicada als sectors productius<br />
• Sostenibilitat aplicada al sistema productiu<br />
• Itinerari personal a l&#8217;ocupabilitat I<br />
• Itinerari personal per a l&#8217;ocupabilitat II<br />
• Projecte intermodular<br />
• Mòdul professional optatiu</p>
<p>Més informació al següent enllaç: <a href="https://drive.google.com/file/d/1i3_rGfZxvp6QQvtRLni10JQ0zZELNg8y/view?usp=drive_link" target="_blank" rel="noopener">Estètica i Bellesa</a></p>
<p>&nbsp;</p>
<p>&nbsp;</p>

<p>&nbsp;<br />
Continguts<br />
• Tècniques d&#8217;higiene facial i corporal<br />
• Maquillatge<br />
• Depilació mecànica i descoloració del borrissol<br />
• Estètica de mans i peus<br />
• Tècniques d&#8217;ungles artificials<br />
• Anàlisi estètica<br />
• Activitats en cabina d&#8217;estètica<br />
• Imatge corporal i hàbits saludables<br />
• Cosmetologia per a l&#8217;estètica i bellesa<br />
• Perfumeria i cosmètica natural<br />
• Màrqueting i venda&hellip;  <a href="https://agora.xtec.cat/iesguinovarda/oferta-formativa-2/cicles-formatius-de-grau-mitja/activitats-comercials-perfil-professional-logistica/" title="Read Estètica i Bellesa">Llegeix més»</a></p>
