{"id":27,"date":"2014-09-17T16:24:03","date_gmt":"2014-09-17T16:24:03","guid":{"rendered":"http:\/\/agora.xtec.cat\/iesguinovarda\/?page_id=27"},"modified":"2019-06-17T08:21:44","modified_gmt":"2019-06-17T06:21:44","slug":"historia","status":"publish","type":"page","link":"https:\/\/agora.xtec.cat\/iesguinovarda\/linstitut\/historia\/","title":{"rendered":"Hist\u00f2ria"},"content":{"rendered":"<p style=\"text-align: center;\"><strong>HIST\u00d2RIA I CONTEXT<\/strong><\/p>\n<p style=\"text-align: justify;\">L&#8217;INS Guinovarda va comen\u00e7ar a funcionar el curs 95\/96 amb el nom d&#8217;INS Piera. Va comen\u00e7ar amb 3 grups de 3r d&#8217;ESO. El seu naixement va respondre a una necessitat educativa en aquesta zona, on els alumnes s&#8217;havien de despla\u00e7ar a Centres d&#8217;altres localitats m\u00e9s llunyanes: Capellades, Martorell, Igualada o fins i tot a Centres privats i\/o concertats: E. A. Api\u00e0ria (Piera), Sant Josep (Sant Sadurn\u00ed d&#8217;Anoia), etc.<\/p>\n<p style=\"text-align: justify;\">El curs 2012\/2013 es va implantar el primer cicle formatiu de grau mig de T\u00e8cnic en Atenci\u00f3 a Persones en Situaci\u00f3 de Depend\u00e8ncia (TAPSD).<\/p>\n<p style=\"text-align: justify;\">El curs 2014\/2015 es va implantar el cicle formatiu tamb\u00e9 de grau mitj\u00e0 de Sistemes Microinform\u00e0tics i Xarxes (SMX)<\/p>\n<p style=\"text-align: justify;\">Per tant, en l&#8217;actualitat al Centre es fan els quatre nivells d&#8217;ESO, el batxillerat modalitats de ci\u00e8ncies i tecnologia i d&#8217;humanitats i ci\u00e8ncies socials i dos cicles formatius de grau mitj\u00e0, TAPSD i SMX.<\/p>\n<p style=\"text-align: justify;\">L&#8217;Institut Guinovarda es troba situat a la vila de Piera amb prop de 15.000 habitants, concretament al carrer Pompeu Fabra n\u00fam. 17, en el barri de La Plana. El terme municipal pierenc consta del poble de Piera i de 20 urbanitzacions, aix\u00f2 fa que tingui unes caracter\u00edstiques molt especials i peculiars.<\/p>\n<p style=\"text-align: justify;\">D&#8217;entrada les urbanitzacions es troben for\u00e7a a\u00efllades del nucli urb\u00e0 i en moltes ocasions mancades de serveis sanitaris, comercials, de lleure i esportius, i de transport, la qual cosa fa indispensable el trasllat en cotxe particular i dificulta, molt m\u00e9s que en altres centres d&#8217;educaci\u00f3, la comunicaci\u00f3 presencial pares &#8211; institut i la pr\u00f2pia mobilitat dels alumnes cap al nucli urb\u00e0 i l&#8217;acc\u00e9s normal als serveis de biblioteca, lleure i esports del poble.<\/p>\n<p style=\"text-align: justify;\">A m\u00e9s, les responsabilitats laborals que tenen molts pares i mares lluny de Piera tamb\u00e9 fa que aquesta comunicaci\u00f3 sigui dif\u00edcil i fa disminuir notablement les possibilitats d&#8217;atenci\u00f3 cap als seus fills, fet que comporta un potencial risc social.<\/p>\n<p style=\"text-align: justify;\">Una de les caracter\u00edstiques del municipi on es troba el nostre institut \u00e9s l&#8217;exist\u00e8ncia d&#8217;una matr\u00edcula viva durant el curs com a conseq\u00fc\u00e8ncia del fet que moltes fam\u00edlies de les rodalies de Barcelona v\u00e9nen a viure definitivament a la casa d&#8217;estiueig que tenien aqu\u00ed a Piera per raons familiars, econ\u00f2miques i laborals, sobretot degut a la situaci\u00f3 actual de crisi econ\u00f2mica.<\/p>\n<p style=\"text-align: justify;\">Per les caracter\u00edstiques del municipi el centre dep\u00e8n del transport escolar, la qual cosa dificulta molt el fet de poder oferir activitats extraescolars.<\/p>\n<p style=\"text-align: center;\"><strong>CENTRES DE PROCED\u00c8NCIA DE L&#8217;ALUMNAT<\/strong><\/p>\n<p style=\"text-align: justify;\">Tal i com ja s&#8217;ha dit, el municipi de Piera consta de 20 urbanitzacions a m\u00e9s del nucli urb\u00e0. Ca n&#8217;Aguilera, Can Bou, el Bedorc, can Canals, La Fortesa, can Creixell, can Mas, can Mart\u00ed, Bosc de l&#8217;\u00c0liga, can Bonastre, can Claramunt, can Mart\u00ed de l&#8217;Estela, can Mata, Castell de la Ventosa, la Grua, Sant Jaume Sesoliveres, Sant Jordi, Vallbonica, la Venta i Can Mossarro i can Cairot.<\/p>\n<p style=\"text-align: justify;\">A l&#8217;ESO, l&#8217;INS Guinovarda es nodreix principalment dels alumnes d&#8217;aquestes les urbanitzacions, ja que els del nucli urb\u00e0 de Piera provinents de l&#8217;Escola Les Flandes van al SI Salvador Claramunt, situat al casc antic del poble.<\/p>\n<p style=\"text-align: justify;\">Les escoles de prim\u00e0ria d&#8217;on procedeixen el nostres alumnes s\u00f3n els Herois del Bruc, Escola Creix\u00e0 i Escola Renaixen\u00e7a (situada la Hostalets de Pierola).<\/p>\n<p style=\"text-align: justify;\">Al batxillerat la proced\u00e8ncia dels alumnes \u00e9s m\u00e9s diversa, ja que s&#8217;ajunten els alumnes que han fet l&#8217;ESO al Guinovarda, amb els que venen de l&#8217;E.A. Api\u00e0ria (concertada) i del SI Salvador Claramunt, a part d&#8217;algun de alumne de Masquefa o Vallbona.<\/p>\n<p style=\"text-align: justify;\">Als cicles formatius la proced\u00e8ncia \u00e9s encara m\u00e9s variada ja que s&#8217;amplia als municipis ve\u00efns (Masquefa, Vallbona, Capellades, Martorell&#8230;) i els alumnes s\u00f3n procedents de l&#8217;ESO, o que hi accedeixen a trav\u00e9s de la prova d&#8217;acc\u00e9s (des d&#8217;un PFI, directament de l&#8217;ESO sense graduat o altres que fa temps que estaven desconnectats del sistema educatiu).<\/p>\n","protected":false},"excerpt":{"rendered":"<p>HIST\u00d2RIA I CONTEXT<br \/>\nL&#8217;INS Guinovarda va comen\u00e7ar a funcionar el curs 95\/96 amb el nom d&#8217;INS Piera. Va comen\u00e7ar amb 3 grups de 3r d&#8217;ESO. El seu naixement va respondre a una necessitat educativa en aquesta zona, on els alumnes s&#8217;havien de despla\u00e7ar a Centres d&#8217;altres&hellip;  <a href=\"https:\/\/agora.xtec.cat\/iesguinovarda\/linstitut\/historia\/\" title=\"Read Hist\u00f2ria\">Llegeix m\u00e9s\u00bb<\/a><\/p>\n","protected":false},"author":1,"featured_media":0,"parent":19,"menu_order":20,"comment_status":"closed","ping_status":"closed","template":"page-templates\/side-menu.php","meta":{"_bbp_topic_count":0,"_bbp_reply_count":0,"_bbp_total_topic_count":0,"_bbp_total_reply_count":0,"_bbp_voice_count":0,"_bbp_anonymous_reply_count":0,"_bbp_topic_count_hidden":0,"_bbp_reply_count_hidden":0,"_bbp_forum_subforum_count":0,"footnotes":""},"class_list":["post-27","page","type-page","status-publish","hentry"],"post_mailing_queue_ids":[],"_links":{"self":[{"href":"https:\/\/agora.xtec.cat\/iesguinovarda\/wp-json\/wp\/v2\/pages\/27","targetHints":{"allow":["GET"]}}],"collection":[{"href":"https:\/\/agora.xtec.cat\/iesguinovarda\/wp-json\/wp\/v2\/pages"}],"about":[{"href":"https:\/\/agora.xtec.cat\/iesguinovarda\/wp-json\/wp\/v2\/types\/page"}],"author":[{"embeddable":true,"href":"https:\/\/agora.xtec.cat\/iesguinovarda\/wp-json\/wp\/v2\/users\/1"}],"replies":[{"embeddable":true,"href":"https:\/\/agora.xtec.cat\/iesguinovarda\/wp-json\/wp\/v2\/comments?post=27"}],"version-history":[{"count":1,"href":"https:\/\/agora.xtec.cat\/iesguinovarda\/wp-json\/wp\/v2\/pages\/27\/revisions"}],"predecessor-version":[{"id":521,"href":"https:\/\/agora.xtec.cat\/iesguinovarda\/wp-json\/wp\/v2\/pages\/27\/revisions\/521"}],"up":[{"embeddable":true,"href":"https:\/\/agora.xtec.cat\/iesguinovarda\/wp-json\/wp\/v2\/pages\/19"}],"wp:attachment":[{"href":"https:\/\/agora.xtec.cat\/iesguinovarda\/wp-json\/wp\/v2\/media?parent=27"}],"curies":[{"name":"wp","href":"https:\/\/api.w.org\/{rel}","templated":true}]}}

Història

<p style="text-align: center;"><strong>HISTÒRIA I CONTEXT</strong></p>
<p style="text-align: justify;">L&#8217;INS Guinovarda va començar a funcionar el curs 95/96 amb el nom d&#8217;INS Piera. Va començar amb 3 grups de 3r d&#8217;ESO. El seu naixement va respondre a una necessitat educativa en aquesta zona, on els alumnes s&#8217;havien de desplaçar a Centres d&#8217;altres localitats més llunyanes: Capellades, Martorell, Igualada o fins i tot a Centres privats i/o concertats: E. A. Apiària (Piera), Sant Josep (Sant Sadurní d&#8217;Anoia), etc.</p>
<p style="text-align: justify;">El curs 2012/2013 es va implantar el primer cicle formatiu de grau mig de Tècnic en Atenció a Persones en Situació de Dependència (TAPSD).</p>
<p style="text-align: justify;">El curs 2014/2015 es va implantar el cicle formatiu també de grau mitjà de Sistemes Microinformàtics i Xarxes (SMX)</p>
<p style="text-align: justify;">Per tant, en l&#8217;actualitat al Centre es fan els quatre nivells d&#8217;ESO, el batxillerat modalitats de ciències i tecnologia i d&#8217;humanitats i ciències socials i dos cicles formatius de grau mitjà, TAPSD i SMX.</p>
<p style="text-align: justify;">L&#8217;Institut Guinovarda es troba situat a la vila de Piera amb prop de 15.000 habitants, concretament al carrer Pompeu Fabra núm. 17, en el barri de La Plana. El terme municipal pierenc consta del poble de Piera i de 20 urbanitzacions, això fa que tingui unes característiques molt especials i peculiars.</p>
<p style="text-align: justify;">D&#8217;entrada les urbanitzacions es troben força aïllades del nucli urbà i en moltes ocasions mancades de serveis sanitaris, comercials, de lleure i esportius, i de transport, la qual cosa fa indispensable el trasllat en cotxe particular i dificulta, molt més que en altres centres d&#8217;educació, la comunicació presencial pares &#8211; institut i la pròpia mobilitat dels alumnes cap al nucli urbà i l&#8217;accés normal als serveis de biblioteca, lleure i esports del poble.</p>
<p style="text-align: justify;">A més, les responsabilitats laborals que tenen molts pares i mares lluny de Piera també fa que aquesta comunicació sigui difícil i fa disminuir notablement les possibilitats d&#8217;atenció cap als seus fills, fet que comporta un potencial risc social.</p>
<p style="text-align: justify;">Una de les característiques del municipi on es troba el nostre institut és l&#8217;existència d&#8217;una matrícula viva durant el curs com a conseqüència del fet que moltes famílies de les rodalies de Barcelona vénen a viure definitivament a la casa d&#8217;estiueig que tenien aquí a Piera per raons familiars, econòmiques i laborals, sobretot degut a la situació actual de crisi econòmica.</p>
<p style="text-align: justify;">Per les característiques del municipi el centre depèn del transport escolar, la qual cosa dificulta molt el fet de poder oferir activitats extraescolars.</p>
<p style="text-align: center;"><strong>CENTRES DE PROCEDÈNCIA DE L&#8217;ALUMNAT</strong></p>
<p style="text-align: justify;">Tal i com ja s&#8217;ha dit, el municipi de Piera consta de 20 urbanitzacions a més del nucli urbà. Ca n&#8217;Aguilera, Can Bou, el Bedorc, can Canals, La Fortesa, can Creixell, can Mas, can Martí, Bosc de l&#8217;Àliga, can Bonastre, can Claramunt, can Martí de l&#8217;Estela, can Mata, Castell de la Ventosa, la Grua, Sant Jaume Sesoliveres, Sant Jordi, Vallbonica, la Venta i Can Mossarro i can Cairot.</p>
<p style="text-align: justify;">A l&#8217;ESO, l&#8217;INS Guinovarda es nodreix principalment dels alumnes d&#8217;aquestes les urbanitzacions, ja que els del nucli urbà de Piera provinents de l&#8217;Escola Les Flandes van al SI Salvador Claramunt, situat al casc antic del poble.</p>
<p style="text-align: justify;">Les escoles de primària d&#8217;on procedeixen el nostres alumnes són els Herois del Bruc, Escola Creixà i Escola Renaixença (situada la Hostalets de Pierola).</p>
<p style="text-align: justify;">Al batxillerat la procedència dels alumnes és més diversa, ja que s&#8217;ajunten els alumnes que han fet l&#8217;ESO al Guinovarda, amb els que venen de l&#8217;E.A. Apiària (concertada) i del SI Salvador Claramunt, a part d&#8217;algun de alumne de Masquefa o Vallbona.</p>
<p style="text-align: justify;">Als cicles formatius la procedència és encara més variada ja que s&#8217;amplia als municipis veïns (Masquefa, Vallbona, Capellades, Martorell&#8230;) i els alumnes són procedents de l&#8217;ESO, o que hi accedeixen a través de la prova d&#8217;accés (des d&#8217;un PFI, directament de l&#8217;ESO sense graduat o altres que fa temps que estaven desconnectats del sistema educatiu).</p>

<p>HISTÒRIA I CONTEXT<br />
L&#8217;INS Guinovarda va començar a funcionar el curs 95/96 amb el nom d&#8217;INS Piera. Va començar amb 3 grups de 3r d&#8217;ESO. El seu naixement va respondre a una necessitat educativa en aquesta zona, on els alumnes s&#8217;havien de desplaçar a Centres d&#8217;altres&hellip;  <a href="https://agora.xtec.cat/iesguinovarda/linstitut/historia/" title="Read Història">Llegeix més»</a></p>
