{"id":2252,"date":"2021-04-19T08:33:16","date_gmt":"2021-04-19T06:33:16","guid":{"rendered":"https:\/\/agora.xtec.cat\/iesguinovarda\/?page_id=2252"},"modified":"2026-03-12T10:18:13","modified_gmt":"2026-03-12T09:18:13","slug":"sistemes-microinformatics-i-xarxes-smx","status":"publish","type":"page","link":"https:\/\/agora.xtec.cat\/iesguinovarda\/oferta-formativa-2\/cicles-formatius-de-grau-mitja\/sistemes-microinformatics-i-xarxes-smx\/","title":{"rendered":"Sistemes microinform\u00e0tics i xarxes (SMX)"},"content":{"rendered":"<h5><strong><img loading=\"lazy\" decoding=\"async\" class=\"alignnone size-full wp-image-4816\" src=\"https:\/\/agora.xtec.cat\/iesguinovarda\/wp-content\/uploads\/usu579\/2024\/04\/CFPM____IC10_CA_page-0001.jpg\" alt=\"\" width=\"700\" height=\"158\" srcset=\"https:\/\/agora.xtec.cat\/iesguinovarda\/wp-content\/uploads\/usu579\/2024\/04\/CFPM____IC10_CA_page-0001.jpg 700w, https:\/\/agora.xtec.cat\/iesguinovarda\/wp-content\/uploads\/usu579\/2024\/04\/CFPM____IC10_CA_page-0001-300x68.jpg 300w\" sizes=\"auto, (max-width: 700px) 100vw, 700px\" \/>\u00a0<\/strong><\/h5>\n<p>&nbsp;<\/p>\n<p><strong>Continguts<\/strong><\/p>\n<p>\u2022 Muntatge i manteniment d&#8217;equips<br \/>\n\u2022 Sistemes operatius monolloc<br \/>\n\u2022 Aplicacions ofim\u00e0tiques<br \/>\n\u2022 Sistemes operatius en xarxa<br \/>\n\u2022 Xarxes locals<br \/>\n\u2022 Seguretat inform\u00e0tica<br \/>\n\u2022 Serveis de xarxa<br \/>\n\u2022 Aplicacions web<br \/>\n\u2022 Angl\u00e8s professional<br \/>\n\u2022 Digitalitzaci\u00f3 aplicada als sectors productius<br \/>\n\u2022 Sostenibilitat aplicada al sistema productiu<br \/>\n\u2022 Itinerari personal per a l&#8217;ocupabilitat I<br \/>\n\u2022 Itinerari personal per a l&#8217;ocupabilitat II<br \/>\n\u2022 Projecte intermodular<br \/>\n\u2022 M\u00f2dul professional optatiu<\/p>\n<p>M\u00e9s informaci\u00f3 al seg\u00fcent enlla\u00e7:\u00a0<a href=\"https:\/\/drive.google.com\/file\/d\/19Y4KWVVOnkNT-F1u5H4DOJhVciRzUs_B\/view?usp=drive_link\" target=\"_blank\" rel=\"noopener\">Sistemes Microinform\u00e0tics i Xarxes<\/a><\/p>\n","protected":false},"excerpt":{"rendered":"<p>\u00a0<br \/>\n&nbsp;<br \/>\nContinguts<br \/>\n\u2022 Muntatge i manteniment d&#8217;equips<br \/>\n\u2022 Sistemes operatius monolloc<br \/>\n\u2022 Aplicacions ofim\u00e0tiques<br \/>\n\u2022 Sistemes operatius en xarxa<br \/>\n\u2022 Xarxes locals<br \/>\n\u2022 Seguretat inform\u00e0tica<br \/>\n\u2022 Serveis de xarxa<br \/>\n\u2022 Aplicacions web<br \/>\n\u2022 Angl\u00e8s professional<br \/>\n\u2022 Digitalitzaci\u00f3 aplicada als sectors productius<br \/>\n\u2022 Sostenibilitat aplicada al sistema productiu<br \/>\n\u2022 Itinerari personal per a l&#8217;ocupabilitat I<br \/>\n\u2022 Itinerari personal per a&hellip;  <a href=\"https:\/\/agora.xtec.cat\/iesguinovarda\/oferta-formativa-2\/cicles-formatius-de-grau-mitja\/sistemes-microinformatics-i-xarxes-smx\/\" title=\"Read Sistemes microinform\u00e0tics i xarxes (SMX)\">Llegeix m\u00e9s\u00bb<\/a><\/p>\n","protected":false},"author":1,"featured_media":0,"parent":2187,"menu_order":0,"comment_status":"closed","ping_status":"closed","template":"page-templates\/side-menu.php","meta":{"_bbp_topic_count":0,"_bbp_reply_count":0,"_bbp_total_topic_count":0,"_bbp_total_reply_count":0,"_bbp_voice_count":0,"_bbp_anonymous_reply_count":0,"_bbp_topic_count_hidden":0,"_bbp_reply_count_hidden":0,"_bbp_forum_subforum_count":0,"footnotes":""},"class_list":["post-2252","page","type-page","status-publish","hentry"],"post_mailing_queue_ids":[],"_links":{"self":[{"href":"https:\/\/agora.xtec.cat\/iesguinovarda\/wp-json\/wp\/v2\/pages\/2252","targetHints":{"allow":["GET"]}}],"collection":[{"href":"https:\/\/agora.xtec.cat\/iesguinovarda\/wp-json\/wp\/v2\/pages"}],"about":[{"href":"https:\/\/agora.xtec.cat\/iesguinovarda\/wp-json\/wp\/v2\/types\/page"}],"author":[{"embeddable":true,"href":"https:\/\/agora.xtec.cat\/iesguinovarda\/wp-json\/wp\/v2\/users\/1"}],"replies":[{"embeddable":true,"href":"https:\/\/agora.xtec.cat\/iesguinovarda\/wp-json\/wp\/v2\/comments?post=2252"}],"version-history":[{"count":6,"href":"https:\/\/agora.xtec.cat\/iesguinovarda\/wp-json\/wp\/v2\/pages\/2252\/revisions"}],"predecessor-version":[{"id":6169,"href":"https:\/\/agora.xtec.cat\/iesguinovarda\/wp-json\/wp\/v2\/pages\/2252\/revisions\/6169"}],"up":[{"embeddable":true,"href":"https:\/\/agora.xtec.cat\/iesguinovarda\/wp-json\/wp\/v2\/pages\/2187"}],"wp:attachment":[{"href":"https:\/\/agora.xtec.cat\/iesguinovarda\/wp-json\/wp\/v2\/media?parent=2252"}],"curies":[{"name":"wp","href":"https:\/\/api.w.org\/{rel}","templated":true}]}}