{"id":2249,"date":"2021-04-19T08:32:21","date_gmt":"2021-04-19T06:32:21","guid":{"rendered":"https:\/\/agora.xtec.cat\/iesguinovarda\/?page_id=2249"},"modified":"2026-03-12T10:17:29","modified_gmt":"2026-03-12T09:17:29","slug":"atencio-a-persones-en-situacio-de-dependencia-tapsd","status":"publish","type":"page","link":"https:\/\/agora.xtec.cat\/iesguinovarda\/oferta-formativa-2\/cicles-formatius-de-grau-mitja\/atencio-a-persones-en-situacio-de-dependencia-tapsd\/","title":{"rendered":"Atenci\u00f3 a persones en situaci\u00f3 de depend\u00e8ncia (TAPSD)"},"content":{"rendered":"<h5><strong> <img loading=\"lazy\" decoding=\"async\" class=\"alignnone size-full wp-image-4811\" src=\"https:\/\/agora.xtec.cat\/iesguinovarda\/wp-content\/uploads\/usu579\/2024\/04\/CFPM____SC10_CA_page-0001.jpg\" alt=\"\" width=\"700\" height=\"156\" srcset=\"https:\/\/agora.xtec.cat\/iesguinovarda\/wp-content\/uploads\/usu579\/2024\/04\/CFPM____SC10_CA_page-0001.jpg 700w, https:\/\/agora.xtec.cat\/iesguinovarda\/wp-content\/uploads\/usu579\/2024\/04\/CFPM____SC10_CA_page-0001-300x67.jpg 300w\" sizes=\"auto, (max-width: 700px) 100vw, 700px\" \/><\/strong><\/h5>\n<p>&nbsp;<\/p>\n<p><strong>Continguts<\/strong><\/p>\n<p>\u2022 Organitzaci\u00f3 de l&#8217;atenci\u00f3 a les persones en situaci\u00f3 de depend\u00e8ncia<br \/>\n\u2022\u00a0 Destreses socials<br \/>\n\u2022 Caracter\u00edstiques i necessitats de les persones en situaci\u00f3 de depend\u00e8ncia<br \/>\n\u2022 Atenci\u00f3 i suport psicosocial<br \/>\n\u2022 Suport en la comunicaci\u00f3<br \/>\n\u2022 Suport domiciliari<br \/>\n\u2022 Atenci\u00f3 sanit\u00e0ria<br \/>\n\u2022 Atenci\u00f3 higi\u00e8nica<br \/>\n\u2022 Teleassist\u00e8ncia<br \/>\n\u2022 Primers Auxilis<br \/>\n\u2022 Catal\u00e0\/Aran\u00e8s Professional<br \/>\n\u2022 Angl\u00e8s professional<br \/>\n\u2022 Digitalitzaci\u00f3 aplicada als sectors productius<br \/>\n\u2022 Sostenibilitat aplicada al sistema productiu<br \/>\n\u2022 Itinerari personal per a l&#8217;ocupabilitat I<br \/>\n\u2022 Itinerari personal per a l&#8217;ocupabilitat II<br \/>\n\u2022 Projecte intermodular<br \/>\n\u2022 M\u00f2dul professional optatiu<\/p>\n<p>M\u00e9s informaci\u00f3 al seg\u00fcent enlla\u00e7:\u00a0<a href=\"https:\/\/drive.google.com\/file\/d\/1nt8zpP_35IQC8s7Uwd_drc-CervNyp9s\/view?usp=drive_link\" target=\"_blank\" rel=\"noopener\">Atenci\u00f3 a Persones en Situaci\u00f3 de Depend\u00e8ncia<\/a><\/p>\n<p>&nbsp;<\/p>\n<div class=\"entry-content\">\n<p>&nbsp;<\/p>\n<\/div>\n","protected":false},"excerpt":{"rendered":"<p>\n&nbsp;<br \/>\nContinguts<br \/>\n\u2022 Organitzaci\u00f3 de l&#8217;atenci\u00f3 a les persones en situaci\u00f3 de depend\u00e8ncia<br \/>\n\u2022\u00a0 Destreses socials<br \/>\n\u2022 Caracter\u00edstiques i necessitats de les persones en situaci\u00f3 de depend\u00e8ncia<br \/>\n\u2022 Atenci\u00f3 i suport psicosocial<br \/>\n\u2022 Suport en la comunicaci\u00f3<br \/>\n\u2022 Suport domiciliari<br \/>\n\u2022 Atenci\u00f3 sanit\u00e0ria<br \/>\n\u2022 Atenci\u00f3 higi\u00e8nica<br \/>\n\u2022 Teleassist\u00e8ncia<br \/>\n\u2022 Primers Auxilis<br \/>\n\u2022 Catal\u00e0\/Aran\u00e8s Professional<br \/>\n\u2022 Angl\u00e8s professional<br \/>\n\u2022&hellip;  <a href=\"https:\/\/agora.xtec.cat\/iesguinovarda\/oferta-formativa-2\/cicles-formatius-de-grau-mitja\/atencio-a-persones-en-situacio-de-dependencia-tapsd\/\" title=\"Read Atenci\u00f3 a persones en situaci\u00f3 de depend\u00e8ncia (TAPSD)\">Llegeix m\u00e9s\u00bb<\/a><\/p>\n","protected":false},"author":1,"featured_media":0,"parent":2187,"menu_order":0,"comment_status":"closed","ping_status":"closed","template":"page-templates\/side-menu.php","meta":{"_bbp_topic_count":0,"_bbp_reply_count":0,"_bbp_total_topic_count":0,"_bbp_total_reply_count":0,"_bbp_voice_count":0,"_bbp_anonymous_reply_count":0,"_bbp_topic_count_hidden":0,"_bbp_reply_count_hidden":0,"_bbp_forum_subforum_count":0,"footnotes":""},"class_list":["post-2249","page","type-page","status-publish","hentry"],"post_mailing_queue_ids":[],"_links":{"self":[{"href":"https:\/\/agora.xtec.cat\/iesguinovarda\/wp-json\/wp\/v2\/pages\/2249","targetHints":{"allow":["GET"]}}],"collection":[{"href":"https:\/\/agora.xtec.cat\/iesguinovarda\/wp-json\/wp\/v2\/pages"}],"about":[{"href":"https:\/\/agora.xtec.cat\/iesguinovarda\/wp-json\/wp\/v2\/types\/page"}],"author":[{"embeddable":true,"href":"https:\/\/agora.xtec.cat\/iesguinovarda\/wp-json\/wp\/v2\/users\/1"}],"replies":[{"embeddable":true,"href":"https:\/\/agora.xtec.cat\/iesguinovarda\/wp-json\/wp\/v2\/comments?post=2249"}],"version-history":[{"count":6,"href":"https:\/\/agora.xtec.cat\/iesguinovarda\/wp-json\/wp\/v2\/pages\/2249\/revisions"}],"predecessor-version":[{"id":6168,"href":"https:\/\/agora.xtec.cat\/iesguinovarda\/wp-json\/wp\/v2\/pages\/2249\/revisions\/6168"}],"up":[{"embeddable":true,"href":"https:\/\/agora.xtec.cat\/iesguinovarda\/wp-json\/wp\/v2\/pages\/2187"}],"wp:attachment":[{"href":"https:\/\/agora.xtec.cat\/iesguinovarda\/wp-json\/wp\/v2\/media?parent=2249"}],"curies":[{"name":"wp","href":"https:\/\/api.w.org\/{rel}","templated":true}]}}

Atenció a persones en situació de dependència (TAPSD)

<h5><strong> <img loading="lazy" decoding="async" class="alignnone size-full wp-image-4811" src="https://agora.xtec.cat/iesguinovarda/wp-content/uploads/usu579/2024/04/CFPM____SC10_CA_page-0001.jpg" alt="" width="700" height="156" srcset="https://agora.xtec.cat/iesguinovarda/wp-content/uploads/usu579/2024/04/CFPM____SC10_CA_page-0001.jpg 700w, https://agora.xtec.cat/iesguinovarda/wp-content/uploads/usu579/2024/04/CFPM____SC10_CA_page-0001-300x67.jpg 300w" sizes="auto, (max-width: 700px) 100vw, 700px" /></strong></h5>
<p>&nbsp;</p>
<p><strong>Continguts</strong></p>
<p>• Organització de l&#8217;atenció a les persones en situació de dependència<br />
•  Destreses socials<br />
• Característiques i necessitats de les persones en situació de dependència<br />
• Atenció i suport psicosocial<br />
• Suport en la comunicació<br />
• Suport domiciliari<br />
• Atenció sanitària<br />
• Atenció higiènica<br />
• Teleassistència<br />
• Primers Auxilis<br />
• Català/Aranès Professional<br />
• Anglès professional<br />
• Digitalització aplicada als sectors productius<br />
• Sostenibilitat aplicada al sistema productiu<br />
• Itinerari personal per a l&#8217;ocupabilitat I<br />
• Itinerari personal per a l&#8217;ocupabilitat II<br />
• Projecte intermodular<br />
• Mòdul professional optatiu</p>
<p>Més informació al següent enllaç: <a href="https://drive.google.com/file/d/1nt8zpP_35IQC8s7Uwd_drc-CervNyp9s/view?usp=drive_link" target="_blank" rel="noopener">Atenció a Persones en Situació de Dependència</a></p>
<p>&nbsp;</p>
<div class="entry-content">
<p>&nbsp;</p>
</div>

<p>
&nbsp;<br />
Continguts<br />
• Organització de l&#8217;atenció a les persones en situació de dependència<br />
•  Destreses socials<br />
• Característiques i necessitats de les persones en situació de dependència<br />
• Atenció i suport psicosocial<br />
• Suport en la comunicació<br />
• Suport domiciliari<br />
• Atenció sanitària<br />
• Atenció higiènica<br />
• Teleassistència<br />
• Primers Auxilis<br />
• Català/Aranès Professional<br />
• Anglès professional<br />
•&hellip;  <a href="https://agora.xtec.cat/iesguinovarda/oferta-formativa-2/cicles-formatius-de-grau-mitja/atencio-a-persones-en-situacio-de-dependencia-tapsd/" title="Read Atenció a persones en situació de dependència (TAPSD)">Llegeix més»</a></p>
