{"id":2199,"date":"2021-04-15T13:39:46","date_gmt":"2021-04-15T11:39:46","guid":{"rendered":"https:\/\/agora.xtec.cat\/iesguinovarda\/?page_id=2199"},"modified":"2026-04-30T10:37:11","modified_gmt":"2026-04-30T08:37:11","slug":"preinscripcio-pfi-ptt","status":"publish","type":"page","link":"https:\/\/agora.xtec.cat\/iesguinovarda\/categoria-secretaria\/preinscripcio-pfi-ptt\/","title":{"rendered":"Preinscripci\u00f3 PFI (Programes de Formaci\u00f3 i Inserci\u00f3) 2026-2027"},"content":{"rendered":"<h4>Informaci\u00f3 a la seu del PTT: Carrer Cop\u00e8rnic, 12, Piera, Despatx E<\/h4>\n<h4>Tel\u00e8fon 93 776 21 14 &#8211; <a rel=\"noreferrer\">pfi@insguinovarda.cat<\/a><\/h4>\n<p>&nbsp;<\/p>\n<pre><\/pre>\n<h3><\/h3>\n<h3><strong>Presentaci\u00f3 de sol\u00b7licituds: del 4 al 13 de maig, ambd\u00f3s inclosos.<\/strong><\/h3>\n<p><strong>Abans de la preinscripci\u00f3:<\/strong><\/p>\n<ol>\n<li>Calendari i terminis: <a href=\"https:\/\/preinscripcio.gencat.cat\/ca\/estudis\/pfi\/informat\/calendari\/\">https:\/\/preinscripcio.gencat.cat\/ca\/estudis\/pfi\/informat\/calendari\/<\/a><\/li>\n<li>Criteris d&#8217;assignaci\u00f3 de pla\u00e7a: <a href=\"https:\/\/preinscripcio.gencat.cat\/ca\/estudis\/pfi\/informat\/criteris-assignacio\/\">https:\/\/preinscripcio.gencat.cat\/ca\/estudis\/pfi\/informat\/criteris-assignacio\/<\/a><\/li>\n<li>Documentaci\u00f3 necess\u00e0ria: <a href=\"https:\/\/preinscripcio.gencat.cat\/ca\/estudis\/pfi\/informat\/prepara-documentacio\/\">https:\/\/preinscripcio.gencat.cat\/ca\/estudis\/pfi\/informat\/prepara-documentacio<\/a><\/li>\n<\/ol>\n<p>&nbsp;<\/p>\n<p><strong>Presenta la sol\u00b7licitud de la preinscripci\u00f3:<\/strong><\/p>\n<ol>\n<li>\u00a0 Fes la sol\u00b7licitud: <a href=\"https:\/\/preinscripcio.gencat.cat\/ca\/estudis\/pfi\/preinscriute\/sollicitud\/\">https:\/\/preinscripcio.gencat.cat\/ca\/estudis\/pfi\/preinscriute\/sollicitud\/<\/a><\/li>\n<li>\u00a0 Fes el seguiment de la sol\u00b7licitud:\u00a0<a href=\"https:\/\/preinscripcio.gencat.cat\/ca\/estudis\/pfi\/preinscriute\/seguiment-sollicitud\/\">https:\/\/preinscripcio.gencat.cat\/ca\/estudis\/pfi\/preinscriute\/seguiment-sollicitud\/<\/a><\/li>\n<li>\u00a0 Consulta si tens pla\u00e7a:\u00a0<a href=\"https:\/\/preinscripcio.gencat.cat\/ca\/estudis\/pfi\/preinscriute\/consulta\/\">https:\/\/preinscripcio.gencat.cat\/ca\/estudis\/pfi\/preinscriute\/consulta\/<\/a><\/li>\n<li>\u00a0 Formalitzar la matr\u00edcula al centre assignat:\u00a0<a href=\"https:\/\/preinscripcio.gencat.cat\/ca\/estudis\/pfi\/matriculat\/formalitzacio\/\">https:\/\/preinscripcio.gencat.cat\/ca\/estudis\/pfi\/matriculat\/formalitzacio\/<\/a><\/li>\n<\/ol>\n<p>&nbsp;<\/p>\n<p><strong>CALENDARI DE PREINSCRIPCI\u00d3 PFI-PTT<br \/>\n<\/strong><\/p>\n<table style=\"width: 65.3898%; height: 306px;\" width=\"659\">\n<tbody>\n<tr style=\"height: 32px;\">\n<td style=\"width: 470.3px; height: 32px;\"><a href=\"https:\/\/drive.google.com\/file\/d\/1qOZl64Ga_Dy06JsYhEoeuIW_RKpobKRL\/view?usp=drive_link\" target=\"_blank\" rel=\"noopener\">Oferta inicial de places<\/a><\/td>\n<td style=\"width: 413.9px; height: 32px;\">30 d&#8217;abril<\/td>\n<\/tr>\n<tr style=\"height: 32px;\">\n<td style=\"width: 470.3px; height: 32px;\"><strong>Presentaci\u00f3 sol\u00b7licituds<\/strong><\/td>\n<td style=\"width: 413.9px; height: 32px;\"><strong>del 4 al 13 de maig, ambd\u00f3s inclosos<\/strong><\/td>\n<\/tr>\n<tr style=\"height: 32px;\">\n<td style=\"width: 470.3px; height: 32px;\">Entrevistes d&#8217;orientaci\u00f3 i valoraci\u00f3<\/td>\n<td style=\"width: 413.9px; height: 32px;\">del 4 al 26 de maig a les 14 h<\/td>\n<\/tr>\n<tr style=\"height: 32px;\">\n<td style=\"width: 470.3px; height: 18px;\">Llista de sol\u00b7licituds amb la puntuaci\u00f3 provisional<\/td>\n<td style=\"width: 413.9px; height: 18px;\">28 de maig<\/td>\n<\/tr>\n<tr style=\"height: 32px;\">\n<td style=\"width: 470.3px; height: 32px;\">Presentaci\u00f3 de reclamacions<\/td>\n<td style=\"width: 413.9px; height: 32px;\">del 28 de maig al 3 de juny<\/td>\n<\/tr>\n<tr style=\"height: 32px;\">\n<td style=\"width: 470.3px; height: 32px;\">Sorteig per determinar l&#8217;ordenaci\u00f3 de sol\u00b7licituds<\/td>\n<td style=\"width: 413.9px; height: 32px;\">8 de juny, a les 11 h<\/td>\n<\/tr>\n<tr style=\"height: 48px;\">\n<td style=\"width: 470.3px; height: 48px;\">Llista de sol\u00b7licituds amb la puntuaci\u00f3 definitiva<\/td>\n<td style=\"width: 413.9px; height: 48px;\">8 de juny<\/td>\n<\/tr>\n<tr style=\"height: 32px;\">\n<td style=\"width: 470.3px; height: 32px;\">Llista ordenada<\/td>\n<td style=\"width: 413.9px; height: 32px;\">11 de juny<\/td>\n<\/tr>\n<tr>\n<td style=\"width: 470.3px;\">Per\u00edode ampliaci\u00f3 de peticions per a les sol\u00b7licituds sense assignaci\u00f3<\/td>\n<td style=\"width: 413.9px;\">25 a 29 de juny<\/td>\n<\/tr>\n<tr>\n<td style=\"width: 470.3px;\">Oferta final<\/td>\n<td style=\"width: 413.9px;\">3 de juliol<\/td>\n<\/tr>\n<tr style=\"height: 32px;\">\n<td style=\"width: 470.3px; height: 16px;\">Llista d&#8217;alumnat assignat<\/p>\n<p>Llista d&#8217;espera<\/td>\n<td style=\"width: 413.9px; height: 16px;\">3 de juliol<\/td>\n<\/tr>\n<tr style=\"height: 32px;\">\n<td style=\"width: 470.3px; height: 32px;\"><strong>Per\u00edode de matr\u00edcula<\/strong><\/td>\n<td style=\"width: 413.9px; height: 32px;\"><strong>del 6 al 10 de juliol<\/strong><\/td>\n<\/tr>\n<\/tbody>\n<\/table>\n<p>&nbsp;<\/p>\n","protected":false},"excerpt":{"rendered":"<p>Informaci\u00f3 a la seu del PTT: Carrer Cop\u00e8rnic, 12, Piera, Despatx E<br \/>\nTel\u00e8fon 93 776 21 14 &#8211; <a rel=\"noreferrer\">pfi@insguinovarda.cat<\/a><br \/>\n&nbsp;<\/p>\n<p>Presentaci\u00f3 de sol\u00b7licituds: del 4 al 13 de maig, ambd\u00f3s inclosos.<br \/>\nAbans de la preinscripci\u00f3:<\/p>\n<ol>\n<li>Calendari i terminis: <a href=\"https:\/\/preinscripcio.gencat.cat\/ca\/estudis\/pfi\/informat\/calendari\/\">https:\/\/preinscripcio.gencat.cat\/ca\/estudis\/pfi\/informat\/calendari\/<\/a><\/li>\n<li>Criteris d&#8217;assignaci\u00f3 de pla\u00e7a: <a href=\"https:\/\/preinscripcio.gencat.cat\/ca\/estudis\/pfi\/informat\/criteris-assignacio\/\">https:\/\/preinscripcio.gencat.cat\/ca\/estudis\/pfi\/informat\/criteris-assignacio\/<\/a><\/li>\n<li>Documentaci\u00f3 necess\u00e0ria: <a href=\"https:\/\/preinscripcio.gencat.cat\/ca\/estudis\/pfi\/informat\/prepara-documentacio\/\">https:\/\/preinscripcio.gencat.cat\/ca\/estudis\/pfi\/informat\/prepara-documentacio<\/a><\/li>\n<\/ol>\n<p>&nbsp;<br \/>\nPresenta la&hellip;  <a href=\"https:\/\/agora.xtec.cat\/iesguinovarda\/categoria-secretaria\/preinscripcio-pfi-ptt\/\" title=\"Read Preinscripci\u00f3 PFI (Programes de Formaci\u00f3 i Inserci\u00f3) 2026-2027\">Llegeix m\u00e9s\u00bb<\/a><\/p>\n","protected":false},"author":1,"featured_media":0,"parent":81,"menu_order":0,"comment_status":"closed","ping_status":"closed","template":"page-templates\/side-menu.php","meta":{"_bbp_topic_count":0,"_bbp_reply_count":0,"_bbp_total_topic_count":0,"_bbp_total_reply_count":0,"_bbp_voice_count":0,"_bbp_anonymous_reply_count":0,"_bbp_topic_count_hidden":0,"_bbp_reply_count_hidden":0,"_bbp_forum_subforum_count":0,"footnotes":""},"class_list":["post-2199","page","type-page","status-publish","hentry"],"post_mailing_queue_ids":[],"_links":{"self":[{"href":"https:\/\/agora.xtec.cat\/iesguinovarda\/wp-json\/wp\/v2\/pages\/2199","targetHints":{"allow":["GET"]}}],"collection":[{"href":"https:\/\/agora.xtec.cat\/iesguinovarda\/wp-json\/wp\/v2\/pages"}],"about":[{"href":"https:\/\/agora.xtec.cat\/iesguinovarda\/wp-json\/wp\/v2\/types\/page"}],"author":[{"embeddable":true,"href":"https:\/\/agora.xtec.cat\/iesguinovarda\/wp-json\/wp\/v2\/users\/1"}],"replies":[{"embeddable":true,"href":"https:\/\/agora.xtec.cat\/iesguinovarda\/wp-json\/wp\/v2\/comments?post=2199"}],"version-history":[{"count":6,"href":"https:\/\/agora.xtec.cat\/iesguinovarda\/wp-json\/wp\/v2\/pages\/2199\/revisions"}],"predecessor-version":[{"id":6350,"href":"https:\/\/agora.xtec.cat\/iesguinovarda\/wp-json\/wp\/v2\/pages\/2199\/revisions\/6350"}],"up":[{"embeddable":true,"href":"https:\/\/agora.xtec.cat\/iesguinovarda\/wp-json\/wp\/v2\/pages\/81"}],"wp:attachment":[{"href":"https:\/\/agora.xtec.cat\/iesguinovarda\/wp-json\/wp\/v2\/media?parent=2199"}],"curies":[{"name":"wp","href":"https:\/\/api.w.org\/{rel}","templated":true}]}}