{"id":2187,"date":"2024-04-17T13:10:37","date_gmt":"2024-04-17T11:10:37","guid":{"rendered":"https:\/\/agora.xtec.cat\/iesguinovarda\/?page_id=2187"},"modified":"2026-03-10T14:03:05","modified_gmt":"2026-03-10T13:03:05","slug":"cicles-formatius-de-grau-mitja","status":"publish","type":"page","link":"https:\/\/agora.xtec.cat\/iesguinovarda\/oferta-formativa-2\/cicles-formatius-de-grau-mitja\/","title":{"rendered":"CICLES FORMATIUS DE GRAU MITJ\u00c0"},"content":{"rendered":"<p>&nbsp;<\/p>\n<p><a href=\"https:\/\/agora.xtec.cat\/iesguinovarda\/oferta-formativa-2\/cicles-formatius-de-grau-mitja\/atencio-a-persones-en-situacio-de-dependencia-tapsd\/\" target=\"_blank\" rel=\"noopener noreferrer\">Atenci\u00f3 a persones en situaci\u00f3 de depend\u00e8ncia (SC10)<\/a><\/p>\n<p><a href=\"https:\/\/agora.xtec.cat\/iesguinovarda\/oferta-formativa-2\/cicles-formatius-de-grau-mitja\/sistemes-microinformatics-i-xarxes-smx\/\" target=\"_blank\" rel=\"noopener noreferrer\">Sistemes microinform\u00e0tics i xarxes (IC10)<\/a><\/p>\n<p><a href=\"https:\/\/agora.xtec.cat\/iesguinovarda\/oferta-formativa-2\/cicles-formatius-de-grau-mitja\/activitats-comercials-perfil-professional-logistica\/\" target=\"_blank\" rel=\"noopener\">Est\u00e8tica i Bellesa (IP20)<\/a><\/p>\n<div class=\"entry-content\">\n<p>&nbsp;<\/p>\n<\/div>\n","protected":false},"excerpt":{"rendered":"<p>&nbsp;<br \/>\n<a href=\"https:\/\/agora.xtec.cat\/iesguinovarda\/oferta-formativa-2\/cicles-formatius-de-grau-mitja\/atencio-a-persones-en-situacio-de-dependencia-tapsd\/\" target=\"_blank\" rel=\"noopener noreferrer\">Atenci\u00f3 a persones en situaci\u00f3 de depend\u00e8ncia (SC10)<\/a><br \/>\n<a href=\"https:\/\/agora.xtec.cat\/iesguinovarda\/oferta-formativa-2\/cicles-formatius-de-grau-mitja\/sistemes-microinformatics-i-xarxes-smx\/\" target=\"_blank\" rel=\"noopener noreferrer\">Sistemes microinform\u00e0tics i xarxes (IC10)<\/a><br \/>\n<a href=\"https:\/\/agora.xtec.cat\/iesguinovarda\/oferta-formativa-2\/cicles-formatius-de-grau-mitja\/activitats-comercials-perfil-professional-logistica\/\" target=\"_blank\" rel=\"noopener\">Est\u00e8tica i Bellesa (IP20)<\/a><\/p>\n<p>&nbsp;<\/p>\n","protected":false},"author":1,"featured_media":0,"parent":1384,"menu_order":0,"comment_status":"closed","ping_status":"closed","template":"page-templates\/side-menu.php","meta":{"_bbp_topic_count":0,"_bbp_reply_count":0,"_bbp_total_topic_count":0,"_bbp_total_reply_count":0,"_bbp_voice_count":0,"_bbp_anonymous_reply_count":0,"_bbp_topic_count_hidden":0,"_bbp_reply_count_hidden":0,"_bbp_forum_subforum_count":0,"footnotes":""},"class_list":["post-2187","page","type-page","status-publish","hentry"],"post_mailing_queue_ids":[],"_links":{"self":[{"href":"https:\/\/agora.xtec.cat\/iesguinovarda\/wp-json\/wp\/v2\/pages\/2187","targetHints":{"allow":["GET"]}}],"collection":[{"href":"https:\/\/agora.xtec.cat\/iesguinovarda\/wp-json\/wp\/v2\/pages"}],"about":[{"href":"https:\/\/agora.xtec.cat\/iesguinovarda\/wp-json\/wp\/v2\/types\/page"}],"author":[{"embeddable":true,"href":"https:\/\/agora.xtec.cat\/iesguinovarda\/wp-json\/wp\/v2\/users\/1"}],"replies":[{"embeddable":true,"href":"https:\/\/agora.xtec.cat\/iesguinovarda\/wp-json\/wp\/v2\/comments?post=2187"}],"version-history":[{"count":6,"href":"https:\/\/agora.xtec.cat\/iesguinovarda\/wp-json\/wp\/v2\/pages\/2187\/revisions"}],"predecessor-version":[{"id":6158,"href":"https:\/\/agora.xtec.cat\/iesguinovarda\/wp-json\/wp\/v2\/pages\/2187\/revisions\/6158"}],"up":[{"embeddable":true,"href":"https:\/\/agora.xtec.cat\/iesguinovarda\/wp-json\/wp\/v2\/pages\/1384"}],"wp:attachment":[{"href":"https:\/\/agora.xtec.cat\/iesguinovarda\/wp-json\/wp\/v2\/media?parent=2187"}],"curies":[{"name":"wp","href":"https:\/\/api.w.org\/{rel}","templated":true}]}}

CICLES FORMATIUS DE GRAU MITJÀ

<p>&nbsp;</p>
<p><a href="https://agora.xtec.cat/iesguinovarda/oferta-formativa-2/cicles-formatius-de-grau-mitja/atencio-a-persones-en-situacio-de-dependencia-tapsd/" target="_blank" rel="noopener noreferrer">Atenció a persones en situació de dependència (SC10)</a></p>
<p><a href="https://agora.xtec.cat/iesguinovarda/oferta-formativa-2/cicles-formatius-de-grau-mitja/sistemes-microinformatics-i-xarxes-smx/" target="_blank" rel="noopener noreferrer">Sistemes microinformàtics i xarxes (IC10)</a></p>
<p><a href="https://agora.xtec.cat/iesguinovarda/oferta-formativa-2/cicles-formatius-de-grau-mitja/activitats-comercials-perfil-professional-logistica/" target="_blank" rel="noopener">Estètica i Bellesa (IP20)</a></p>
<div class="entry-content">
<p>&nbsp;</p>
</div>

<p>&nbsp;<br />
<a href="https://agora.xtec.cat/iesguinovarda/oferta-formativa-2/cicles-formatius-de-grau-mitja/atencio-a-persones-en-situacio-de-dependencia-tapsd/" target="_blank" rel="noopener noreferrer">Atenció a persones en situació de dependència (SC10)</a><br />
<a href="https://agora.xtec.cat/iesguinovarda/oferta-formativa-2/cicles-formatius-de-grau-mitja/sistemes-microinformatics-i-xarxes-smx/" target="_blank" rel="noopener noreferrer">Sistemes microinformàtics i xarxes (IC10)</a><br />
<a href="https://agora.xtec.cat/iesguinovarda/oferta-formativa-2/cicles-formatius-de-grau-mitja/activitats-comercials-perfil-professional-logistica/" target="_blank" rel="noopener">Estètica i Bellesa (IP20)</a></p>
<p>&nbsp;</p>
