{"id":1973,"date":"2020-12-04T11:55:58","date_gmt":"2020-12-04T10:55:58","guid":{"rendered":"https:\/\/agora.xtec.cat\/iesguinovarda\/?page_id=1973"},"modified":"2020-12-04T11:55:58","modified_gmt":"2020-12-04T10:55:58","slug":"oferta-de-treball-3","status":"publish","type":"page","link":"https:\/\/agora.xtec.cat\/iesguinovarda\/serveis\/borsa-de-treball\/oferta-de-treball-3\/","title":{"rendered":"Oferta de treball TAPSD &#8211; 04\/12\/20"},"content":{"rendered":"<p>Benvolguda, benvolgut:<\/p>\n<p>Ens adrecem a vosaltres un cop m\u00e9s per fer-vos arribar una proposta de col\u00b7laboraci\u00f3 amb el Departament de Treball, Afers socials i Fam\u00edlies.<\/p>\n<p>Ens informen de la necessitat urgent de contractaci\u00f3 de persones per a cobrir substitucions de professionals d\u2019atenci\u00f3 personal en centres residencials i centres di\u00fcrns per a la gent gran, a les persones amb discapacitat i a les persones amb malaltia mental.<\/p>\n<p>En concret, la necessitat de contractaci\u00f3 va dirigida a l\u2019alumnat major de 18 anys que cursi o hagi cursat els cicles formatius seg\u00fcents:<\/p>\n<p>CFGM Atenci\u00f3 a persones en situaci\u00f3 de depend\u00e8ncia<\/p>\n<p>CFGM Cures auxiliars d\u2019infermeria<\/p>\n<p>CFGS Integraci\u00f3 social<\/p>\n<p>CFGS Animaci\u00f3 sociocultural i tur\u00edstica<\/p>\n<p>Us preguem que adreceu aquesta informaci\u00f3 a l\u2019alumnat del vostre centre educatiu per tal que s\u2019inscriguin a la borsa de treball que gestiona el Servei Catal\u00e0 d\u2019Ocupaci\u00f3, \u00a0i que trobaran a l\u2019enlla\u00e7 seg\u00fcent: \u00a0<a href=\"https:\/\/treballiaferssocials.gencat.cat\/ca\/el_departament\/coronavirus-sars-cov-2\/cridaprofessionals\/\" data-saferedirecturl=\"https:\/\/www.google.com\/url?q=https:\/\/treballiaferssocials.gencat.cat\/ca\/el_departament\/coronavirus-sars-cov-2\/cridaprofessionals\/&amp;source=gmail&amp;ust=1607151496841000&amp;usg=AFQjCNHT-FR7LgIIt6KtqaeaKzg2irCwXw\">https:\/\/treballiaferssocials.gencat.cat\/ca\/el_departament\/coronavirus-sars-cov-2\/cridaprofessionals\/<\/a><\/p>\n<p>Tot agraint la vostra col\u00b7laboraci\u00f3, rebeu una cordial salutaci\u00f3.<\/p>\n","protected":false},"excerpt":{"rendered":"<p>Benvolguda, benvolgut:<br \/>\nEns adrecem a vosaltres un cop m\u00e9s per fer-vos arribar una proposta de col\u00b7laboraci\u00f3 amb el Departament de Treball, Afers socials i Fam\u00edlies.<br \/>\nEns informen de la necessitat urgent de contractaci\u00f3 de persones per a cobrir substitucions de professionals d\u2019atenci\u00f3 personal en centres residencials i&hellip;  <a href=\"https:\/\/agora.xtec.cat\/iesguinovarda\/serveis\/borsa-de-treball\/oferta-de-treball-3\/\" title=\"Read Oferta de treball TAPSD &#8211; 04\/12\/20\">Llegeix m\u00e9s\u00bb<\/a><\/p>\n","protected":false},"author":1,"featured_media":0,"parent":1209,"menu_order":0,"comment_status":"closed","ping_status":"closed","template":"","meta":{"_bbp_topic_count":0,"_bbp_reply_count":0,"_bbp_total_topic_count":0,"_bbp_total_reply_count":0,"_bbp_voice_count":0,"_bbp_anonymous_reply_count":0,"_bbp_topic_count_hidden":0,"_bbp_reply_count_hidden":0,"_bbp_forum_subforum_count":0,"footnotes":""},"class_list":["post-1973","page","type-page","status-publish","hentry"],"post_mailing_queue_ids":[],"_links":{"self":[{"href":"https:\/\/agora.xtec.cat\/iesguinovarda\/wp-json\/wp\/v2\/pages\/1973","targetHints":{"allow":["GET"]}}],"collection":[{"href":"https:\/\/agora.xtec.cat\/iesguinovarda\/wp-json\/wp\/v2\/pages"}],"about":[{"href":"https:\/\/agora.xtec.cat\/iesguinovarda\/wp-json\/wp\/v2\/types\/page"}],"author":[{"embeddable":true,"href":"https:\/\/agora.xtec.cat\/iesguinovarda\/wp-json\/wp\/v2\/users\/1"}],"replies":[{"embeddable":true,"href":"https:\/\/agora.xtec.cat\/iesguinovarda\/wp-json\/wp\/v2\/comments?post=1973"}],"version-history":[{"count":2,"href":"https:\/\/agora.xtec.cat\/iesguinovarda\/wp-json\/wp\/v2\/pages\/1973\/revisions"}],"predecessor-version":[{"id":1975,"href":"https:\/\/agora.xtec.cat\/iesguinovarda\/wp-json\/wp\/v2\/pages\/1973\/revisions\/1975"}],"up":[{"embeddable":true,"href":"https:\/\/agora.xtec.cat\/iesguinovarda\/wp-json\/wp\/v2\/pages\/1209"}],"wp:attachment":[{"href":"https:\/\/agora.xtec.cat\/iesguinovarda\/wp-json\/wp\/v2\/media?parent=1973"}],"curies":[{"name":"wp","href":"https:\/\/api.w.org\/{rel}","templated":true}]}}

<p>Benvolguda, benvolgut:</p>
<p>Ens adrecem a vosaltres un cop més per fer-vos arribar una proposta de col·laboració amb el Departament de Treball, Afers socials i Famílies.</p>
<p>Ens informen de la necessitat urgent de contractació de persones per a cobrir substitucions de professionals d’atenció personal en centres residencials i centres diürns per a la gent gran, a les persones amb discapacitat i a les persones amb malaltia mental.</p>
<p>En concret, la necessitat de contractació va dirigida a l’alumnat major de 18 anys que cursi o hagi cursat els cicles formatius següents:</p>
<p>CFGM Atenció a persones en situació de dependència</p>
<p>CFGM Cures auxiliars d’infermeria</p>
<p>CFGS Integració social</p>
<p>CFGS Animació sociocultural i turística</p>
<p>Us preguem que adreceu aquesta informació a l’alumnat del vostre centre educatiu per tal que s’inscriguin a la borsa de treball que gestiona el Servei Català d’Ocupació,  i que trobaran a l’enllaç següent:  <a href="https://treballiaferssocials.gencat.cat/ca/el_departament/coronavirus-sars-cov-2/cridaprofessionals/" data-saferedirecturl="https://www.google.com/url?q=https://treballiaferssocials.gencat.cat/ca/el_departament/coronavirus-sars-cov-2/cridaprofessionals/&amp;source=gmail&amp;ust=1607151496841000&amp;usg=AFQjCNHT-FR7LgIIt6KtqaeaKzg2irCwXw">https://treballiaferssocials.gencat.cat/ca/el_departament/coronavirus-sars-cov-2/cridaprofessionals/</a></p>
<p>Tot agraint la vostra col·laboració, rebeu una cordial salutació.</p>

<p>Benvolguda, benvolgut:<br />
Ens adrecem a vosaltres un cop més per fer-vos arribar una proposta de col·laboració amb el Departament de Treball, Afers socials i Famílies.<br />
Ens informen de la necessitat urgent de contractació de persones per a cobrir substitucions de professionals d’atenció personal en centres residencials i&hellip;  <a href="https://agora.xtec.cat/iesguinovarda/serveis/borsa-de-treball/oferta-de-treball-3/" title="Read Oferta de treball TAPSD &#8211; 04/12/20">Llegeix més»</a></p>
