{"id":72500,"date":"2025-06-29T18:29:42","date_gmt":"2025-06-29T16:29:42","guid":{"rendered":"https:\/\/agora.xtec.cat\/iesguindavols\/?page_id=72500"},"modified":"2025-09-02T19:58:22","modified_gmt":"2025-09-02T17:58:22","slug":"calendari-curs-2025-26","status":"publish","type":"page","link":"https:\/\/agora.xtec.cat\/iesguindavols\/calendari-curs-2025-26\/","title":{"rendered":"Calendari curs 2025-26"},"content":{"rendered":"\n<p><mark>&nbsp;<strong>1. Calendari del curs<\/strong><\/mark><\/p>\n\n\n\n<p><strong><u>Inici de classes:<\/u><\/strong><strong> &nbsp;<\/strong><\/p>\n\n\n\n<p><strong>&#8211; ESO:<\/strong> &nbsp;8 de setembre<\/p>\n\n\n\n<p><strong>&#8211; Batxillerat i Cicles formatius: <\/strong>12 de setembre<\/p>\n\n\n\n<p><strong><u>Acabament de classes<\/u><\/strong> :<\/p>\n\n\n\n<p><strong>&#8211; ESO i 1r de Batxillerat<\/strong>: &nbsp;19 de juny<\/p>\n\n\n\n<p><strong>&#8211; <\/strong><strong>2n Batxillerat i CF Grau Mitj\u00e0 i Superior: <\/strong>segons programaci\u00f3 acad\u00e8mica<\/p>\n\n\n\n<p><\/p>\n\n\n\n<p><strong><mark>2. Inici de les classes al setembre (1r dia)<\/mark><\/strong><\/p>\n\n\n\n<p><strong>8 de setembre<\/strong><\/p>\n\n\n\n<ul class=\"wp-block-list\">\n<li><strong>ESO:<\/strong><ul><li>1r ESO: 09:00 h (sortida a les 10:45 h)<\/li><\/ul><ul><li>2n ESO: 10:00 h (sortida a les 11:30 h)<\/li><\/ul><ul><li>3r ESO: 10:30 h (sortida a les 11:45 h)<\/li><\/ul>\n<ul class=\"wp-block-list\">\n<li>4t ESO: 11:00 h (sortida a les 12:15 h)<\/li>\n<\/ul>\n<\/li>\n<\/ul>\n\n\n\n<p><strong>12 de setembre<\/strong><\/p>\n\n\n\n<ul class=\"wp-block-list\">\n<li><strong>Batxillerat:<\/strong><ul><li>1r curs: 09:00 h (sortida a les 10:00 h)<\/li><\/ul>\n<ul class=\"wp-block-list\">\n<li>2n curs: 11:00 h (sortida a les 12:00 h)<\/li>\n<\/ul>\n<\/li>\n\n\n\n<li><strong>Cicles formatius de Grau Mitj\u00e0:<\/strong><ul><li>1r curs: 10:00 h (sortida a les 12:00 h)<\/li><\/ul>\n<ul class=\"wp-block-list\">\n<li>2n curs: 11:30 h (sortida a les 12:30 h)<\/li>\n<\/ul>\n<\/li>\n\n\n\n<li><strong>Cicles formatius de Grau Superior:<\/strong><ul><li>1r curs: 16:00 h (sortida a les 17:30 h)<\/li><\/ul>\n<ul class=\"wp-block-list\">\n<li>2n curs: 16:30 h (sortida a les 17:30 h)<\/li>\n<\/ul>\n<\/li>\n<\/ul>\n\n\n\n<p><\/p>\n\n\n\n<p><strong><mark>3. Horari marc dels grups<\/mark><\/strong><\/p>\n\n\n\n<ul class=\"wp-block-list\">\n<li><strong>ESO, Batxillerat:&nbsp;<\/strong>de 8:10 a 14:40 h<\/li>\n\n\n\n<li><strong>Cicles Formatius de Grau Mitj\u00e0: <\/strong>de 8:15 a 14:45 h<\/li>\n\n\n\n<li><strong>Cicles formatius de Grau Superior:&nbsp;<\/strong>de 15 a 21 h<\/li>\n<\/ul>\n\n\n\n<p>&nbsp;<strong><mark>4. Activitats d\u2019avaluaci\u00f3 fi de curs<\/mark><\/strong><\/p>\n\n\n\n<p><strong>1r Batxillerat: <\/strong>Les activitats d&#8217;avaluaci\u00f3 extraordin\u00e0ria del primer curs de batxillerat es faran al llarg dels cinc darrers dies lectius del curs escolar<\/p>\n\n\n\n<p><strong>2n Batxillerat<\/strong>: Les activitats d&#8217;avaluaci\u00f3 extraordin\u00e0ria del segon curs de batxillerat es faran despr\u00e9s de l&#8217;avaluaci\u00f3 final ordin\u00e0ria a partir de la segona setmana de juny, de manera que no m\u00e9s tard del 12 de juny hagin finalitzat.<\/p>\n\n\n\n<p><strong>CF de Grau mitj\u00e0 i Superior: <\/strong>Les activitats d&#8217;avaluaci\u00f3 de les segones convocat\u00f2ries dels cicles formatius, a excepci\u00f3 de les del darrer curs de cicles formatius de grau mitj\u00e0, es faran despr\u00e9s de l&#8217;avaluaci\u00f3 de la primera convocat\u00f2ria, a partir del 8 de juny<\/p>\n\n\n\n<p><strong>2n CF Grau Mitj\u00e0<\/strong>: Les activitats d&#8217;avaluaci\u00f3 s&#8217;han de programar de manera que no m\u00e9s tard del 12 de juny hagin finalitzat.<\/p>\n\n\n\n<p><strong>2n CF Grau Superior:<\/strong> Les activitats d&#8217;avaluaci\u00f3 de la primera convocat\u00f2ria s&#8217;han de programar segons les necessitats derivades del procediment d&#8217;acc\u00e9s als estudis universitaris.<\/p>\n\n\n\n<p><\/p>\n\n\n\n<p><strong><mark>5. Vacances<\/mark><\/strong><\/p>\n\n\n\n<p><strong>NADAL : <\/strong>Del 20 de desembre de 2025 al 7 de gener de 2026<strong><\/strong><\/p>\n\n\n\n<p><strong>SETMANA SANTA : <\/strong><strong>Del 28 de mar\u00e7 al 6 d\u2019abril de 2026<\/strong><strong><\/strong><\/p>\n\n\n\n<p><strong><em>** El 19 de desembre i 27 de mar\u00e7, darrers dies lectius <\/em><\/strong><strong><em>abans de les vacances de Nadal i Setmana Santa respectivament, la jornada lectiva de mat\u00ed finalitzar\u00e0 a les 12:50 h; a la tarda s\u2019iniciar\u00e0 a les 16:00 h.<\/em><\/strong><\/p>\n\n\n\n<p><\/p>\n\n\n\n<p><strong><mark>6. Dies festius i de lliure disposici\u00f3<\/mark><\/strong><\/p>\n\n\n\n<ul class=\"wp-block-list\">\n<li><strong>Divendres 31 d\u2019octubre de 2025<\/strong><\/li>\n\n\n\n<li><strong>Dimarts 9 de desembre de 2025<\/strong><\/li>\n\n\n\n<li><strong>Divendres 13 de febrer de 2026 &nbsp;&nbsp;<\/strong><strong>carnestoltes<\/strong><\/li>\n\n\n\n<li><strong>Dilluns 11 de maig de 2026&nbsp; <\/strong><strong>festa major<\/strong><\/li>\n\n\n\n<li><strong>Dimarts 12 de maig de 2026 <\/strong><\/li>\n<\/ul>\n\n\n\n<div data-wp-interactive=\"core\/file\" class=\"wp-block-file\"><object data-wp-bind--hidden=\"!state.hasPdfPreview\" hidden class=\"wp-block-file__embed\" data=\"https:\/\/agora.xtec.cat\/iesguindavols\/wp-content\/uploads\/usu2923\/2025\/09\/CALENDARI-25-26-1.pdf\" type=\"application\/pdf\" style=\"width:100%;height:600px\" aria-label=\"Incrustaci\u00f3 del fitxer CALENDARI 25-26.\"><\/object><a id=\"wp-block-file--media-1e743d02-f902-4fe0-83c3-06290daa976a\" href=\"https:\/\/agora.xtec.cat\/iesguindavols\/wp-content\/uploads\/usu2923\/2025\/09\/CALENDARI-25-26-1.pdf\">CALENDARI 25-26<\/a><a href=\"https:\/\/agora.xtec.cat\/iesguindavols\/wp-content\/uploads\/usu2923\/2025\/09\/CALENDARI-25-26-1.pdf\" class=\"wp-block-file__button wp-element-button\" download aria-describedby=\"wp-block-file--media-1e743d02-f902-4fe0-83c3-06290daa976a\">Baixa<\/a><\/div>\n\n\n\n<p><\/p>\n","protected":false},"excerpt":{"rendered":"<p>&nbsp;1. Calendari del curs<\/p>\n<p>Inici de classes: &nbsp;<\/p>\n<p>&#8211; ESO: &nbsp;8 de setembre<\/p>\n<p>&#8211; Batxillerat i Cicles formatius: 12 de setembre<\/p>\n<p>Acabament de classes :<\/p>\n<p>&#8211; ESO i 1r de Batxillerat: &nbsp;19 de juny<\/p>\n<p>&#8211; 2n Batxillerat i CF Grau Mitj\u00e0 i Superior: segons programaci\u00f3 acad\u00e8mica<\/p>\n<p>2. Inici de les classes al&hellip;  <a href=\"https:\/\/agora.xtec.cat\/iesguindavols\/calendari-curs-2025-26\/\" title=\"Read Calendari curs 2025-26\">Llegeix m\u00e9s\u00bb<\/a><\/p>\n","protected":false},"author":8,"featured_media":0,"parent":0,"menu_order":0,"comment_status":"closed","ping_status":"close","template":"","meta":{"_bbp_topic_count":0,"_bbp_reply_count":0,"_bbp_total_topic_count":0,"_bbp_total_reply_count":0,"_bbp_voice_count":0,"_bbp_anonymous_reply_count":0,"_bbp_topic_count_hidden":0,"_bbp_reply_count_hidden":0,"_bbp_forum_subforum_count":0,"footnotes":""},"class_list":["post-72500","page","type-page","status-publish","hentry"],"post_mailing_queue_ids":[],"_links":{"self":[{"href":"https:\/\/agora.xtec.cat\/iesguindavols\/wp-json\/wp\/v2\/pages\/72500","targetHints":{"allow":["GET"]}}],"collection":[{"href":"https:\/\/agora.xtec.cat\/iesguindavols\/wp-json\/wp\/v2\/pages"}],"about":[{"href":"https:\/\/agora.xtec.cat\/iesguindavols\/wp-json\/wp\/v2\/types\/page"}],"author":[{"embeddable":true,"href":"https:\/\/agora.xtec.cat\/iesguindavols\/wp-json\/wp\/v2\/users\/8"}],"replies":[{"embeddable":true,"href":"https:\/\/agora.xtec.cat\/iesguindavols\/wp-json\/wp\/v2\/comments?post=72500"}],"version-history":[{"count":5,"href":"https:\/\/agora.xtec.cat\/iesguindavols\/wp-json\/wp\/v2\/pages\/72500\/revisions"}],"predecessor-version":[{"id":72577,"href":"https:\/\/agora.xtec.cat\/iesguindavols\/wp-json\/wp\/v2\/pages\/72500\/revisions\/72577"}],"wp:attachment":[{"href":"https:\/\/agora.xtec.cat\/iesguindavols\/wp-json\/wp\/v2\/media?parent=72500"}],"curies":[{"name":"wp","href":"https:\/\/api.w.org\/{rel}","templated":true}]}}

<p><mark>&nbsp;<strong>1. Calendari del curs</strong></mark></p>



<p><strong><u>Inici de classes:</u></strong><strong> &nbsp;</strong></p>



<p><strong>&#8211; ESO:</strong> &nbsp;8 de setembre</p>



<p><strong>&#8211; Batxillerat i Cicles formatius: </strong>12 de setembre</p>



<p><strong><u>Acabament de classes</u></strong> :</p>



<p><strong>&#8211; ESO i 1r de Batxillerat</strong>: &nbsp;19 de juny</p>



<p><strong>&#8211; </strong><strong>2n Batxillerat i CF Grau Mitjà i Superior: </strong>segons programació acadèmica</p>



<p></p>



<p><strong><mark>2. Inici de les classes al setembre (1r dia)</mark></strong></p>



<p><strong>8 de setembre</strong></p>



<ul class="wp-block-list">
<li><strong>ESO:</strong><ul><li>1r ESO: 09:00 h (sortida a les 10:45 h)</li></ul><ul><li>2n ESO: 10:00 h (sortida a les 11:30 h)</li></ul><ul><li>3r ESO: 10:30 h (sortida a les 11:45 h)</li></ul>
<ul class="wp-block-list">
<li>4t ESO: 11:00 h (sortida a les 12:15 h)</li>
</ul>
</li>
</ul>



<p><strong>12 de setembre</strong></p>



<ul class="wp-block-list">
<li><strong>Batxillerat:</strong><ul><li>1r curs: 09:00 h (sortida a les 10:00 h)</li></ul>
<ul class="wp-block-list">
<li>2n curs: 11:00 h (sortida a les 12:00 h)</li>
</ul>
</li>



<li><strong>Cicles formatius de Grau Mitjà:</strong><ul><li>1r curs: 10:00 h (sortida a les 12:00 h)</li></ul>
<ul class="wp-block-list">
<li>2n curs: 11:30 h (sortida a les 12:30 h)</li>
</ul>
</li>



<li><strong>Cicles formatius de Grau Superior:</strong><ul><li>1r curs: 16:00 h (sortida a les 17:30 h)</li></ul>
<ul class="wp-block-list">
<li>2n curs: 16:30 h (sortida a les 17:30 h)</li>
</ul>
</li>
</ul>



<p></p>



<p><strong><mark>3. Horari marc dels grups</mark></strong></p>



<ul class="wp-block-list">
<li><strong>ESO, Batxillerat:&nbsp;</strong>de 8:10 a 14:40 h</li>



<li><strong>Cicles Formatius de Grau Mitjà: </strong>de 8:15 a 14:45 h</li>



<li><strong>Cicles formatius de Grau Superior:&nbsp;</strong>de 15 a 21 h</li>
</ul>



<p>&nbsp;<strong><mark>4. Activitats d’avaluació fi de curs</mark></strong></p>



<p><strong>1r Batxillerat: </strong>Les activitats d&#8217;avaluació extraordinària del primer curs de batxillerat es faran al llarg dels cinc darrers dies lectius del curs escolar</p>



<p><strong>2n Batxillerat</strong>: Les activitats d&#8217;avaluació extraordinària del segon curs de batxillerat es faran després de l&#8217;avaluació final ordinària a partir de la segona setmana de juny, de manera que no més tard del 12 de juny hagin finalitzat.</p>



<p><strong>CF de Grau mitjà i Superior: </strong>Les activitats d&#8217;avaluació de les segones convocatòries dels cicles formatius, a excepció de les del darrer curs de cicles formatius de grau mitjà, es faran després de l&#8217;avaluació de la primera convocatòria, a partir del 8 de juny</p>



<p><strong>2n CF Grau Mitjà</strong>: Les activitats d&#8217;avaluació s&#8217;han de programar de manera que no més tard del 12 de juny hagin finalitzat.</p>



<p><strong>2n CF Grau Superior:</strong> Les activitats d&#8217;avaluació de la primera convocatòria s&#8217;han de programar segons les necessitats derivades del procediment d&#8217;accés als estudis universitaris.</p>



<p></p>



<p><strong><mark>5. Vacances</mark></strong></p>



<p><strong>NADAL : </strong>Del 20 de desembre de 2025 al 7 de gener de 2026<strong></strong></p>



<p><strong>SETMANA SANTA : </strong><strong>Del 28 de març al 6 d’abril de 2026</strong><strong></strong></p>



<p><strong><em>** El 19 de desembre i 27 de març, darrers dies lectius </em></strong><strong><em>abans de les vacances de Nadal i Setmana Santa respectivament, la jornada lectiva de matí finalitzarà a les 12:50 h; a la tarda s’iniciarà a les 16:00 h.</em></strong></p>



<p></p>



<p><strong><mark>6. Dies festius i de lliure disposició</mark></strong></p>



<ul class="wp-block-list">
<li><strong>Divendres 31 d’octubre de 2025</strong></li>



<li><strong>Dimarts 9 de desembre de 2025</strong></li>



<li><strong>Divendres 13 de febrer de 2026 &nbsp;&nbsp;</strong><strong>carnestoltes</strong></li>



<li><strong>Dilluns 11 de maig de 2026&nbsp; </strong><strong>festa major</strong></li>



<li><strong>Dimarts 12 de maig de 2026 </strong></li>
</ul>



<div data-wp-interactive="core/file" class="wp-block-file"><object data-wp-bind--hidden="!state.hasPdfPreview" hidden class="wp-block-file__embed" data="https://agora.xtec.cat/iesguindavols/wp-content/uploads/usu2923/2025/09/CALENDARI-25-26-1.pdf" type="application/pdf" style="width:100%;height:600px" aria-label="Incrustació del fitxer CALENDARI 25-26."></object><a id="wp-block-file--media-1e743d02-f902-4fe0-83c3-06290daa976a" href="https://agora.xtec.cat/iesguindavols/wp-content/uploads/usu2923/2025/09/CALENDARI-25-26-1.pdf">CALENDARI 25-26</a><a href="https://agora.xtec.cat/iesguindavols/wp-content/uploads/usu2923/2025/09/CALENDARI-25-26-1.pdf" class="wp-block-file__button wp-element-button" download aria-describedby="wp-block-file--media-1e743d02-f902-4fe0-83c3-06290daa976a">Baixa</a></div>



<p></p>

<p>&nbsp;1. Calendari del curs</p>
<p>Inici de classes: &nbsp;</p>
<p>&#8211; ESO: &nbsp;8 de setembre</p>
<p>&#8211; Batxillerat i Cicles formatius: 12 de setembre</p>
<p>Acabament de classes :</p>
<p>&#8211; ESO i 1r de Batxillerat: &nbsp;19 de juny</p>
<p>&#8211; 2n Batxillerat i CF Grau Mitjà i Superior: segons programació acadèmica</p>
<p>2. Inici de les classes al&hellip;  <a href="https://agora.xtec.cat/iesguindavols/calendari-curs-2025-26/" title="Read Calendari curs 2025-26">Llegeix més»</a></p>
