{"id":71979,"date":"2025-02-25T14:01:55","date_gmt":"2025-02-25T13:01:55","guid":{"rendered":"https:\/\/agora.xtec.cat\/iesguindavols\/?page_id=71979"},"modified":"2026-04-09T08:40:24","modified_gmt":"2026-04-09T06:40:24","slug":"reunions-informatives-per-a-families-de-centres-adscrits","status":"publish","type":"page","link":"https:\/\/agora.xtec.cat\/iesguindavols\/reunions-informatives-per-a-families-de-centres-adscrits\/","title":{"rendered":"Portes obertes FP Institut Guind\u00e0vols 26\/27"},"content":{"rendered":"\n<p>Per les fam\u00edlies interessades en la nostra oferta de cicles formatius de grau mitj\u00e0 i de grau superior de les fam\u00edlies professionals d&#8217;<strong>Instal\u00b7laci\u00f3 i Manteniment<\/strong>, <strong>Fabricaci\u00f3 Mec\u00e0nica<\/strong> i <strong>T\u00e8xtil, Confecci\u00f3 i Pell<\/strong> us convidem a les seg\u00fcents reunions informatives:<\/p>\n\n\n\n<ul class=\"wp-block-list\">\n<li><strong>dimarts 14 d&#8217;abril<\/strong>&nbsp;de 2026 (cicle formatiu de<strong>&nbsp;grau superior<\/strong>) a les <strong>19:00 h<\/strong>.<\/li>\n\n\n\n<li><strong>dimecres 15 d&#8217;abril<\/strong>&nbsp;de 2026 (cicle formatiu de&nbsp;<strong>grau mitj\u00e0<\/strong>) a les <strong>10:00 h <\/strong>o a les <strong>19:00<\/strong> <strong>h<\/strong>.<\/li>\n<\/ul>\n\n\n\n<p>Per tal de tenir una previsi\u00f3 d&#8217;assist\u00e8ncia, us agra\u00efm que ompliu el formulari que hi ha a continuaci\u00f3.<\/p>\n\n\n\n<h3 class=\"wp-block-button\" style=\"text-align: left;\"><strong><span style=\"color: #ffffff;\"><a class=\"wp-block-button__link\" style=\"color: #ffffff;\" href=\"https:\/\/docs.google.com\/forms\/d\/e\/1FAIpQLScsqWBo72lpWQ1BSBHu74_nkdvV1cQdMKFi1e5N08sSc1d9pg\/viewform?usp=header\">Formulari d&#8217;assist\u00e8ncia cicle formatiu grau mitj\u00e0 (CFGM)<\/a><\/span><\/strong><\/h3>\n<p>&nbsp;<\/p>\n\n\n\n<h3 class=\"wp-block-button\" style=\"text-align: left;\"><strong><span style=\"color: #ffffff;\"><a class=\"wp-block-button__link\" style=\"color: #ffffff;\" href=\"https:\/\/docs.google.com\/forms\/d\/e\/1FAIpQLSfepDrJMr4YcMcdtH9IeBxR_uB4IAqhKAc2XRD0ohirmCRxjg\/viewform?usp=header\">Formulari d&#8217;assist\u00e8ncia cicle formatiu grau superior (CFGS)<\/a><\/span><\/strong><\/h3>\n<p>\u00a0<\/p>\n\n\n\n<p>Tota la informaci\u00f3 sobre la preinscripci\u00f3 del curs 26\/27 la trobareu al seg\u00fcent enlla\u00e7:<\/p>\n\n\n\n<p><a href=\"https:\/\/preinscripcio.gencat.cat\/ca\/inici\/\">https:\/\/preinscripcio.gencat.cat\/ca\/inici\/<\/a><\/p>\n","protected":false},"excerpt":{"rendered":"<p>Per les fam\u00edlies interessades en la nostra oferta de cicles formatius de grau mitj\u00e0 i de grau superior de les fam\u00edlies professionals d&#8217;Instal\u00b7laci\u00f3 i Manteniment, Fabricaci\u00f3 Mec\u00e0nica i T\u00e8xtil, Confecci\u00f3 i Pell us convidem a les seg\u00fcents reunions informatives:<\/p>\n<ul class=\"wp-block-list\">\n<li>dimarts 14 d&#8217;abril&nbsp;de 2026 (cicle formatiu&hellip;  <a href=\"https:\/\/agora.xtec.cat\/iesguindavols\/reunions-informatives-per-a-families-de-centres-adscrits\/\" title=\"Read Portes obertes FP Institut Guind\u00e0vols 26\/27\">Llegeix m\u00e9s\u00bb<\/a><br \/>\n","protected":false},"author":30,"featured_media":0,"parent":0,"menu_order":0,"comment_status":"closed","ping_status":"close","template":"","meta":{"_bbp_topic_count":0,"_bbp_reply_count":0,"_bbp_total_topic_count":0,"_bbp_total_reply_count":0,"_bbp_voice_count":0,"_bbp_anonymous_reply_count":0,"_bbp_topic_count_hidden":0,"_bbp_reply_count_hidden":0,"_bbp_forum_subforum_count":0,"footnotes":""},"class_list":["post-71979","page","type-page","status-publish","hentry"],"post_mailing_queue_ids":[],"_links":{"self":[{"href":"https:\/\/agora.xtec.cat\/iesguindavols\/wp-json\/wp\/v2\/pages\/71979","targetHints":{"allow":["GET"]}}],"collection":[{"href":"https:\/\/agora.xtec.cat\/iesguindavols\/wp-json\/wp\/v2\/pages"}],"about":[{"href":"https:\/\/agora.xtec.cat\/iesguindavols\/wp-json\/wp\/v2\/types\/page"}],"author":[{"embeddable":true,"href":"https:\/\/agora.xtec.cat\/iesguindavols\/wp-json\/wp\/v2\/users\/30"}],"replies":[{"embeddable":true,"href":"https:\/\/agora.xtec.cat\/iesguindavols\/wp-json\/wp\/v2\/comments?post=71979"}],"version-history":[{"count":6,"href":"https:\/\/agora.xtec.cat\/iesguindavols\/wp-json\/wp\/v2\/pages\/71979\/revisions"}],"predecessor-version":[{"id":73001,"href":"https:\/\/agora.xtec.cat\/iesguindavols\/wp-json\/wp\/v2\/pages\/71979\/revisions\/73001"}],"wp:attachment":[{"href":"https:\/\/agora.xtec.cat\/iesguindavols\/wp-json\/wp\/v2\/media?parent=71979"}],"curies":[{"name":"wp","href":"https:\/\/api.w.org\/{rel}","templated":true}]}}

Portes obertes FP Institut Guindàvols 26/27

<p>Per les famílies interessades en la nostra oferta de cicles formatius de grau mitjà i de grau superior de les famílies professionals d&#8217;<strong>Instal·lació i Manteniment</strong>, <strong>Fabricació Mecànica</strong> i <strong>Tèxtil, Confecció i Pell</strong> us convidem a les següents reunions informatives:</p>



<ul class="wp-block-list">
<li><strong>dimarts 14 d&#8217;abril</strong>&nbsp;de 2026 (cicle formatiu de<strong>&nbsp;grau superior</strong>) a les <strong>19:00 h</strong>.</li>



<li><strong>dimecres 15 d&#8217;abril</strong>&nbsp;de 2026 (cicle formatiu de&nbsp;<strong>grau mitjà</strong>) a les <strong>10:00 h </strong>o a les <strong>19:00</strong> <strong>h</strong>.</li>
</ul>



<p>Per tal de tenir una previsió d&#8217;assistència, us agraïm que ompliu el formulari que hi ha a continuació.</p>



<h3 class="wp-block-button" style="text-align: left;"><strong><span style="color: #ffffff;"><a class="wp-block-button__link" style="color: #ffffff;" href="https://docs.google.com/forms/d/e/1FAIpQLScsqWBo72lpWQ1BSBHu74_nkdvV1cQdMKFi1e5N08sSc1d9pg/viewform?usp=header">Formulari d&#8217;assistència cicle formatiu grau mitjà (CFGM)</a></span></strong></h3>
<p>&nbsp;</p>



<h3 class="wp-block-button" style="text-align: left;"><strong><span style="color: #ffffff;"><a class="wp-block-button__link" style="color: #ffffff;" href="https://docs.google.com/forms/d/e/1FAIpQLSfepDrJMr4YcMcdtH9IeBxR_uB4IAqhKAc2XRD0ohirmCRxjg/viewform?usp=header">Formulari d&#8217;assistència cicle formatiu grau superior (CFGS)</a></span></strong></h3>
<p> </p>



<p>Tota la informació sobre la preinscripció del curs 26/27 la trobareu al següent enllaç:</p>



<p><a href="https://preinscripcio.gencat.cat/ca/inici/">https://preinscripcio.gencat.cat/ca/inici/</a></p>

<p>Per les famílies interessades en la nostra oferta de cicles formatius de grau mitjà i de grau superior de les famílies professionals d&#8217;Instal·lació i Manteniment, Fabricació Mecànica i Tèxtil, Confecció i Pell us convidem a les següents reunions informatives:</p>
<ul class="wp-block-list">
<li>dimarts 14 d&#8217;abril&nbsp;de 2026 (cicle formatiu&hellip;  <a href="https://agora.xtec.cat/iesguindavols/reunions-informatives-per-a-families-de-centres-adscrits/" title="Read Portes obertes FP Institut Guindàvols 26/27">Llegeix més»</a><br />
