{"id":71412,"date":"2025-02-07T21:01:00","date_gmt":"2025-02-07T20:01:00","guid":{"rendered":"https:\/\/agora.xtec.cat\/iesguindavols\/?page_id=71412"},"modified":"2025-02-07T21:01:00","modified_gmt":"2025-02-07T20:01:00","slug":"siei","status":"publish","type":"page","link":"https:\/\/agora.xtec.cat\/iesguindavols\/siei\/","title":{"rendered":"SIEI"},"content":{"rendered":"\n<div class=\"wp-block-getwid-section alignfull alignfull getwid-section-content-custom-width\"><div class=\"wp-block-getwid-section__wrapper getwid-padding-left-medium getwid-padding-right-medium\"><div class=\"wp-block-getwid-section__inner-wrapper\" style=\"max-width:1140px\"><div class=\"wp-block-getwid-section__background-holder\"><div class=\"wp-block-getwid-section__background\"><\/div><div class=\"wp-block-getwid-section__foreground\"><\/div><\/div><div class=\"wp-block-getwid-section__content\"><div class=\"wp-block-getwid-section__inner-content\">\n<div class=\"wp-block-columns has-2-columns are-vertically-aligned-center is-layout-flex wp-container-core-columns-is-layout-1 wp-block-columns-is-layout-flex\">\n<div class=\"wp-block-column is-vertically-aligned-center is-layout-flow wp-block-column-is-layout-flow\">\n<figure class=\"wp-block-image size-large\"><a href=\"https:\/\/agora.xtec.cat\/iesguindavols\/wp-content\/uploads\/usu2923\/2025\/02\/unnamed1.jpg\"><img loading=\"lazy\" decoding=\"async\" width=\"1024\" height=\"615\" src=\"https:\/\/agora.xtec.cat\/iesguindavols\/wp-content\/uploads\/usu2923\/2025\/02\/unnamed1-1024x615.jpg\" alt=\"\" class=\"wp-image-71415\" srcset=\"https:\/\/agora.xtec.cat\/iesguindavols\/wp-content\/uploads\/usu2923\/2025\/02\/unnamed1-1024x615.jpg 1024w, https:\/\/agora.xtec.cat\/iesguindavols\/wp-content\/uploads\/usu2923\/2025\/02\/unnamed1-300x180.jpg 300w, https:\/\/agora.xtec.cat\/iesguindavols\/wp-content\/uploads\/usu2923\/2025\/02\/unnamed1-768x461.jpg 768w, https:\/\/agora.xtec.cat\/iesguindavols\/wp-content\/uploads\/usu2923\/2025\/02\/unnamed1-1536x923.jpg 1536w, https:\/\/agora.xtec.cat\/iesguindavols\/wp-content\/uploads\/usu2923\/2025\/02\/unnamed1.jpg 2048w\" sizes=\"auto, (max-width: 1024px) 100vw, 1024px\" \/><\/a><\/figure>\n<\/div>\n\n\n\n<div class=\"wp-block-column is-vertically-aligned-center is-layout-flow wp-block-column-is-layout-flow\">\n<div class=\"wp-block-getwid-section\"><div class=\"wp-block-getwid-section__wrapper getwid-padding-top-none getwid-padding-bottom-none getwid-padding-left-medium getwid-padding-right-none getwid-padding-mobile-left-none\"><div class=\"wp-block-getwid-section__inner-wrapper\"><div class=\"wp-block-getwid-section__background-holder\"><div class=\"wp-block-getwid-section__background\"><\/div><div class=\"wp-block-getwid-section__foreground\"><\/div><\/div><div class=\"wp-block-getwid-section__content\"><div class=\"wp-block-getwid-section__inner-content\">\n<div class=\"wp-block-getwid-advanced-heading has-custom-font-size\" style=\"font-size:40px;margin-bottom:30px;margin-top:10px\"><h2 class=\"wp-block-getwid-advanced-heading__content\" style=\"font-family:&quot;Poiret One&quot;;font-weight:normal\">SUPORT INTENSIU A L&#8217;ESCOLARITZACI\u00d3 INCLUSIVA &#8211; SIEI<\/h2><\/div>\n\n\n\n<p><strong>El suport intensiu per a l\u2019escolaritzaci\u00f3 inclusiva (SIEI) <\/strong>\u00e9s un recurs per al centre, pensat per a estudiants que tenen necessitats educatives especials a causa de dificultats significatives que fan imprescindible l\u2019\u00fas de mesures i suports intensius per facilitar la seva participaci\u00f3, socialitzaci\u00f3 i aprenentatge.<\/p>\n\n\n\n<p>Aquest projecte aposta per la <strong>inclusi\u00f3<\/strong> i permet millorar la qualitat educativa que oferim a tot l\u2019alumnat escolaritzat al centre dins els diferents nivells d\u2019ESO.<\/p>\n\n\n\n<div class=\"wp-block-getwid-advanced-spacer\" style=\"height:10px\" aria-hidden=\"true\"><\/div>\n<\/div><\/div><\/div><\/div><\/div>\n<\/div>\n<\/div>\n<\/div><\/div><\/div><\/div><\/div>\n","protected":false},"excerpt":{"rendered":"<p><a href=\"https:\/\/agora.xtec.cat\/iesguindavols\/wp-content\/uploads\/usu2923\/2025\/02\/unnamed1.jpg\"><\/a><\/p>\n<p>SUPORT INTENSIU A L&#8217;ESCOLARITZACI\u00d3 INCLUSIVA &#8211; SIEI<\/p>\n<p>El suport intensiu per a l\u2019escolaritzaci\u00f3 inclusiva (SIEI) \u00e9s un recurs per al centre, pensat per a estudiants que tenen necessitats educatives especials a causa de dificultats significatives que fan imprescindible l\u2019\u00fas de mesures i suports intensius per&hellip;  <a href=\"https:\/\/agora.xtec.cat\/iesguindavols\/siei\/\" title=\"Read SIEI\">Llegeix m\u00e9s\u00bb<\/a><\/p>\n","protected":false},"author":50,"featured_media":0,"parent":0,"menu_order":0,"comment_status":"closed","ping_status":"close","template":"","meta":{"_bbp_topic_count":0,"_bbp_reply_count":0,"_bbp_total_topic_count":0,"_bbp_total_reply_count":0,"_bbp_voice_count":0,"_bbp_anonymous_reply_count":0,"_bbp_topic_count_hidden":0,"_bbp_reply_count_hidden":0,"_bbp_forum_subforum_count":0,"footnotes":""},"class_list":["post-71412","page","type-page","status-publish","hentry"],"post_mailing_queue_ids":[],"_links":{"self":[{"href":"https:\/\/agora.xtec.cat\/iesguindavols\/wp-json\/wp\/v2\/pages\/71412","targetHints":{"allow":["GET"]}}],"collection":[{"href":"https:\/\/agora.xtec.cat\/iesguindavols\/wp-json\/wp\/v2\/pages"}],"about":[{"href":"https:\/\/agora.xtec.cat\/iesguindavols\/wp-json\/wp\/v2\/types\/page"}],"author":[{"embeddable":true,"href":"https:\/\/agora.xtec.cat\/iesguindavols\/wp-json\/wp\/v2\/users\/50"}],"replies":[{"embeddable":true,"href":"https:\/\/agora.xtec.cat\/iesguindavols\/wp-json\/wp\/v2\/comments?post=71412"}],"version-history":[{"count":2,"href":"https:\/\/agora.xtec.cat\/iesguindavols\/wp-json\/wp\/v2\/pages\/71412\/revisions"}],"predecessor-version":[{"id":71556,"href":"https:\/\/agora.xtec.cat\/iesguindavols\/wp-json\/wp\/v2\/pages\/71412\/revisions\/71556"}],"wp:attachment":[{"href":"https:\/\/agora.xtec.cat\/iesguindavols\/wp-json\/wp\/v2\/media?parent=71412"}],"curies":[{"name":"wp","href":"https:\/\/api.w.org\/{rel}","templated":true}]}}

<div class="wp-block-getwid-section alignfull alignfull getwid-section-content-custom-width"><div class="wp-block-getwid-section__wrapper getwid-padding-left-medium getwid-padding-right-medium"><div class="wp-block-getwid-section__inner-wrapper" style="max-width:1140px"><div class="wp-block-getwid-section__background-holder"><div class="wp-block-getwid-section__background"></div><div class="wp-block-getwid-section__foreground"></div></div><div class="wp-block-getwid-section__content"><div class="wp-block-getwid-section__inner-content">
<div class="wp-block-columns has-2-columns are-vertically-aligned-center is-layout-flex wp-container-core-columns-is-layout-1 wp-block-columns-is-layout-flex">
<div class="wp-block-column is-vertically-aligned-center is-layout-flow wp-block-column-is-layout-flow">
<figure class="wp-block-image size-large"><a href="https://agora.xtec.cat/iesguindavols/wp-content/uploads/usu2923/2025/02/unnamed1.jpg"><img loading="lazy" decoding="async" width="1024" height="615" src="https://agora.xtec.cat/iesguindavols/wp-content/uploads/usu2923/2025/02/unnamed1-1024x615.jpg" alt="" class="wp-image-71415" srcset="https://agora.xtec.cat/iesguindavols/wp-content/uploads/usu2923/2025/02/unnamed1-1024x615.jpg 1024w, https://agora.xtec.cat/iesguindavols/wp-content/uploads/usu2923/2025/02/unnamed1-300x180.jpg 300w, https://agora.xtec.cat/iesguindavols/wp-content/uploads/usu2923/2025/02/unnamed1-768x461.jpg 768w, https://agora.xtec.cat/iesguindavols/wp-content/uploads/usu2923/2025/02/unnamed1-1536x923.jpg 1536w, https://agora.xtec.cat/iesguindavols/wp-content/uploads/usu2923/2025/02/unnamed1.jpg 2048w" sizes="auto, (max-width: 1024px) 100vw, 1024px" /></a></figure>
</div>



<div class="wp-block-column is-vertically-aligned-center is-layout-flow wp-block-column-is-layout-flow">
<div class="wp-block-getwid-section"><div class="wp-block-getwid-section__wrapper getwid-padding-top-none getwid-padding-bottom-none getwid-padding-left-medium getwid-padding-right-none getwid-padding-mobile-left-none"><div class="wp-block-getwid-section__inner-wrapper"><div class="wp-block-getwid-section__background-holder"><div class="wp-block-getwid-section__background"></div><div class="wp-block-getwid-section__foreground"></div></div><div class="wp-block-getwid-section__content"><div class="wp-block-getwid-section__inner-content">
<div class="wp-block-getwid-advanced-heading has-custom-font-size" style="font-size:40px;margin-bottom:30px;margin-top:10px"><h2 class="wp-block-getwid-advanced-heading__content" style="font-family:&quot;Poiret One&quot;;font-weight:normal">SUPORT INTENSIU A L&#8217;ESCOLARITZACIÓ INCLUSIVA &#8211; SIEI</h2></div>



<p><strong>El suport intensiu per a l’escolarització inclusiva (SIEI) </strong>és un recurs per al centre, pensat per a estudiants que tenen necessitats educatives especials a causa de dificultats significatives que fan imprescindible l’ús de mesures i suports intensius per facilitar la seva participació, socialització i aprenentatge.</p>



<p>Aquest projecte aposta per la <strong>inclusió</strong> i permet millorar la qualitat educativa que oferim a tot l’alumnat escolaritzat al centre dins els diferents nivells d’ESO.</p>



<div class="wp-block-getwid-advanced-spacer" style="height:10px" aria-hidden="true"></div>
</div></div></div></div></div>
</div>
</div>
</div></div></div></div></div>

<p><a href="https://agora.xtec.cat/iesguindavols/wp-content/uploads/usu2923/2025/02/unnamed1.jpg"></a></p>
<p>SUPORT INTENSIU A L&#8217;ESCOLARITZACIÓ INCLUSIVA &#8211; SIEI</p>
<p>El suport intensiu per a l’escolarització inclusiva (SIEI) és un recurs per al centre, pensat per a estudiants que tenen necessitats educatives especials a causa de dificultats significatives que fan imprescindible l’ús de mesures i suports intensius per&hellip;  <a href="https://agora.xtec.cat/iesguindavols/siei/" title="Read SIEI">Llegeix més»</a></p>
