{"id":71400,"date":"2025-02-07T21:02:42","date_gmt":"2025-02-07T20:02:42","guid":{"rendered":"https:\/\/agora.xtec.cat\/iesguindavols\/?page_id=71400"},"modified":"2025-02-07T21:02:43","modified_gmt":"2025-02-07T20:02:43","slug":"integracio-social","status":"publish","type":"page","link":"https:\/\/agora.xtec.cat\/iesguindavols\/integracio-social\/","title":{"rendered":"INTEGRACI\u00d3 SOCIAL"},"content":{"rendered":"\n<div class=\"wp-block-getwid-section alignfull alignfull getwid-section-content-custom-width\"><div class=\"wp-block-getwid-section__wrapper getwid-padding-left-medium getwid-padding-right-medium\"><div class=\"wp-block-getwid-section__inner-wrapper\" style=\"max-width:1594px\"><div class=\"wp-block-getwid-section__background-holder\"><div class=\"wp-block-getwid-section__background\"><\/div><div class=\"wp-block-getwid-section__foreground\"><\/div><\/div><div class=\"wp-block-getwid-section__content\"><div class=\"wp-block-getwid-section__inner-content\">\n<div class=\"wp-block-columns are-vertically-aligned-top has-2-columns are-vertically-aligned-center is-layout-flex wp-container-core-columns-is-layout-1 wp-block-columns-is-layout-flex\">\n<div class=\"wp-block-column is-vertically-aligned-top is-vertically-aligned-center is-layout-flow wp-block-column-is-layout-flow\">\n<div class=\"wp-block-getwid-advanced-heading has-custom-font-size\" style=\"font-size:40px;margin-bottom:30px;margin-top:10px\"><h2 class=\"wp-block-getwid-advanced-heading__content\" style=\"font-family:&quot;Poiret One&quot;;font-weight:normal\">T\u00e8cnica d&#8217;Integraci\u00f3 Social<\/h2><\/div>\n\n\n\n<p>A l\u2019INS Guind\u00e0vols, la t\u00e8cnica d\u2019integraci\u00f3 social realitza diferents tasques per donar suport als alumnes i a les seves fam\u00edlies, promovent la inclusi\u00f3 i el benestar dins l\u2019entorn escolar.<\/p>\n\n\n\n<p>Durant els esbarjos, s\u2019encarrega de vetllar perqu\u00e8 sigui un espai segur, respectu\u00f3s i sense conflictes. Observa les relacions entre els alumnes i interv\u00e9 de manera preventiva per facilitar la conviv\u00e8ncia. Actua com a mediadora per ajudar a gestionar els conflictes de manera respectuosa. Tamb\u00e9 presta especial atenci\u00f3 als estudiants que es puguin sentir a\u00efllats o que tinguin dificultats per integrar-se, donant-los suport perqu\u00e8 participin activament en el grup. L\u2019objectiu \u00e9s que tots els alumnes es sentin c\u00f2modes i segurs en aquest espai.<\/p>\n\n\n\n<p>A m\u00e9s, fa seguiment individual d\u2019alguns alumnes, ajudant-los en el seu benestar emocional i social. Organitza tallers per treballar aspectes com la gesti\u00f3 de les emocions i les habilitats socials, i tamb\u00e9 dona suport a l\u2019aula, tant als alumnes com al professorat, per afavorir un bon ambient d\u2019aprenentatge.<\/p>\n\n\n\n<p>A m\u00e9s, dona suport a les fam\u00edlies en la tramitaci\u00f3 de beques i ajudes per als llibres escolars, facilitant l\u2019acc\u00e9s als recursos necessaris perqu\u00e8 tots els alumnes tinguin les mateixes oportunitats.<\/p>\n\n\n\n<p>La seva tasca consisteix a acompanyar i donar suport als alumnes, promovent un entorn escolar inclusiu.<\/p>\n\n\n\n<div class=\"wp-block-getwid-advanced-spacer\" style=\"height:20px\" aria-hidden=\"true\"><\/div>\n\n\n\n<div class=\"wp-block-button is-style-outline is-style-outline--1\"><a class=\"wp-block-button__link has-text-color wp-element-button\" href=\"#\" style=\"color:#000000\">Contact us<\/a><\/div>\n<\/div>\n\n\n\n<div class=\"wp-block-column is-vertically-aligned-top is-vertically-aligned-center is-layout-flow wp-block-column-is-layout-flow\">\n<div class=\"wp-block-getwid-images-stack\"><div class=\"wp-block-getwid-images-stack__wrapper\"><div class=\"wp-block-getwid-images-stack__chunk\"><div class=\"wp-block-getwid-images-stack__media-wrapper\"><div class=\"wp-block-getwid-images-stack__media-inner-wrapper\"><img loading=\"lazy\" decoding=\"async\" width=\"1024\" height=\"768\" class=\"wp-block-getwid-images-stack__media wp-image-71401\" src=\"https:\/\/agora.xtec.cat\/iesguindavols\/wp-content\/uploads\/usu2923\/2025\/02\/IMG_1302-1024x768.jpg\" alt=\"\" data-id=\"71401\" srcset=\"https:\/\/agora.xtec.cat\/iesguindavols\/wp-content\/uploads\/usu2923\/2025\/02\/IMG_1302-1024x768.jpg 1024w, https:\/\/agora.xtec.cat\/iesguindavols\/wp-content\/uploads\/usu2923\/2025\/02\/IMG_1302-300x225.jpg 300w, https:\/\/agora.xtec.cat\/iesguindavols\/wp-content\/uploads\/usu2923\/2025\/02\/IMG_1302-768x576.jpg 768w, https:\/\/agora.xtec.cat\/iesguindavols\/wp-content\/uploads\/usu2923\/2025\/02\/IMG_1302-1536x1152.jpg 1536w, https:\/\/agora.xtec.cat\/iesguindavols\/wp-content\/uploads\/usu2923\/2025\/02\/IMG_1302-2048x1536.jpg 2048w, https:\/\/agora.xtec.cat\/iesguindavols\/wp-content\/uploads\/usu2923\/2025\/02\/IMG_1302-200x150.jpg 200w\" sizes=\"auto, (max-width: 1024px) 100vw, 1024px\" \/><\/div><\/div><div class=\"wp-block-getwid-images-stack__media-wrapper\"><div class=\"wp-block-getwid-images-stack__media-inner-wrapper\"><img loading=\"lazy\" decoding=\"async\" width=\"1024\" height=\"768\" class=\"wp-block-getwid-images-stack__media wp-image-71409\" src=\"https:\/\/agora.xtec.cat\/iesguindavols\/wp-content\/uploads\/usu2923\/2025\/02\/IMG_1294-1024x768.jpg\" alt=\"\" data-id=\"71409\" srcset=\"https:\/\/agora.xtec.cat\/iesguindavols\/wp-content\/uploads\/usu2923\/2025\/02\/IMG_1294-1024x768.jpg 1024w, https:\/\/agora.xtec.cat\/iesguindavols\/wp-content\/uploads\/usu2923\/2025\/02\/IMG_1294-300x225.jpg 300w, https:\/\/agora.xtec.cat\/iesguindavols\/wp-content\/uploads\/usu2923\/2025\/02\/IMG_1294-768x576.jpg 768w, https:\/\/agora.xtec.cat\/iesguindavols\/wp-content\/uploads\/usu2923\/2025\/02\/IMG_1294-1536x1152.jpg 1536w, https:\/\/agora.xtec.cat\/iesguindavols\/wp-content\/uploads\/usu2923\/2025\/02\/IMG_1294-2048x1536.jpg 2048w, https:\/\/agora.xtec.cat\/iesguindavols\/wp-content\/uploads\/usu2923\/2025\/02\/IMG_1294-200x150.jpg 200w\" sizes=\"auto, (max-width: 1024px) 100vw, 1024px\" \/><\/div><\/div><\/div><\/div><\/div>\n<\/div>\n<\/div>\n<\/div><\/div><\/div><\/div><\/div>\n","protected":false},"excerpt":{"rendered":"<p>T\u00e8cnica d&#8217;Integraci\u00f3 Social<\/p>\n<p>A l\u2019INS Guind\u00e0vols, la t\u00e8cnica d\u2019integraci\u00f3 social realitza diferents tasques per donar suport als alumnes i a les seves fam\u00edlies, promovent la inclusi\u00f3 i el benestar dins l\u2019entorn escolar.<\/p>\n<p>Durant els esbarjos, s\u2019encarrega de vetllar perqu\u00e8 sigui un espai segur, respectu\u00f3s i sense conflictes.&hellip;  <a href=\"https:\/\/agora.xtec.cat\/iesguindavols\/integracio-social\/\" title=\"Read INTEGRACI\u00d3 SOCIAL\">Llegeix m\u00e9s\u00bb<\/a><\/p>\n","protected":false},"author":50,"featured_media":0,"parent":0,"menu_order":0,"comment_status":"closed","ping_status":"close","template":"","meta":{"_bbp_topic_count":0,"_bbp_reply_count":0,"_bbp_total_topic_count":0,"_bbp_total_reply_count":0,"_bbp_voice_count":0,"_bbp_anonymous_reply_count":0,"_bbp_topic_count_hidden":0,"_bbp_reply_count_hidden":0,"_bbp_forum_subforum_count":0,"footnotes":""},"class_list":["post-71400","page","type-page","status-publish","hentry"],"post_mailing_queue_ids":[],"_links":{"self":[{"href":"https:\/\/agora.xtec.cat\/iesguindavols\/wp-json\/wp\/v2\/pages\/71400","targetHints":{"allow":["GET"]}}],"collection":[{"href":"https:\/\/agora.xtec.cat\/iesguindavols\/wp-json\/wp\/v2\/pages"}],"about":[{"href":"https:\/\/agora.xtec.cat\/iesguindavols\/wp-json\/wp\/v2\/types\/page"}],"author":[{"embeddable":true,"href":"https:\/\/agora.xtec.cat\/iesguindavols\/wp-json\/wp\/v2\/users\/50"}],"replies":[{"embeddable":true,"href":"https:\/\/agora.xtec.cat\/iesguindavols\/wp-json\/wp\/v2\/comments?post=71400"}],"version-history":[{"count":3,"href":"https:\/\/agora.xtec.cat\/iesguindavols\/wp-json\/wp\/v2\/pages\/71400\/revisions"}],"predecessor-version":[{"id":71559,"href":"https:\/\/agora.xtec.cat\/iesguindavols\/wp-json\/wp\/v2\/pages\/71400\/revisions\/71559"}],"wp:attachment":[{"href":"https:\/\/agora.xtec.cat\/iesguindavols\/wp-json\/wp\/v2\/media?parent=71400"}],"curies":[{"name":"wp","href":"https:\/\/api.w.org\/{rel}","templated":true}]}}

INTEGRACIÓ SOCIAL

<div class="wp-block-getwid-section alignfull alignfull getwid-section-content-custom-width"><div class="wp-block-getwid-section__wrapper getwid-padding-left-medium getwid-padding-right-medium"><div class="wp-block-getwid-section__inner-wrapper" style="max-width:1594px"><div class="wp-block-getwid-section__background-holder"><div class="wp-block-getwid-section__background"></div><div class="wp-block-getwid-section__foreground"></div></div><div class="wp-block-getwid-section__content"><div class="wp-block-getwid-section__inner-content">
<div class="wp-block-columns are-vertically-aligned-top has-2-columns are-vertically-aligned-center is-layout-flex wp-container-core-columns-is-layout-1 wp-block-columns-is-layout-flex">
<div class="wp-block-column is-vertically-aligned-top is-vertically-aligned-center is-layout-flow wp-block-column-is-layout-flow">
<div class="wp-block-getwid-advanced-heading has-custom-font-size" style="font-size:40px;margin-bottom:30px;margin-top:10px"><h2 class="wp-block-getwid-advanced-heading__content" style="font-family:&quot;Poiret One&quot;;font-weight:normal">Tècnica d&#8217;Integració Social</h2></div>



<p>A l’INS Guindàvols, la tècnica d’integració social realitza diferents tasques per donar suport als alumnes i a les seves famílies, promovent la inclusió i el benestar dins l’entorn escolar.</p>



<p>Durant els esbarjos, s’encarrega de vetllar perquè sigui un espai segur, respectuós i sense conflictes. Observa les relacions entre els alumnes i intervé de manera preventiva per facilitar la convivència. Actua com a mediadora per ajudar a gestionar els conflictes de manera respectuosa. També presta especial atenció als estudiants que es puguin sentir aïllats o que tinguin dificultats per integrar-se, donant-los suport perquè participin activament en el grup. L’objectiu és que tots els alumnes es sentin còmodes i segurs en aquest espai.</p>



<p>A més, fa seguiment individual d’alguns alumnes, ajudant-los en el seu benestar emocional i social. Organitza tallers per treballar aspectes com la gestió de les emocions i les habilitats socials, i també dona suport a l’aula, tant als alumnes com al professorat, per afavorir un bon ambient d’aprenentatge.</p>



<p>A més, dona suport a les famílies en la tramitació de beques i ajudes per als llibres escolars, facilitant l’accés als recursos necessaris perquè tots els alumnes tinguin les mateixes oportunitats.</p>



<p>La seva tasca consisteix a acompanyar i donar suport als alumnes, promovent un entorn escolar inclusiu.</p>



<div class="wp-block-getwid-advanced-spacer" style="height:20px" aria-hidden="true"></div>



<div class="wp-block-button is-style-outline is-style-outline--1"><a class="wp-block-button__link has-text-color wp-element-button" href="#" style="color:#000000">Contact us</a></div>
</div>



<div class="wp-block-column is-vertically-aligned-top is-vertically-aligned-center is-layout-flow wp-block-column-is-layout-flow">
<div class="wp-block-getwid-images-stack"><div class="wp-block-getwid-images-stack__wrapper"><div class="wp-block-getwid-images-stack__chunk"><div class="wp-block-getwid-images-stack__media-wrapper"><div class="wp-block-getwid-images-stack__media-inner-wrapper"><img loading="lazy" decoding="async" width="1024" height="768" class="wp-block-getwid-images-stack__media wp-image-71401" src="https://agora.xtec.cat/iesguindavols/wp-content/uploads/usu2923/2025/02/IMG_1302-1024x768.jpg" alt="" data-id="71401" srcset="https://agora.xtec.cat/iesguindavols/wp-content/uploads/usu2923/2025/02/IMG_1302-1024x768.jpg 1024w, https://agora.xtec.cat/iesguindavols/wp-content/uploads/usu2923/2025/02/IMG_1302-300x225.jpg 300w, https://agora.xtec.cat/iesguindavols/wp-content/uploads/usu2923/2025/02/IMG_1302-768x576.jpg 768w, https://agora.xtec.cat/iesguindavols/wp-content/uploads/usu2923/2025/02/IMG_1302-1536x1152.jpg 1536w, https://agora.xtec.cat/iesguindavols/wp-content/uploads/usu2923/2025/02/IMG_1302-2048x1536.jpg 2048w, https://agora.xtec.cat/iesguindavols/wp-content/uploads/usu2923/2025/02/IMG_1302-200x150.jpg 200w" sizes="auto, (max-width: 1024px) 100vw, 1024px" /></div></div><div class="wp-block-getwid-images-stack__media-wrapper"><div class="wp-block-getwid-images-stack__media-inner-wrapper"><img loading="lazy" decoding="async" width="1024" height="768" class="wp-block-getwid-images-stack__media wp-image-71409" src="https://agora.xtec.cat/iesguindavols/wp-content/uploads/usu2923/2025/02/IMG_1294-1024x768.jpg" alt="" data-id="71409" srcset="https://agora.xtec.cat/iesguindavols/wp-content/uploads/usu2923/2025/02/IMG_1294-1024x768.jpg 1024w, https://agora.xtec.cat/iesguindavols/wp-content/uploads/usu2923/2025/02/IMG_1294-300x225.jpg 300w, https://agora.xtec.cat/iesguindavols/wp-content/uploads/usu2923/2025/02/IMG_1294-768x576.jpg 768w, https://agora.xtec.cat/iesguindavols/wp-content/uploads/usu2923/2025/02/IMG_1294-1536x1152.jpg 1536w, https://agora.xtec.cat/iesguindavols/wp-content/uploads/usu2923/2025/02/IMG_1294-2048x1536.jpg 2048w, https://agora.xtec.cat/iesguindavols/wp-content/uploads/usu2923/2025/02/IMG_1294-200x150.jpg 200w" sizes="auto, (max-width: 1024px) 100vw, 1024px" /></div></div></div></div></div>
</div>
</div>
</div></div></div></div></div>

<p>Tècnica d&#8217;Integració Social</p>
<p>A l’INS Guindàvols, la tècnica d’integració social realitza diferents tasques per donar suport als alumnes i a les seves famílies, promovent la inclusió i el benestar dins l’entorn escolar.</p>
<p>Durant els esbarjos, s’encarrega de vetllar perquè sigui un espai segur, respectuós i sense conflictes.&hellip;  <a href="https://agora.xtec.cat/iesguindavols/integracio-social/" title="Read INTEGRACIÓ SOCIAL">Llegeix més»</a></p>
