{"id":70631,"date":"2025-02-06T18:15:50","date_gmt":"2025-02-06T17:15:50","guid":{"rendered":"https:\/\/agora.xtec.cat\/iesguindavols\/?page_id=70631"},"modified":"2025-02-07T20:37:35","modified_gmt":"2025-02-07T19:37:35","slug":"projectes-1eso","status":"publish","type":"page","link":"https:\/\/agora.xtec.cat\/iesguindavols\/projectes-1eso\/","title":{"rendered":"PROJECTES 1ESO"},"content":{"rendered":"\n<div class=\"wp-block-getwid-section alignfull alignfull getwid-section-content-custom-width\"><div class=\"wp-block-getwid-section__wrapper getwid-padding-top-large getwid-padding-bottom-large getwid-padding-left-medium getwid-padding-right-medium\" style=\"min-height:70vh\"><div class=\"wp-block-getwid-section__inner-wrapper\" style=\"max-width:740px\"><div class=\"wp-block-getwid-section__background-holder\"><div class=\"wp-block-getwid-section__background\" style=\"background-image:url('https:\/\/agora.xtec.cat\/iesguindavols\/wp-content\/uploads\/usu2923\/2025\/01\/IMG_16301-scaled.jpg')\"><div class=\"wp-block-getwid-section__background-image-wrapper\"><img decoding=\"async\" class=\"wp-block-getwid-section__background-image\" src=\"https:\/\/agora.xtec.cat\/iesguindavols\/wp-content\/uploads\/usu2923\/2025\/01\/IMG_16301-scaled.jpg\" alt=\"\"\/><\/div><\/div><div class=\"wp-block-getwid-section__foreground\" style=\"opacity:0.65;background-color:#000000\"><\/div><\/div><div class=\"wp-block-getwid-section__content\"><div class=\"wp-block-getwid-section__inner-content\">\n<div class=\"wp-block-getwid-advanced-heading has-custom-font-size\" style=\"font-size:50px;margin-bottom:30px;margin-top:10px\"><h2 class=\"wp-block-getwid-advanced-heading__content has-text-color\" style=\"text-align:center;font-family:&quot;Poiret One&quot;;font-weight:normal;color:#ffffff\">PROJECTES A 1r D&#8217;ESO<\/h2><\/div>\n\n\n\n<p class=\"has-white-color has-text-color has-link-color wp-elements-7240758b691891d1679a661755d5229d\" style=\"font-size:28px;font-style:normal;font-weight:200\">El Guind\u00e0vols t\u00e9&nbsp; experi\u00e8ncia de deu anys&nbsp; en l\u2019aplicaci\u00f3&nbsp; de la metodologia de projectes a 1r d\u2019ESO. Dins del curr\u00edculum de 1r d\u2019ESO,&nbsp; projectes, hi t\u00e9 una c\u00e0rrega lectiva de 4 hores setmanals.&nbsp; On al llarg del curs es desenvolupen cinc projectes vinculats amb lleng\u00fces, tecnologia, ci\u00e8ncies socials, ci\u00e8ncies naturals, m\u00fasica, i visual i pl\u00e0stica. Dins de les lleng\u00fces es treballa el projecte TILC del centre.&nbsp;<\/p>\n\n\n\n<p class=\"has-white-color has-text-color has-link-color wp-elements-9636809fca6fb63453450a4c0bb13a13\" style=\"font-size:28px;font-style:normal;font-weight:200\">En el disseny dels projectes s\u2019ha tingut molt en compte la intervenci\u00f3 dels continguts curriculars de totes les mat\u00e8ries que hi intervenen.<\/p>\n\n\n\n<p class=\"has-white-color has-text-color has-link-color wp-elements-881a6b6a1c71fd2bcb72d5cbaff4295d\" style=\"font-size:28px;font-style:normal;font-weight:200\">El treball per projectes pretenen desenvolupar la capacitat de gestionar, d\u2019adquirir, de gestionar i de transmetre coneixement del nostres alumnat. Per tant, les compet\u00e8ncies s\u00f3n el pilar de treball.&nbsp; Aix\u00ed doncs, al llarg del projecte l\u2019alumnat apren conceptes, obt\u00e9 dades, procediments, i continguts necessaris per respondre a la pregunta escollida o repte inicial per a, finalment, poder treure\u2019n unes conclusions.<\/p>\n\n\n\n<figure class=\"wp-block-gallery has-nested-images columns-default is-cropped wp-block-gallery-1 is-layout-flex wp-block-gallery-is-layout-flex\">\n<figure class=\"wp-block-image size-full\"><img loading=\"lazy\" decoding=\"async\" width=\"628\" height=\"636\" src=\"https:\/\/agora.xtec.cat\/iesguindavols\/wp-content\/uploads\/usu2923\/2025\/01\/coneguem.jpg\" alt=\"\" class=\"wp-image-70636\" srcset=\"https:\/\/agora.xtec.cat\/iesguindavols\/wp-content\/uploads\/usu2923\/2025\/01\/coneguem.jpg 628w, https:\/\/agora.xtec.cat\/iesguindavols\/wp-content\/uploads\/usu2923\/2025\/01\/coneguem-296x300.jpg 296w\" sizes=\"auto, (max-width: 628px) 100vw, 628px\" \/><\/figure>\n\n\n\n<figure class=\"wp-block-image size-large\"><img loading=\"lazy\" decoding=\"async\" width=\"1024\" height=\"684\" src=\"https:\/\/agora.xtec.cat\/iesguindavols\/wp-content\/uploads\/usu2923\/2025\/01\/prehistoria-1024x684.jpg\" alt=\"\" class=\"wp-image-70640\"\/><\/figure>\n\n\n\n<figure class=\"wp-block-image size-large\"><img loading=\"lazy\" decoding=\"async\" width=\"438\" height=\"417\" src=\"https:\/\/agora.xtec.cat\/iesguindavols\/wp-content\/uploads\/usu2923\/2025\/01\/Ilerda.jpg\" alt=\"\" class=\"wp-image-70638\" srcset=\"https:\/\/agora.xtec.cat\/iesguindavols\/wp-content\/uploads\/usu2923\/2025\/01\/Ilerda.jpg 438w, https:\/\/agora.xtec.cat\/iesguindavols\/wp-content\/uploads\/usu2923\/2025\/01\/Ilerda-300x286.jpg 300w\" sizes=\"auto, (max-width: 438px) 100vw, 438px\" \/><\/figure>\n\n\n\n<figure class=\"wp-block-image size-full\"><img loading=\"lazy\" decoding=\"async\" width=\"575\" height=\"569\" src=\"https:\/\/agora.xtec.cat\/iesguindavols\/wp-content\/uploads\/usu2923\/2025\/01\/La-terra.jpg\" alt=\"\" class=\"wp-image-70639\" srcset=\"https:\/\/agora.xtec.cat\/iesguindavols\/wp-content\/uploads\/usu2923\/2025\/01\/La-terra.jpg 575w, https:\/\/agora.xtec.cat\/iesguindavols\/wp-content\/uploads\/usu2923\/2025\/01\/La-terra-300x297.jpg 300w\" sizes=\"auto, (max-width: 575px) 100vw, 575px\" \/><\/figure>\n\n\n\n<figure class=\"wp-block-image size-large\"><img loading=\"lazy\" decoding=\"async\" width=\"577\" height=\"572\" src=\"https:\/\/agora.xtec.cat\/iesguindavols\/wp-content\/uploads\/usu2923\/2025\/01\/etselquemenges.jpg\" alt=\"\" class=\"wp-image-70637\" srcset=\"https:\/\/agora.xtec.cat\/iesguindavols\/wp-content\/uploads\/usu2923\/2025\/01\/etselquemenges.jpg 577w, https:\/\/agora.xtec.cat\/iesguindavols\/wp-content\/uploads\/usu2923\/2025\/01\/etselquemenges-300x297.jpg 300w, https:\/\/agora.xtec.cat\/iesguindavols\/wp-content\/uploads\/usu2923\/2025\/01\/etselquemenges-150x150.jpg 150w\" sizes=\"auto, (max-width: 577px) 100vw, 577px\" \/><\/figure>\n<\/figure>\n<\/div><\/div><\/div><\/div><\/div>\n","protected":false},"excerpt":{"rendered":"<p>PROJECTES A 1r D&#8217;ESO<\/p>\n<p>El Guind\u00e0vols t\u00e9&nbsp; experi\u00e8ncia de deu anys&nbsp; en l\u2019aplicaci\u00f3&nbsp; de la metodologia de projectes a 1r d\u2019ESO. Dins del curr\u00edculum de 1r d\u2019ESO,&nbsp; projectes, hi t\u00e9 una c\u00e0rrega lectiva de 4 hores setmanals.&nbsp; On al llarg del curs es desenvolupen cinc projectes&hellip;  <a href=\"https:\/\/agora.xtec.cat\/iesguindavols\/projectes-1eso\/\" title=\"Read PROJECTES 1ESO\">Llegeix m\u00e9s\u00bb<\/a><\/p>\n","protected":false},"author":50,"featured_media":0,"parent":0,"menu_order":0,"comment_status":"closed","ping_status":"close","template":"","meta":{"_bbp_topic_count":0,"_bbp_reply_count":0,"_bbp_total_topic_count":0,"_bbp_total_reply_count":0,"_bbp_voice_count":0,"_bbp_anonymous_reply_count":0,"_bbp_topic_count_hidden":0,"_bbp_reply_count_hidden":0,"_bbp_forum_subforum_count":0,"footnotes":""},"class_list":["post-70631","page","type-page","status-publish","hentry"],"post_mailing_queue_ids":[],"_links":{"self":[{"href":"https:\/\/agora.xtec.cat\/iesguindavols\/wp-json\/wp\/v2\/pages\/70631","targetHints":{"allow":["GET"]}}],"collection":[{"href":"https:\/\/agora.xtec.cat\/iesguindavols\/wp-json\/wp\/v2\/pages"}],"about":[{"href":"https:\/\/agora.xtec.cat\/iesguindavols\/wp-json\/wp\/v2\/types\/page"}],"author":[{"embeddable":true,"href":"https:\/\/agora.xtec.cat\/iesguindavols\/wp-json\/wp\/v2\/users\/50"}],"replies":[{"embeddable":true,"href":"https:\/\/agora.xtec.cat\/iesguindavols\/wp-json\/wp\/v2\/comments?post=70631"}],"version-history":[{"count":6,"href":"https:\/\/agora.xtec.cat\/iesguindavols\/wp-json\/wp\/v2\/pages\/70631\/revisions"}],"predecessor-version":[{"id":71535,"href":"https:\/\/agora.xtec.cat\/iesguindavols\/wp-json\/wp\/v2\/pages\/70631\/revisions\/71535"}],"wp:attachment":[{"href":"https:\/\/agora.xtec.cat\/iesguindavols\/wp-json\/wp\/v2\/media?parent=70631"}],"curies":[{"name":"wp","href":"https:\/\/api.w.org\/{rel}","templated":true}]}}

<div class="wp-block-getwid-section alignfull alignfull getwid-section-content-custom-width"><div class="wp-block-getwid-section__wrapper getwid-padding-top-large getwid-padding-bottom-large getwid-padding-left-medium getwid-padding-right-medium" style="min-height:70vh"><div class="wp-block-getwid-section__inner-wrapper" style="max-width:740px"><div class="wp-block-getwid-section__background-holder"><div class="wp-block-getwid-section__background" style="background-image:url('https://agora.xtec.cat/iesguindavols/wp-content/uploads/usu2923/2025/01/IMG_16301-scaled.jpg')"><div class="wp-block-getwid-section__background-image-wrapper"><img decoding="async" class="wp-block-getwid-section__background-image" src="https://agora.xtec.cat/iesguindavols/wp-content/uploads/usu2923/2025/01/IMG_16301-scaled.jpg" alt=""/></div></div><div class="wp-block-getwid-section__foreground" style="opacity:0.65;background-color:#000000"></div></div><div class="wp-block-getwid-section__content"><div class="wp-block-getwid-section__inner-content">
<div class="wp-block-getwid-advanced-heading has-custom-font-size" style="font-size:50px;margin-bottom:30px;margin-top:10px"><h2 class="wp-block-getwid-advanced-heading__content has-text-color" style="text-align:center;font-family:&quot;Poiret One&quot;;font-weight:normal;color:#ffffff">PROJECTES A 1r D&#8217;ESO</h2></div>



<p class="has-white-color has-text-color has-link-color wp-elements-7240758b691891d1679a661755d5229d" style="font-size:28px;font-style:normal;font-weight:200">El Guindàvols té&nbsp; experiència de deu anys&nbsp; en l’aplicació&nbsp; de la metodologia de projectes a 1r d’ESO. Dins del currículum de 1r d’ESO,&nbsp; projectes, hi té una càrrega lectiva de 4 hores setmanals.&nbsp; On al llarg del curs es desenvolupen cinc projectes vinculats amb llengües, tecnologia, ciències socials, ciències naturals, música, i visual i plàstica. Dins de les llengües es treballa el projecte TILC del centre.&nbsp;</p>



<p class="has-white-color has-text-color has-link-color wp-elements-9636809fca6fb63453450a4c0bb13a13" style="font-size:28px;font-style:normal;font-weight:200">En el disseny dels projectes s’ha tingut molt en compte la intervenció dels continguts curriculars de totes les matèries que hi intervenen.</p>



<p class="has-white-color has-text-color has-link-color wp-elements-881a6b6a1c71fd2bcb72d5cbaff4295d" style="font-size:28px;font-style:normal;font-weight:200">El treball per projectes pretenen desenvolupar la capacitat de gestionar, d’adquirir, de gestionar i de transmetre coneixement del nostres alumnat. Per tant, les competències són el pilar de treball.&nbsp; Així doncs, al llarg del projecte l’alumnat apren conceptes, obté dades, procediments, i continguts necessaris per respondre a la pregunta escollida o repte inicial per a, finalment, poder treure’n unes conclusions.</p>



<figure class="wp-block-gallery has-nested-images columns-default is-cropped wp-block-gallery-1 is-layout-flex wp-block-gallery-is-layout-flex">
<figure class="wp-block-image size-full"><img loading="lazy" decoding="async" width="628" height="636" src="https://agora.xtec.cat/iesguindavols/wp-content/uploads/usu2923/2025/01/coneguem.jpg" alt="" class="wp-image-70636" srcset="https://agora.xtec.cat/iesguindavols/wp-content/uploads/usu2923/2025/01/coneguem.jpg 628w, https://agora.xtec.cat/iesguindavols/wp-content/uploads/usu2923/2025/01/coneguem-296x300.jpg 296w" sizes="auto, (max-width: 628px) 100vw, 628px" /></figure>



<figure class="wp-block-image size-large"><img loading="lazy" decoding="async" width="1024" height="684" src="https://agora.xtec.cat/iesguindavols/wp-content/uploads/usu2923/2025/01/prehistoria-1024x684.jpg" alt="" class="wp-image-70640"/></figure>



<figure class="wp-block-image size-large"><img loading="lazy" decoding="async" width="438" height="417" src="https://agora.xtec.cat/iesguindavols/wp-content/uploads/usu2923/2025/01/Ilerda.jpg" alt="" class="wp-image-70638" srcset="https://agora.xtec.cat/iesguindavols/wp-content/uploads/usu2923/2025/01/Ilerda.jpg 438w, https://agora.xtec.cat/iesguindavols/wp-content/uploads/usu2923/2025/01/Ilerda-300x286.jpg 300w" sizes="auto, (max-width: 438px) 100vw, 438px" /></figure>



<figure class="wp-block-image size-full"><img loading="lazy" decoding="async" width="575" height="569" src="https://agora.xtec.cat/iesguindavols/wp-content/uploads/usu2923/2025/01/La-terra.jpg" alt="" class="wp-image-70639" srcset="https://agora.xtec.cat/iesguindavols/wp-content/uploads/usu2923/2025/01/La-terra.jpg 575w, https://agora.xtec.cat/iesguindavols/wp-content/uploads/usu2923/2025/01/La-terra-300x297.jpg 300w" sizes="auto, (max-width: 575px) 100vw, 575px" /></figure>



<figure class="wp-block-image size-large"><img loading="lazy" decoding="async" width="577" height="572" src="https://agora.xtec.cat/iesguindavols/wp-content/uploads/usu2923/2025/01/etselquemenges.jpg" alt="" class="wp-image-70637" srcset="https://agora.xtec.cat/iesguindavols/wp-content/uploads/usu2923/2025/01/etselquemenges.jpg 577w, https://agora.xtec.cat/iesguindavols/wp-content/uploads/usu2923/2025/01/etselquemenges-300x297.jpg 300w, https://agora.xtec.cat/iesguindavols/wp-content/uploads/usu2923/2025/01/etselquemenges-150x150.jpg 150w" sizes="auto, (max-width: 577px) 100vw, 577px" /></figure>
</figure>
</div></div></div></div></div>

<p>PROJECTES A 1r D&#8217;ESO</p>
<p>El Guindàvols té&nbsp; experiència de deu anys&nbsp; en l’aplicació&nbsp; de la metodologia de projectes a 1r d’ESO. Dins del currículum de 1r d’ESO,&nbsp; projectes, hi té una càrrega lectiva de 4 hores setmanals.&nbsp; On al llarg del curs es desenvolupen cinc projectes&hellip;  <a href="https://agora.xtec.cat/iesguindavols/projectes-1eso/" title="Read PROJECTES 1ESO">Llegeix més»</a></p>
