{"id":69440,"date":"2024-02-14T16:19:09","date_gmt":"2024-02-14T15:19:09","guid":{"rendered":"https:\/\/agora.xtec.cat\/iesguindavols\/?page_id=69440"},"modified":"2024-10-29T12:33:27","modified_gmt":"2024-10-29T11:33:27","slug":"curs-de-capacitacio-digital-per-adults","status":"publish","type":"page","link":"https:\/\/agora.xtec.cat\/iesguindavols\/curs-de-capacitacio-digital-per-adults\/","title":{"rendered":"Curs de capacitaci\u00f3 digital per adults"},"content":{"rendered":"<p>Des del nostre centre us oferim de manera gratu\u00efta i oberta quatre cursos de formaci\u00f3 en l\u2019\u00e0mbit digital, que van des del nivell m\u00e9s b\u00e0sic fins a l\u2019\u00e0mbit professional.<br \/>\nVan adre\u00e7ats a pares, mares i familiars dels nostres alumnes que vulguin aprofundir en el coneixement de les eines digitals, com ara \u00a0l\u2019app del nostre centre iEduca i la gesti\u00f3 del correu electr\u00f2nic.<br \/>\nEs faran en horari a concretar pels organitzadors i en finalitzar el curs rebreu un certificat del curs realitzat.<br \/>\nInscripci\u00f3 oberta de manera permanent fins a completar l\u2019aforament.<\/p>\n<p>Per poder fer la inscripci\u00f3 podeu omplir el seg\u00fcent formulari o b\u00e9 mirar l&#8217;enlla\u00e7: <a title=\"enlla\u00e7\" href=\"https:\/\/agora.xtec.cat\/iesguindavols\/wp-content\/uploads\/usu2923\/2024\/01\/F-DIGITAL-GUIA_Amb-logos-1.pdf\" target=\"_blank\" rel=\"noopener\">https:\/\/agora.xtec.cat\/iesguindavols\/wp-content\/uploads\/usu2923\/2024\/01\/F-DIGITAL-GUIA_Amb-logos-1.pdf<\/a><\/p>\n<div class=\"wp-block-button\"><a class=\"wp-block-button__link\" href=\"https:\/\/forms.gle\/nyHLk57955YVFJMi6\">Formulari capacitaci\u00f3 digital<\/a><\/div>\n<p><strong>Curs 1: Descobrim m\u00f3n digital (curs b\u00e0sic, 15h)<\/strong><br \/>\nContinguts:<br \/>\n&#8211; Descobrim el m\u00f2bil, Activitats: Explorem el dispositiu. Coneixem les icones, La bateria i el carregador, Les operadores. La primera trucada. Activitats: Trucar a alg\u00fa. Els meus contactes i els preferits. To de trucada: volum i vibraci\u00f3, Rebre trucades i SMS.<br \/>\n-Que hi ha alg\u00fa? Activitats: La botiga d\u2019aplicacions. Instal\u00b7lar aplicacions, Configurar el WhatsApp, Enviar missatges.<br \/>\n-El poso al meu gust. Activitats: Aspectes b\u00e0sics de configuraci\u00f3 (wifi, dades, utilitats\u2026). Interf\u00edcie d\u2019usuari.<\/p>\n<p><strong>Curs 2: Ens movem pel m\u00f3n digital (curs mitj\u00e0, 15h)<\/strong><br \/>\nEns movem pel m\u00f3n digital (15 hores), per a persones que utilitzen algunes eines digitals de forma regular, per\u00f2 que no s\u00f3n aut\u00f2nomes per donar-los nous usos.<br \/>\nContinguts:<br \/>\n-El meu primer correu. Activitats: Gesti\u00f3 del correu. Els meus contactes. Configuraci\u00f3 del compte de correu.<br \/>\n-Faig fotos i v\u00eddeos. Activitats: La c\u00e0mera del m\u00f2bil, m\u2019he fet una selfie. La galeria d\u2019imatges.<br \/>\n-La immensitat digital. Activitats: Navegar pel web. Cerquem i consultem informaci\u00f3. Adreces preferides.<br \/>\n-Ull, vigilem qu\u00e8 fem i diem!. Activitats: Quins missatges!. Q\u00fcesti\u00f3 d\u2019etiqueta. Seguretat.<\/p>\n<p><strong>Curs 3: Ens endinsem pel m\u00f3n digital (curs b\u00e0sic, 15h)\u00a0<\/strong><br \/>\nEns endinsem en el m\u00f3n digital\u201d (15 hores), per a persones amb autonomia digital que volen aprofundir en la seves compet\u00e8ncies.<br \/>\n-Continguts:<br \/>\nCom puc anar a\u2026, Activitats: On est\u00e0 aquest museu?. Bus, metro, tramvia\u2026. Quin temps far\u00e0? A quina hora sortim de casa?.<br \/>\n-Tot a la butxaca, Activitats: El banc a la butxaca. Quin dia tinc hora al metge?. Fem tr\u00e0mits en l\u00ednia, Identificaci\u00f3 digital (Cl@ve \/ idCAT m\u00f2bil).<br \/>\n-Guardem i compartim. Activitats: Tot el material junt, fem un \u00e0lbum de fotos, qu\u00e8 fem amb els v\u00eddeos?, compartim-ho!.<br \/>\n-Relaxem-nos i gaudim. Activitats: Escoltem m\u00fasica, mirem pel\u00b7l\u00edcules i s\u00e8ries, llegim.<\/p>\n<p><strong>Curs 4. DIGITALITZACI\u00d3 APLICADA A L&#8217;ENTORN PROFESSIONAL (30h, 2 m\u00f2duls formatius de 15h)<\/strong><br \/>\n-Continguts:<br \/>\nEl programa formatiu Digitalitzaci\u00f3 aplicada a l&#8217;entorn professional associat a la qualificaci\u00f3 professional IFC748_2 est\u00e0 format pels m\u00f2duls formatius seg\u00fcents:<br \/>\na) M\u00f2dul formatiu MF2490_2: Gesti\u00f3 de dispositius i dades mitjan\u00e7ant tecnologies habilitadores digitals. (15 hores).<br \/>\nb) M\u00f2dul formatiu MF2491_2: Gesti\u00f3 de continguts mitjan\u00e7ant tecnologies habilitadores digitals (15 hores).<br \/>\nEn total, el programa tindr\u00e0 una durada de 30 hores, 15 hores cada m\u00f2dul formatiu.<\/p>\n<p><strong>Curs 5. Digitalitzaci\u00f3 en la ind\u00fastria, els serveis i la comunicaci\u00f3<\/strong><\/p>\n<p>Adre\u00e7at a persones amb compet\u00e8ncies digitals en l&#8217;\u00e0mbit personal que vulguin ampliar-les en els sectors de la ind\u00fastria, els serveis i la comunicaci\u00f3.<\/p>\n<p>Els continguts s\u00f3n els seg\u00fcents:<\/p>\n<p>Dissenys digitals a la xarxa<br \/>\n\u00das i configuraci\u00f3 d&#8217;impressores 3D<br \/>\n\u00das de les ulleres de realitat virtual<br \/>\nSelecci\u00f3 de materials per a la impressi\u00f3<br \/>\nManteniment de l&#8217;equip i \u00fas de les talladores l\u00e0ser.<\/p>\n<p>Durada 15 hores.<\/p>\n","protected":false},"excerpt":{"rendered":"<p>Des del nostre centre us oferim de manera gratu\u00efta i oberta quatre cursos de formaci\u00f3 en l\u2019\u00e0mbit digital, que van des del nivell m\u00e9s b\u00e0sic fins a l\u2019\u00e0mbit professional.<br \/>\nVan adre\u00e7ats a pares, mares i familiars dels nostres alumnes que vulguin aprofundir en el coneixement de&hellip;  <a href=\"https:\/\/agora.xtec.cat\/iesguindavols\/curs-de-capacitacio-digital-per-adults\/\" title=\"Read Curs de capacitaci\u00f3 digital per adults\">Llegeix m\u00e9s\u00bb<\/a><\/p>\n","protected":false},"author":6,"featured_media":0,"parent":0,"menu_order":0,"comment_status":"closed","ping_status":"closed","template":"","meta":{"_bbp_topic_count":0,"_bbp_reply_count":0,"_bbp_total_topic_count":0,"_bbp_total_reply_count":0,"_bbp_voice_count":0,"_bbp_anonymous_reply_count":0,"_bbp_topic_count_hidden":0,"_bbp_reply_count_hidden":0,"_bbp_forum_subforum_count":0,"footnotes":""},"class_list":["post-69440","page","type-page","status-publish","hentry"],"post_mailing_queue_ids":[],"_links":{"self":[{"href":"https:\/\/agora.xtec.cat\/iesguindavols\/wp-json\/wp\/v2\/pages\/69440","targetHints":{"allow":["GET"]}}],"collection":[{"href":"https:\/\/agora.xtec.cat\/iesguindavols\/wp-json\/wp\/v2\/pages"}],"about":[{"href":"https:\/\/agora.xtec.cat\/iesguindavols\/wp-json\/wp\/v2\/types\/page"}],"author":[{"embeddable":true,"href":"https:\/\/agora.xtec.cat\/iesguindavols\/wp-json\/wp\/v2\/users\/6"}],"replies":[{"embeddable":true,"href":"https:\/\/agora.xtec.cat\/iesguindavols\/wp-json\/wp\/v2\/comments?post=69440"}],"version-history":[{"count":6,"href":"https:\/\/agora.xtec.cat\/iesguindavols\/wp-json\/wp\/v2\/pages\/69440\/revisions"}],"predecessor-version":[{"id":71268,"href":"https:\/\/agora.xtec.cat\/iesguindavols\/wp-json\/wp\/v2\/pages\/69440\/revisions\/71268"}],"wp:attachment":[{"href":"https:\/\/agora.xtec.cat\/iesguindavols\/wp-json\/wp\/v2\/media?parent=69440"}],"curies":[{"name":"wp","href":"https:\/\/api.w.org\/{rel}","templated":true}]}}

Curs de capacitació digital per adults

<p>Des del nostre centre us oferim de manera gratuïta i oberta quatre cursos de formació en l’àmbit digital, que van des del nivell més bàsic fins a l’àmbit professional.<br />
Van adreçats a pares, mares i familiars dels nostres alumnes que vulguin aprofundir en el coneixement de les eines digitals, com ara  l’app del nostre centre iEduca i la gestió del correu electrònic.<br />
Es faran en horari a concretar pels organitzadors i en finalitzar el curs rebreu un certificat del curs realitzat.<br />
Inscripció oberta de manera permanent fins a completar l’aforament.</p>
<p>Per poder fer la inscripció podeu omplir el següent formulari o bé mirar l&#8217;enllaç: <a title="enllaç" href="https://agora.xtec.cat/iesguindavols/wp-content/uploads/usu2923/2024/01/F-DIGITAL-GUIA_Amb-logos-1.pdf" target="_blank" rel="noopener">https://agora.xtec.cat/iesguindavols/wp-content/uploads/usu2923/2024/01/F-DIGITAL-GUIA_Amb-logos-1.pdf</a></p>
<div class="wp-block-button"><a class="wp-block-button__link" href="https://forms.gle/nyHLk57955YVFJMi6">Formulari capacitació digital</a></div>
<p><strong>Curs 1: Descobrim món digital (curs bàsic, 15h)</strong><br />
Continguts:<br />
&#8211; Descobrim el mòbil, Activitats: Explorem el dispositiu. Coneixem les icones, La bateria i el carregador, Les operadores. La primera trucada. Activitats: Trucar a algú. Els meus contactes i els preferits. To de trucada: volum i vibració, Rebre trucades i SMS.<br />
-Que hi ha algú? Activitats: La botiga d’aplicacions. Instal·lar aplicacions, Configurar el WhatsApp, Enviar missatges.<br />
-El poso al meu gust. Activitats: Aspectes bàsics de configuració (wifi, dades, utilitats…). Interfície d’usuari.</p>
<p><strong>Curs 2: Ens movem pel món digital (curs mitjà, 15h)</strong><br />
Ens movem pel món digital (15 hores), per a persones que utilitzen algunes eines digitals de forma regular, però que no són autònomes per donar-los nous usos.<br />
Continguts:<br />
-El meu primer correu. Activitats: Gestió del correu. Els meus contactes. Configuració del compte de correu.<br />
-Faig fotos i vídeos. Activitats: La càmera del mòbil, m’he fet una selfie. La galeria d’imatges.<br />
-La immensitat digital. Activitats: Navegar pel web. Cerquem i consultem informació. Adreces preferides.<br />
-Ull, vigilem què fem i diem!. Activitats: Quins missatges!. Qüestió d’etiqueta. Seguretat.</p>
<p><strong>Curs 3: Ens endinsem pel món digital (curs bàsic, 15h) </strong><br />
Ens endinsem en el món digital” (15 hores), per a persones amb autonomia digital que volen aprofundir en la seves competències.<br />
-Continguts:<br />
Com puc anar a…, Activitats: On està aquest museu?. Bus, metro, tramvia…. Quin temps farà? A quina hora sortim de casa?.<br />
-Tot a la butxaca, Activitats: El banc a la butxaca. Quin dia tinc hora al metge?. Fem tràmits en línia, Identificació digital (Cl@ve / idCAT mòbil).<br />
-Guardem i compartim. Activitats: Tot el material junt, fem un àlbum de fotos, què fem amb els vídeos?, compartim-ho!.<br />
-Relaxem-nos i gaudim. Activitats: Escoltem música, mirem pel·lícules i sèries, llegim.</p>
<p><strong>Curs 4. DIGITALITZACIÓ APLICADA A L&#8217;ENTORN PROFESSIONAL (30h, 2 mòduls formatius de 15h)</strong><br />
-Continguts:<br />
El programa formatiu Digitalització aplicada a l&#8217;entorn professional associat a la qualificació professional IFC748_2 està format pels mòduls formatius següents:<br />
a) Mòdul formatiu MF2490_2: Gestió de dispositius i dades mitjançant tecnologies habilitadores digitals. (15 hores).<br />
b) Mòdul formatiu MF2491_2: Gestió de continguts mitjançant tecnologies habilitadores digitals (15 hores).<br />
En total, el programa tindrà una durada de 30 hores, 15 hores cada mòdul formatiu.</p>
<p><strong>Curs 5. Digitalització en la indústria, els serveis i la comunicació</strong></p>
<p>Adreçat a persones amb competències digitals en l&#8217;àmbit personal que vulguin ampliar-les en els sectors de la indústria, els serveis i la comunicació.</p>
<p>Els continguts són els següents:</p>
<p>Dissenys digitals a la xarxa<br />
Ús i configuració d&#8217;impressores 3D<br />
Ús de les ulleres de realitat virtual<br />
Selecció de materials per a la impressió<br />
Manteniment de l&#8217;equip i ús de les talladores làser.</p>
<p>Durada 15 hores.</p>

<p>Des del nostre centre us oferim de manera gratuïta i oberta quatre cursos de formació en l’àmbit digital, que van des del nivell més bàsic fins a l’àmbit professional.<br />
Van adreçats a pares, mares i familiars dels nostres alumnes que vulguin aprofundir en el coneixement de&hellip;  <a href="https://agora.xtec.cat/iesguindavols/curs-de-capacitacio-digital-per-adults/" title="Read Curs de capacitació digital per adults">Llegeix més»</a></p>
