{"id":69393,"date":"2024-02-13T02:09:56","date_gmt":"2024-02-13T01:09:56","guid":{"rendered":"https:\/\/agora.xtec.cat\/iesguindavols\/?page_id=69393"},"modified":"2025-03-03T11:16:19","modified_gmt":"2025-03-03T10:16:19","slug":"matricula-curs-2025-26","status":"publish","type":"page","link":"https:\/\/agora.xtec.cat\/iesguindavols\/secretaria\/matricula-curs-2025-26\/","title":{"rendered":"Matr\u00edcula curs 2025-26"},"content":{"rendered":"<p>Matr\u00edcula alumnat <strong>amb continu\u00eftat<\/strong> al centre que el proper curs far\u00e0 ESO, Batxillerat o Cicles Formatius.<\/p>\n<p>Matr\u00edcula alumnat <strong>NOU<\/strong> al centre<\/p>\n","protected":false},"excerpt":{"rendered":"<p>Matr\u00edcula alumnat amb continu\u00eftat al centre que el proper curs far\u00e0 ESO, Batxillerat o Cicles Formatius.<br \/>\nMatr\u00edcula alumnat NOU al centre<\/p>\n","protected":false},"author":8,"featured_media":0,"parent":81,"menu_order":2,"comment_status":"closed","ping_status":"closed","template":"page-templates\/side-menu.php","meta":{"_bbp_topic_count":0,"_bbp_reply_count":0,"_bbp_total_topic_count":0,"_bbp_total_reply_count":0,"_bbp_voice_count":0,"_bbp_anonymous_reply_count":0,"_bbp_topic_count_hidden":0,"_bbp_reply_count_hidden":0,"_bbp_forum_subforum_count":0,"footnotes":""},"class_list":["post-69393","page","type-page","status-publish","hentry"],"post_mailing_queue_ids":[],"_links":{"self":[{"href":"https:\/\/agora.xtec.cat\/iesguindavols\/wp-json\/wp\/v2\/pages\/69393","targetHints":{"allow":["GET"]}}],"collection":[{"href":"https:\/\/agora.xtec.cat\/iesguindavols\/wp-json\/wp\/v2\/pages"}],"about":[{"href":"https:\/\/agora.xtec.cat\/iesguindavols\/wp-json\/wp\/v2\/types\/page"}],"author":[{"embeddable":true,"href":"https:\/\/agora.xtec.cat\/iesguindavols\/wp-json\/wp\/v2\/users\/8"}],"replies":[{"embeddable":true,"href":"https:\/\/agora.xtec.cat\/iesguindavols\/wp-json\/wp\/v2\/comments?post=69393"}],"version-history":[{"count":2,"href":"https:\/\/agora.xtec.cat\/iesguindavols\/wp-json\/wp\/v2\/pages\/69393\/revisions"}],"predecessor-version":[{"id":72068,"href":"https:\/\/agora.xtec.cat\/iesguindavols\/wp-json\/wp\/v2\/pages\/69393\/revisions\/72068"}],"up":[{"embeddable":true,"href":"https:\/\/agora.xtec.cat\/iesguindavols\/wp-json\/wp\/v2\/pages\/81"}],"wp:attachment":[{"href":"https:\/\/agora.xtec.cat\/iesguindavols\/wp-json\/wp\/v2\/media?parent=69393"}],"curies":[{"name":"wp","href":"https:\/\/api.w.org\/{rel}","templated":true}]}}