{"id":69390,"date":"2024-02-13T01:51:17","date_gmt":"2024-02-13T00:51:17","guid":{"rendered":"https:\/\/agora.xtec.cat\/iesguindavols\/?page_id=69390"},"modified":"2026-03-04T14:49:42","modified_gmt":"2026-03-04T13:49:42","slug":"preinscripcio-curs-2026-27","status":"publish","type":"page","link":"https:\/\/agora.xtec.cat\/iesguindavols\/secretaria\/preinscripcio-curs-2026-27\/","title":{"rendered":"Preinscripci\u00f3  curs 2026-27"},"content":{"rendered":"<p><strong>Es fa a trav\u00e9s del portal\u00a0 \u00a0gencat\u00a0 \u00a0(Generalitat de Catalunya)<\/strong><\/p>\n<h3><a href=\"https:\/\/educacio.gencat.cat\/ca\/tramits\/tramits-temes\/admissio-centre-fora-proces-preinscripcio\">ADMISSI\u00d3 ESO FORA DEL PROC\u00c9S DE PREINSCRIPCI\u00d3<\/a><\/h3>\n<p><a href=\"https:\/\/preinscripcio.gencat.cat\/ca\/estudis\/eso\/inici\/\">Preinscripci\u00f3 ESO curs 2026-27<\/a><\/p>\n<p><a href=\"https:\/\/preinscripcio.gencat.cat\/ca\/estudis\/batxillerat\/inici\/\">Preinscripci\u00f3 BATXILLERAT curs 2026-27<\/a><\/p>\n<p><a href=\"https:\/\/preinscripcio.gencat.cat\/ca\/estudis\/fp-grau-mitja\/inici\/index.html\">Preinscripci\u00f3 CF GRAU MITJ\u00c0 curs 2026-27<\/a><\/p>\n<p><a href=\"https:\/\/preinscripcio.gencat.cat\/ca\/estudis\/fp-grau-superior\/inici\/index.html\">Preinscripci\u00f3 CF GRAU SUPERIOR curs 2026-27<\/a><\/p>\n\n\n<p><\/p>\n","protected":false},"excerpt":{"rendered":"<p>Es fa a trav\u00e9s del portal\u00a0 \u00a0gencat\u00a0 \u00a0(Generalitat de Catalunya)<br \/>\n<a href=\"https:\/\/educacio.gencat.cat\/ca\/tramits\/tramits-temes\/admissio-centre-fora-proces-preinscripcio\">ADMISSI\u00d3 ESO FORA DEL PROC\u00c9S DE PREINSCRIPCI\u00d3<\/a><br \/>\n<a href=\"https:\/\/preinscripcio.gencat.cat\/ca\/estudis\/eso\/inici\/\">Preinscripci\u00f3 ESO curs 2026-27<\/a><br \/>\n<a href=\"https:\/\/preinscripcio.gencat.cat\/ca\/estudis\/batxillerat\/inici\/\">Preinscripci\u00f3 BATXILLERAT curs 2026-27<\/a><br \/>\n<a href=\"https:\/\/preinscripcio.gencat.cat\/ca\/estudis\/fp-grau-mitja\/inici\/index.html\">Preinscripci\u00f3 CF GRAU MITJ\u00c0 curs 2026-27<\/a><br \/>\n<a href=\"https:\/\/preinscripcio.gencat.cat\/ca\/estudis\/fp-grau-superior\/inici\/index.html\">Preinscripci\u00f3 CF GRAU SUPERIOR curs 2026-27<\/a><\/p>\n","protected":false},"author":8,"featured_media":0,"parent":81,"menu_order":1,"comment_status":"closed","ping_status":"closed","template":"page-templates\/side-menu.php","meta":{"_bbp_topic_count":0,"_bbp_reply_count":0,"_bbp_total_topic_count":0,"_bbp_total_reply_count":0,"_bbp_voice_count":0,"_bbp_anonymous_reply_count":0,"_bbp_topic_count_hidden":0,"_bbp_reply_count_hidden":0,"_bbp_forum_subforum_count":0,"footnotes":""},"class_list":["post-69390","page","type-page","status-publish","hentry"],"post_mailing_queue_ids":[],"_links":{"self":[{"href":"https:\/\/agora.xtec.cat\/iesguindavols\/wp-json\/wp\/v2\/pages\/69390","targetHints":{"allow":["GET"]}}],"collection":[{"href":"https:\/\/agora.xtec.cat\/iesguindavols\/wp-json\/wp\/v2\/pages"}],"about":[{"href":"https:\/\/agora.xtec.cat\/iesguindavols\/wp-json\/wp\/v2\/types\/page"}],"author":[{"embeddable":true,"href":"https:\/\/agora.xtec.cat\/iesguindavols\/wp-json\/wp\/v2\/users\/8"}],"replies":[{"embeddable":true,"href":"https:\/\/agora.xtec.cat\/iesguindavols\/wp-json\/wp\/v2\/comments?post=69390"}],"version-history":[{"count":6,"href":"https:\/\/agora.xtec.cat\/iesguindavols\/wp-json\/wp\/v2\/pages\/69390\/revisions"}],"predecessor-version":[{"id":72907,"href":"https:\/\/agora.xtec.cat\/iesguindavols\/wp-json\/wp\/v2\/pages\/69390\/revisions\/72907"}],"up":[{"embeddable":true,"href":"https:\/\/agora.xtec.cat\/iesguindavols\/wp-json\/wp\/v2\/pages\/81"}],"wp:attachment":[{"href":"https:\/\/agora.xtec.cat\/iesguindavols\/wp-json\/wp\/v2\/media?parent=69390"}],"curies":[{"name":"wp","href":"https:\/\/api.w.org\/{rel}","templated":true}]}}

Preinscripció  curs 2026-27

<p><strong>Es fa a través del portal   gencat   (Generalitat de Catalunya)</strong></p>
<h3><a href="https://educacio.gencat.cat/ca/tramits/tramits-temes/admissio-centre-fora-proces-preinscripcio">ADMISSIÓ ESO FORA DEL PROCÉS DE PREINSCRIPCIÓ</a></h3>
<p><a href="https://preinscripcio.gencat.cat/ca/estudis/eso/inici/">Preinscripció ESO curs 2026-27</a></p>
<p><a href="https://preinscripcio.gencat.cat/ca/estudis/batxillerat/inici/">Preinscripció BATXILLERAT curs 2026-27</a></p>
<p><a href="https://preinscripcio.gencat.cat/ca/estudis/fp-grau-mitja/inici/index.html">Preinscripció CF GRAU MITJÀ curs 2026-27</a></p>
<p><a href="https://preinscripcio.gencat.cat/ca/estudis/fp-grau-superior/inici/index.html">Preinscripció CF GRAU SUPERIOR curs 2026-27</a></p>


<p></p>

<p>Es fa a través del portal   gencat   (Generalitat de Catalunya)<br />
<a href="https://educacio.gencat.cat/ca/tramits/tramits-temes/admissio-centre-fora-proces-preinscripcio">ADMISSIÓ ESO FORA DEL PROCÉS DE PREINSCRIPCIÓ</a><br />
<a href="https://preinscripcio.gencat.cat/ca/estudis/eso/inici/">Preinscripció ESO curs 2026-27</a><br />
<a href="https://preinscripcio.gencat.cat/ca/estudis/batxillerat/inici/">Preinscripció BATXILLERAT curs 2026-27</a><br />
<a href="https://preinscripcio.gencat.cat/ca/estudis/fp-grau-mitja/inici/index.html">Preinscripció CF GRAU MITJÀ curs 2026-27</a><br />
<a href="https://preinscripcio.gencat.cat/ca/estudis/fp-grau-superior/inici/index.html">Preinscripció CF GRAU SUPERIOR curs 2026-27</a></p>
