{"id":66528,"date":"2023-04-17T23:41:11","date_gmt":"2023-04-17T21:41:11","guid":{"rendered":"https:\/\/agora.xtec.cat\/iesguindavols\/?page_id=66528"},"modified":"2025-01-13T11:00:39","modified_gmt":"2025-01-13T10:00:39","slug":"cfgs-txe0","status":"publish","type":"page","link":"https:\/\/agora.xtec.cat\/iesguindavols\/estudis\/cicles-formatius\/cfgs-txe0\/","title":{"rendered":"CFGS TXE0"},"content":{"rendered":"<div style=\"position: relative; text-align: left; color: white; --ampladeta: 30%;\">\n<div style=\"width: var(--ampladeta); overflow: hidden;\"><img decoding=\"async\" style=\"clip-path: polygon(75% 0%, 100% 50%, 75% 100%, 0% 100%, 25% 50%, 0% 0%);\" src=\"https:\/\/agora.xtec.cat\/iesguindavols\/wp-content\/uploads\/usu2923\/2023\/04\/Foto_TXE0-scaled.jpg\" \/><\/p>\n<div style=\"position: absolute; top: 0%; left: 35%;\"><span style=\"font-size: 3.5vw; background: linear-gradient(135deg, rgb(51, 140, 221, 0.8), rgb(255, 87, 51, 0.5)); box-decoration-break: slice; line-height: 1.25;\">CFGS<br \/>\nT\u00e8cnic\/a superior en<br \/>\nPatronatge<br \/>\ni moda<\/span><\/div>\n<\/div>\n<\/div>\n<p><span style=\"color: #dd296b; font-size: 2vw;\"><b>Horari marc:<\/b> Tarda<\/span><\/p>\n<p><span style=\"color: #dd296b; font-size: 2vw;\"><b>Durada:<\/b> 2.000 hores distribu\u00efdes en dos cursos acad\u00e8mics (1.485 hores en el centre educatiu i 515 hores d&#8217;estada a l&#8217;empresa en un centre de treball)<\/span><\/p>\n<p><span style=\"color: #dd296b; font-size: 2vw;\"><b>3X2<\/b> Amb un curs m\u00e9s s\u2019obt\u00e9 el t\u00edtol de t\u00e8cnic\/a superior en Vestuari a mida i d&#8217;espectacles.<\/span><\/p>\n<h3>De qu\u00e8 treballar\u00e0s?<\/h3>\n<ul>\n<li>T\u00e8cnic\/a patronista.<\/li>\n<li>T\u00e8cnic\/a responsable en mostrari.<\/li>\n<li>T\u00e8cnic\/a en confecci\u00f3 de prototips.<\/li>\n<li>T\u00e8cnic\/a en confecci\u00f3 industrial.<\/li>\n<li>T\u00e8cnic\/a en fabricaci\u00f3 d\u2019articles de pell i de cuir.<\/li>\n<li>T\u00e8cnic\/a en organitzaci\u00f3 de la producci\u00f3.<\/li>\n<li>Dissenyador\/a t\u00e8cnic\/a de patronatge i confecci\u00f3 amb CAD\/CAM.<\/li>\n<li>T\u00e8cnic\/a de desenvolupament de productes de confecci\u00f3 (I+D+i).<\/li>\n<\/ul>\n<h3>Qu\u00e8 estudiar\u00e0s?<\/h3>\n<ul>\n<li>Gesti\u00f3 de la Qualitat, Prevenci\u00f3 de Riscos Laborals i Protecci\u00f3 Ambiental.<\/li>\n<li>Moda i Tend\u00e8ncies.<\/li>\n<li>Materials en T\u00e8xtil, Confecci\u00f3 i Pell.<\/li>\n<li>T\u00e8cniques en Confecci\u00f3.<\/li>\n<li>Processos en Confecci\u00f3 Industrial.<\/li>\n<li>Organitzaci\u00f3 de la Producci\u00f3 en Confecci\u00f3 Industrial.<\/li>\n<li>An\u00e0lisi de Dissenys en T\u00e8xtil i Pell.<\/li>\n<li>Elaboraci\u00f3 de Prototips.<\/li>\n<li>Patronatge Industrial en T\u00e8xtil i Pell.<\/li>\n<li>Industrialitzaci\u00f3 i Escalat de Patrons.<\/li>\n<li>Angl\u00e8s Professional.<\/li>\n<li>Digitalitzaci\u00f3 Aplicada als Sectors Productius.<\/li>\n<li>Sostenibilitat Aplicada al Sistema Productiu.<\/li>\n<li>Itinerari Personal per a l&#8217;Ocupabilitat I.<\/li>\n<li>Itinerari Personal per a l&#8217;Ocupabilitat II.<\/li>\n<li>Projecte Intermodular.<\/li>\n<li>M\u00f2dul Professional Optatiu.<\/li>\n<\/ul>\n<h3>On treballar\u00e0s?<\/h3>\n<p>En empreses de confecci\u00f3 industrial del vestit, pelleteria, cal\u00e7at, marroquineria i tallers de confecci\u00f3 a mida de peces de vestir.<\/p>\n<h3>Compet\u00e8ncies professionals:<\/h3>\n<p>Aquests estudis capaciten per elaborar els patrons i la gradaci\u00f3 de patrons ajustats al disseny dels articles i per organitzar i gestionar t\u00e8cnicament els processos de producci\u00f3, dins l&#8217;\u00e0rea de la confecci\u00f3 industrial, actuant sota normes de bona pr\u00e0ctica, aix\u00ed com de seguretat laboral i ambiental.<\/p>\n","protected":false},"excerpt":{"rendered":"<p>CFGS<br \/>\nT\u00e8cnic\/a superior en<br \/>\nPatronatge<br \/>\ni moda<\/p>\n<p>Horari marc: Tarda<br \/>\nDurada: 2.000 hores distribu\u00efdes en dos cursos acad\u00e8mics (1.485 hores en el centre educatiu i 515 hores d&#8217;estada a l&#8217;empresa en un centre de treball)<br \/>\n3X2 Amb un curs m\u00e9s s\u2019obt\u00e9 el t\u00edtol de t\u00e8cnic\/a superior en Vestuari a mida i&hellip;  <a href=\"https:\/\/agora.xtec.cat\/iesguindavols\/estudis\/cicles-formatius\/cfgs-txe0\/\" title=\"Read CFGS TXE0\">Llegeix m\u00e9s\u00bb<\/a><\/p>\n","protected":false},"author":5,"featured_media":0,"parent":70467,"menu_order":0,"comment_status":"closed","ping_status":"closed","template":"","meta":{"_bbp_topic_count":0,"_bbp_reply_count":0,"_bbp_total_topic_count":0,"_bbp_total_reply_count":0,"_bbp_voice_count":0,"_bbp_anonymous_reply_count":0,"_bbp_topic_count_hidden":0,"_bbp_reply_count_hidden":0,"_bbp_forum_subforum_count":0,"footnotes":""},"class_list":["post-66528","page","type-page","status-publish","hentry"],"post_mailing_queue_ids":[],"_links":{"self":[{"href":"https:\/\/agora.xtec.cat\/iesguindavols\/wp-json\/wp\/v2\/pages\/66528","targetHints":{"allow":["GET"]}}],"collection":[{"href":"https:\/\/agora.xtec.cat\/iesguindavols\/wp-json\/wp\/v2\/pages"}],"about":[{"href":"https:\/\/agora.xtec.cat\/iesguindavols\/wp-json\/wp\/v2\/types\/page"}],"author":[{"embeddable":true,"href":"https:\/\/agora.xtec.cat\/iesguindavols\/wp-json\/wp\/v2\/users\/5"}],"replies":[{"embeddable":true,"href":"https:\/\/agora.xtec.cat\/iesguindavols\/wp-json\/wp\/v2\/comments?post=66528"}],"version-history":[{"count":6,"href":"https:\/\/agora.xtec.cat\/iesguindavols\/wp-json\/wp\/v2\/pages\/66528\/revisions"}],"predecessor-version":[{"id":70455,"href":"https:\/\/agora.xtec.cat\/iesguindavols\/wp-json\/wp\/v2\/pages\/66528\/revisions\/70455"}],"up":[{"embeddable":true,"href":"https:\/\/agora.xtec.cat\/iesguindavols\/wp-json\/wp\/v2\/pages\/70467"}],"wp:attachment":[{"href":"https:\/\/agora.xtec.cat\/iesguindavols\/wp-json\/wp\/v2\/media?parent=66528"}],"curies":[{"name":"wp","href":"https:\/\/api.w.org\/{rel}","templated":true}]}}

<div style="position: relative; text-align: left; color: white; --ampladeta: 30%;">
<div style="width: var(--ampladeta); overflow: hidden;"><img decoding="async" style="clip-path: polygon(75% 0%, 100% 50%, 75% 100%, 0% 100%, 25% 50%, 0% 0%);" src="https://agora.xtec.cat/iesguindavols/wp-content/uploads/usu2923/2023/04/Foto_TXE0-scaled.jpg" /></p>
<div style="position: absolute; top: 0%; left: 35%;"><span style="font-size: 3.5vw; background: linear-gradient(135deg, rgb(51, 140, 221, 0.8), rgb(255, 87, 51, 0.5)); box-decoration-break: slice; line-height: 1.25;">CFGS<br />
Tècnic/a superior en<br />
Patronatge<br />
i moda</span></div>
</div>
</div>
<p><span style="color: #dd296b; font-size: 2vw;"><b>Horari marc:</b> Tarda</span></p>
<p><span style="color: #dd296b; font-size: 2vw;"><b>Durada:</b> 2.000 hores distribuïdes en dos cursos acadèmics (1.485 hores en el centre educatiu i 515 hores d&#8217;estada a l&#8217;empresa en un centre de treball)</span></p>
<p><span style="color: #dd296b; font-size: 2vw;"><b>3X2</b> Amb un curs més s’obté el títol de tècnic/a superior en Vestuari a mida i d&#8217;espectacles.</span></p>
<h3>De què treballaràs?</h3>
<ul>
<li>Tècnic/a patronista.</li>
<li>Tècnic/a responsable en mostrari.</li>
<li>Tècnic/a en confecció de prototips.</li>
<li>Tècnic/a en confecció industrial.</li>
<li>Tècnic/a en fabricació d’articles de pell i de cuir.</li>
<li>Tècnic/a en organització de la producció.</li>
<li>Dissenyador/a tècnic/a de patronatge i confecció amb CAD/CAM.</li>
<li>Tècnic/a de desenvolupament de productes de confecció (I+D+i).</li>
</ul>
<h3>Què estudiaràs?</h3>
<ul>
<li>Gestió de la Qualitat, Prevenció de Riscos Laborals i Protecció Ambiental.</li>
<li>Moda i Tendències.</li>
<li>Materials en Tèxtil, Confecció i Pell.</li>
<li>Tècniques en Confecció.</li>
<li>Processos en Confecció Industrial.</li>
<li>Organització de la Producció en Confecció Industrial.</li>
<li>Anàlisi de Dissenys en Tèxtil i Pell.</li>
<li>Elaboració de Prototips.</li>
<li>Patronatge Industrial en Tèxtil i Pell.</li>
<li>Industrialització i Escalat de Patrons.</li>
<li>Anglès Professional.</li>
<li>Digitalització Aplicada als Sectors Productius.</li>
<li>Sostenibilitat Aplicada al Sistema Productiu.</li>
<li>Itinerari Personal per a l&#8217;Ocupabilitat I.</li>
<li>Itinerari Personal per a l&#8217;Ocupabilitat II.</li>
<li>Projecte Intermodular.</li>
<li>Mòdul Professional Optatiu.</li>
</ul>
<h3>On treballaràs?</h3>
<p>En empreses de confecció industrial del vestit, pelleteria, calçat, marroquineria i tallers de confecció a mida de peces de vestir.</p>
<h3>Competències professionals:</h3>
<p>Aquests estudis capaciten per elaborar els patrons i la gradació de patrons ajustats al disseny dels articles i per organitzar i gestionar tècnicament els processos de producció, dins l&#8217;àrea de la confecció industrial, actuant sota normes de bona pràctica, així com de seguretat laboral i ambiental.</p>

<p>CFGS<br />
Tècnic/a superior en<br />
Patronatge<br />
i moda</p>
<p>Horari marc: Tarda<br />
Durada: 2.000 hores distribuïdes en dos cursos acadèmics (1.485 hores en el centre educatiu i 515 hores d&#8217;estada a l&#8217;empresa en un centre de treball)<br />
3X2 Amb un curs més s’obté el títol de tècnic/a superior en Vestuari a mida i&hellip;  <a href="https://agora.xtec.cat/iesguindavols/estudis/cicles-formatius/cfgs-txe0/" title="Read CFGS TXE0">Llegeix més»</a></p>
