{"id":66525,"date":"2023-04-17T23:41:02","date_gmt":"2023-04-17T21:41:02","guid":{"rendered":"https:\/\/agora.xtec.cat\/iesguindavols\/?page_id=66525"},"modified":"2025-01-13T11:01:03","modified_gmt":"2025-01-13T10:01:03","slug":"cfgs-txb0","status":"publish","type":"page","link":"https:\/\/agora.xtec.cat\/iesguindavols\/estudis\/cicles-formatius\/cfgs-txb0\/","title":{"rendered":"CFGS TXB0"},"content":{"rendered":"<div style=\"position: relative; text-align: left; color: white; --ampladeta: 30%;\">\n<div style=\"width: var(--ampladeta); overflow: hidden;\"><img decoding=\"async\" style=\"clip-path: polygon(75% 0%, 100% 50%, 75% 100%, 0% 100%, 25% 50%, 0% 0%);\" src=\"https:\/\/agora.xtec.cat\/iesguindavols\/wp-content\/uploads\/usu2923\/2023\/04\/Foto_TXB0.jpg\" \/><\/p>\n<div style=\"position: absolute; top: 0%; left: 35%;\"><span style=\"font-size: 3.5vw; background: linear-gradient(135deg, rgb(51, 140, 221, 0.8), rgb(255, 87, 51, 0.5)); box-decoration-break: slice; line-height: 1.25;\">CFGS<br \/>\nT\u00e8cnic\/a superior en<br \/>\nVestuari a mida<br \/>\ni d&#8217;espectacles<\/span><\/div>\n<\/div>\n<\/div>\n<p><span style=\"color: #dd296b; font-size: 2vw;\"><b>Horari marc:<\/b> Tarda<\/span><\/p>\n<p><span style=\"color: #dd296b; font-size: 2vw;\"><b>Durada:<\/b> 2.000 hores distribu\u00efdes en dos cursos acad\u00e8mics (1.485 hores en el centre educatiu i 515 hores d&#8217;estada a l&#8217;empresa en un centre de treball)<\/span><br \/>\n<span style=\"color: #dd296b; font-size: 2vw;\"><b>3X2<\/b> S&#8217;obt\u00e9 el t\u00edtol amb un curs m\u00e9s despr\u00e9s d&#8217;haver cursat el CFGS de Patronatge i moda.<\/span><\/p>\n<h3>De qu\u00e8 treballar\u00e0s?<\/h3>\n<ul>\n<li>Modelista i patronista de peces de vestir.<\/li>\n<li>Sastre o sastressa de peces a mida.<\/li>\n<li>Sastre o sastressa de vestuari de l\u2019espectacle.<\/li>\n<li>Modista.<\/li>\n<\/ul>\n<h3>Qu\u00e8 estudiar\u00e0s?<\/h3>\n<ul>\n<li>Materials en T\u00e8xtil, Confecci\u00f3 i Pell.<\/li>\n<li>T\u00e8cniques de Modelatge i Patronatge de Vestuari a Mida.<\/li>\n<li>Gesti\u00f3 de Recursos de Vestuari a Mida.<\/li>\n<li>Vestuari d&#8217;Espectacles.<\/li>\n<li>Sastreria Cl\u00e0ssica.<\/li>\n<li>Moda i Tend\u00e8ncies en el Vestir.<\/li>\n<li>Disseny de Vestuari a Mida.<\/li>\n<li>Confecci\u00f3 de Vestuari a Mida.<\/li>\n<li>Angl\u00e8s Professional.<\/li>\n<li>Digitalitzaci\u00f3 Aplicada als Sectors Productius.<\/li>\n<li>Sostenibilitat Aplicada al Sistema Productiu.<\/li>\n<li>Itinerari Personal per a l&#8217;Ocupabilitat I.<\/li>\n<li>Itinerari Personal per a l&#8217;Ocupabilitat II.<\/li>\n<li>Projecte Intermodular.<\/li>\n<li>M\u00f2dul Professional Optatiu.<\/li>\n<\/ul>\n<h3>On treballar\u00e0s?<\/h3>\n<p>En el sector de l\u2019elaboraci\u00f3 de vestuari a mida i per a espectacles \u2014en petites i mitjanes empreses, sigui per propi, i en grans empreses per compte d\u2019altri\u2014 desenvolupant funcions d\u2019elaboraci\u00f3, principalment, i de disseny i gesti\u00f3 dels recursos.<\/p>\n<h3>Compet\u00e8ncies professionals:<\/h3>\n<p>Aquests estudis capaciten per fer productes de confecci\u00f3 a mida a partir de dissenys propis o d&#8217;altri, i establir, organitzar i portar a terme els processos en l&#8217;\u00e0mbit de la sastreria, modisteria i espectacles, atenent els requeriments dels clients a fi d&#8217;aconseguir articles viables amb la qualitat requerida.<\/p>\n","protected":false},"excerpt":{"rendered":"<p>CFGS<br \/>\nT\u00e8cnic\/a superior en<br \/>\nVestuari a mida<br \/>\ni d&#8217;espectacles<\/p>\n<p>Horari marc: Tarda<br \/>\nDurada: 2.000 hores distribu\u00efdes en dos cursos acad\u00e8mics (1.485 hores en el centre educatiu i 515 hores d&#8217;estada a l&#8217;empresa en un centre de treball)<br \/>\n3X2 S&#8217;obt\u00e9 el t\u00edtol amb un curs m\u00e9s despr\u00e9s d&#8217;haver cursat el CFGS de&hellip;  <a href=\"https:\/\/agora.xtec.cat\/iesguindavols\/estudis\/cicles-formatius\/cfgs-txb0\/\" title=\"Read CFGS TXB0\">Llegeix m\u00e9s\u00bb<\/a><\/p>\n","protected":false},"author":5,"featured_media":0,"parent":70467,"menu_order":0,"comment_status":"closed","ping_status":"closed","template":"","meta":{"_bbp_topic_count":0,"_bbp_reply_count":0,"_bbp_total_topic_count":0,"_bbp_total_reply_count":0,"_bbp_voice_count":0,"_bbp_anonymous_reply_count":0,"_bbp_topic_count_hidden":0,"_bbp_reply_count_hidden":0,"_bbp_forum_subforum_count":0,"footnotes":""},"class_list":["post-66525","page","type-page","status-publish","hentry"],"post_mailing_queue_ids":[],"_links":{"self":[{"href":"https:\/\/agora.xtec.cat\/iesguindavols\/wp-json\/wp\/v2\/pages\/66525","targetHints":{"allow":["GET"]}}],"collection":[{"href":"https:\/\/agora.xtec.cat\/iesguindavols\/wp-json\/wp\/v2\/pages"}],"about":[{"href":"https:\/\/agora.xtec.cat\/iesguindavols\/wp-json\/wp\/v2\/types\/page"}],"author":[{"embeddable":true,"href":"https:\/\/agora.xtec.cat\/iesguindavols\/wp-json\/wp\/v2\/users\/5"}],"replies":[{"embeddable":true,"href":"https:\/\/agora.xtec.cat\/iesguindavols\/wp-json\/wp\/v2\/comments?post=66525"}],"version-history":[{"count":6,"href":"https:\/\/agora.xtec.cat\/iesguindavols\/wp-json\/wp\/v2\/pages\/66525\/revisions"}],"predecessor-version":[{"id":70456,"href":"https:\/\/agora.xtec.cat\/iesguindavols\/wp-json\/wp\/v2\/pages\/66525\/revisions\/70456"}],"up":[{"embeddable":true,"href":"https:\/\/agora.xtec.cat\/iesguindavols\/wp-json\/wp\/v2\/pages\/70467"}],"wp:attachment":[{"href":"https:\/\/agora.xtec.cat\/iesguindavols\/wp-json\/wp\/v2\/media?parent=66525"}],"curies":[{"name":"wp","href":"https:\/\/api.w.org\/{rel}","templated":true}]}}

<div style="position: relative; text-align: left; color: white; --ampladeta: 30%;">
<div style="width: var(--ampladeta); overflow: hidden;"><img decoding="async" style="clip-path: polygon(75% 0%, 100% 50%, 75% 100%, 0% 100%, 25% 50%, 0% 0%);" src="https://agora.xtec.cat/iesguindavols/wp-content/uploads/usu2923/2023/04/Foto_TXB0.jpg" /></p>
<div style="position: absolute; top: 0%; left: 35%;"><span style="font-size: 3.5vw; background: linear-gradient(135deg, rgb(51, 140, 221, 0.8), rgb(255, 87, 51, 0.5)); box-decoration-break: slice; line-height: 1.25;">CFGS<br />
Tècnic/a superior en<br />
Vestuari a mida<br />
i d&#8217;espectacles</span></div>
</div>
</div>
<p><span style="color: #dd296b; font-size: 2vw;"><b>Horari marc:</b> Tarda</span></p>
<p><span style="color: #dd296b; font-size: 2vw;"><b>Durada:</b> 2.000 hores distribuïdes en dos cursos acadèmics (1.485 hores en el centre educatiu i 515 hores d&#8217;estada a l&#8217;empresa en un centre de treball)</span><br />
<span style="color: #dd296b; font-size: 2vw;"><b>3X2</b> S&#8217;obté el títol amb un curs més després d&#8217;haver cursat el CFGS de Patronatge i moda.</span></p>
<h3>De què treballaràs?</h3>
<ul>
<li>Modelista i patronista de peces de vestir.</li>
<li>Sastre o sastressa de peces a mida.</li>
<li>Sastre o sastressa de vestuari de l’espectacle.</li>
<li>Modista.</li>
</ul>
<h3>Què estudiaràs?</h3>
<ul>
<li>Materials en Tèxtil, Confecció i Pell.</li>
<li>Tècniques de Modelatge i Patronatge de Vestuari a Mida.</li>
<li>Gestió de Recursos de Vestuari a Mida.</li>
<li>Vestuari d&#8217;Espectacles.</li>
<li>Sastreria Clàssica.</li>
<li>Moda i Tendències en el Vestir.</li>
<li>Disseny de Vestuari a Mida.</li>
<li>Confecció de Vestuari a Mida.</li>
<li>Anglès Professional.</li>
<li>Digitalització Aplicada als Sectors Productius.</li>
<li>Sostenibilitat Aplicada al Sistema Productiu.</li>
<li>Itinerari Personal per a l&#8217;Ocupabilitat I.</li>
<li>Itinerari Personal per a l&#8217;Ocupabilitat II.</li>
<li>Projecte Intermodular.</li>
<li>Mòdul Professional Optatiu.</li>
</ul>
<h3>On treballaràs?</h3>
<p>En el sector de l’elaboració de vestuari a mida i per a espectacles —en petites i mitjanes empreses, sigui per propi, i en grans empreses per compte d’altri— desenvolupant funcions d’elaboració, principalment, i de disseny i gestió dels recursos.</p>
<h3>Competències professionals:</h3>
<p>Aquests estudis capaciten per fer productes de confecció a mida a partir de dissenys propis o d&#8217;altri, i establir, organitzar i portar a terme els processos en l&#8217;àmbit de la sastreria, modisteria i espectacles, atenent els requeriments dels clients a fi d&#8217;aconseguir articles viables amb la qualitat requerida.</p>

<p>CFGS<br />
Tècnic/a superior en<br />
Vestuari a mida<br />
i d&#8217;espectacles</p>
<p>Horari marc: Tarda<br />
Durada: 2.000 hores distribuïdes en dos cursos acadèmics (1.485 hores en el centre educatiu i 515 hores d&#8217;estada a l&#8217;empresa en un centre de treball)<br />
3X2 S&#8217;obté el títol amb un curs més després d&#8217;haver cursat el CFGS de&hellip;  <a href="https://agora.xtec.cat/iesguindavols/estudis/cicles-formatius/cfgs-txb0/" title="Read CFGS TXB0">Llegeix més»</a></p>
