{"id":66522,"date":"2023-04-17T23:40:52","date_gmt":"2023-04-17T21:40:52","guid":{"rendered":"https:\/\/agora.xtec.cat\/iesguindavols\/?page_id=66522"},"modified":"2025-01-13T10:59:57","modified_gmt":"2025-01-13T09:59:57","slug":"cfgs-fmb0","status":"publish","type":"page","link":"https:\/\/agora.xtec.cat\/iesguindavols\/estudis\/cicles-formatius\/cfgs-fmb0\/","title":{"rendered":"CFGS FMB0"},"content":{"rendered":"<div style=\"position: relative; text-align: left; color: white; --ampladeta: 30%;\">\n<div style=\"width: var(--ampladeta); overflow: hidden;\"><img decoding=\"async\" style=\"clip-path: polygon(75% 0%, 100% 50%, 75% 100%, 0% 100%, 25% 50%, 0% 0%);\" src=\"https:\/\/agora.xtec.cat\/iesguindavols\/wp-content\/uploads\/usu2923\/2023\/04\/Foto_FMB0.jpg\" \/><\/p>\n<div style=\"position: absolute; top: 0%; left: 35%;\"><span style=\"font-size: 3.5vw; background: linear-gradient(135deg, rgb(51, 140, 221, 0.8), rgb(255, 87, 51, 0.5)); box-decoration-break: slice; line-height: 1.25;\">CFGS<br \/>\nT\u00e8cnic\/a superior en Programaci\u00f3 de la producci\u00f3 en fabricaci\u00f3 mec\u00e0nica<\/span><\/div>\n<\/div>\n<\/div>\n<p><span style=\"color: #dd296b; font-size: 2vw;\"><b>Horari marc:<\/b> Tarda<\/span><br \/>\n<span style=\"color: #dd296b; font-size: 2vw;\"><b>Durada:<\/b> 2.000 hores distribu\u00efdes en dos cursos acad\u00e8mics (1.485 hores en el centre educatiu i 515 hores d&#8217;estada a l&#8217;empresa en un centre de treball)<\/span><\/p>\n<p><span style=\"color: #dd296b; font-size: 2vw;\">Possibilitat de fer formaci\u00f3 Dual Intensiva.<\/span><\/p>\n<h3>De qu\u00e8 treballar\u00e0s?<\/h3>\n<ul>\n<li>T\u00e8cnic\/a en mec\u00e0nica.<\/li>\n<li>Encarregat\/da d\u2019instal\u00b7lacions de processament de metalls.<\/li>\n<li>Encarregat\/da d\u2019operadors de m\u00e0quines per treballar metalls.<\/li>\n<li>Encarregat\/da de muntadors.<\/li>\n<li>Programador\/a de m\u00e0quines CNC.<\/li>\n<li>Programador\/a de sistemes automatitzats en fabricaci\u00f3 mec\u00e0nica.<\/li>\n<li>Programador\/a de la producci\u00f3.<\/li>\n<li>Disseny en fabricaci\u00f3 mec\u00e0nica.<\/li>\n<\/ul>\n<h3>Qu\u00e8 estudiar\u00e0s?<\/h3>\n<ul>\n<li>Mecanitzaci\u00f3 per control num\u00e8ric.<\/li>\n<li>Interpretaci\u00f3 gr\u00e0fica.<\/li>\n<li>Definici\u00f3 de processos de mecanitzaci\u00f3, conformaci\u00f3 i muntatge.<\/li>\n<li>Fabricaci\u00f3 assistida per ordinador.<\/li>\n<li>Programaci\u00f3 de sistemes autom\u00e0tics de fabricaci\u00f3 mec\u00e0nica.<\/li>\n<li>Programaci\u00f3 de la producci\u00f3.<\/li>\n<li>Execuci\u00f3 de processos de fabricaci\u00f3<\/li>\n<li>Gesti\u00f3 de la qualitat, prevenci\u00f3 de riscos laborals i protecci\u00f3 ambientals.<\/li>\n<li>Verificaci\u00f3 de productes.<\/li>\n<li>Angl\u00e8s professional.<\/li>\n<li>Digitalitzaci\u00f3 aplicada al sistema productiu II.<\/li>\n<li>Sostenibilitat aplicada al sistema productiu.<\/li>\n<li>Itinerari personal per a l&#8217;ocupabilitat I.<\/li>\n<li>Itinerari personal per a l&#8217;ocupabilitat II.<\/li>\n<li>Materials.<\/li>\n<li>Projecte intermodular de fabricaci\u00f3 de productes mec\u00e0nics.<\/li>\n<li>M\u00f2dul professional optatiu.<\/li>\n<\/ul>\n<h3>On treballar\u00e0s?<\/h3>\n<p>En ind\u00fastries transformadores de metalls relacionades amb els subsectors de la construcci\u00f3 de maquin\u00e0ria i equip mec\u00e0nic de material, equip el\u00e8ctric, electr\u00f2nic i \u00f2ptic, i de material de transport enquadrat en el sector industrial.<\/p>\n<h3>Compet\u00e8ncies professionals:<\/h3>\n<p>Aquests estudis postobligatoris capaciten per planificar, programar i controlar la fabricaci\u00f3 per mecanitzaci\u00f3 i el muntatge de b\u00e9ns d\u2019equipament de manera que es garanteixi la qualitat de la gesti\u00f3 del proc\u00e9s i dels productes, aix\u00ed com la supervisi\u00f3 dels sistemes de prevenci\u00f3 i riscos laborals i de protecci\u00f3 ambiental.<\/p>\n","protected":false},"excerpt":{"rendered":"<p>CFGS<br \/>\nT\u00e8cnic\/a superior en Programaci\u00f3 de la producci\u00f3 en fabricaci\u00f3 mec\u00e0nica<\/p>\n<p>Horari marc: Tarda<br \/>\nDurada: 2.000 hores distribu\u00efdes en dos cursos acad\u00e8mics (1.485 hores en el centre educatiu i 515 hores d&#8217;estada a l&#8217;empresa en un centre de treball)<br \/>\nPossibilitat de fer formaci\u00f3 Dual Intensiva.<br \/>\nDe qu\u00e8 treballar\u00e0s?<\/p>\n<ul>\n<li>T\u00e8cnic\/a en mec\u00e0nica.<\/li>\n<li>Encarregat\/da&hellip;  <a href=\"https:\/\/agora.xtec.cat\/iesguindavols\/estudis\/cicles-formatius\/cfgs-fmb0\/\" title=\"Read CFGS FMB0\">Llegeix m\u00e9s\u00bb<\/a><br \/>\n","protected":false},"author":5,"featured_media":0,"parent":70467,"menu_order":0,"comment_status":"closed","ping_status":"closed","template":"","meta":{"_bbp_topic_count":0,"_bbp_reply_count":0,"_bbp_total_topic_count":0,"_bbp_total_reply_count":0,"_bbp_voice_count":0,"_bbp_anonymous_reply_count":0,"_bbp_topic_count_hidden":0,"_bbp_reply_count_hidden":0,"_bbp_forum_subforum_count":0,"footnotes":""},"class_list":["post-66522","page","type-page","status-publish","hentry"],"post_mailing_queue_ids":[],"_links":{"self":[{"href":"https:\/\/agora.xtec.cat\/iesguindavols\/wp-json\/wp\/v2\/pages\/66522","targetHints":{"allow":["GET"]}}],"collection":[{"href":"https:\/\/agora.xtec.cat\/iesguindavols\/wp-json\/wp\/v2\/pages"}],"about":[{"href":"https:\/\/agora.xtec.cat\/iesguindavols\/wp-json\/wp\/v2\/types\/page"}],"author":[{"embeddable":true,"href":"https:\/\/agora.xtec.cat\/iesguindavols\/wp-json\/wp\/v2\/users\/5"}],"replies":[{"embeddable":true,"href":"https:\/\/agora.xtec.cat\/iesguindavols\/wp-json\/wp\/v2\/comments?post=66522"}],"version-history":[{"count":6,"href":"https:\/\/agora.xtec.cat\/iesguindavols\/wp-json\/wp\/v2\/pages\/66522\/revisions"}],"predecessor-version":[{"id":70453,"href":"https:\/\/agora.xtec.cat\/iesguindavols\/wp-json\/wp\/v2\/pages\/66522\/revisions\/70453"}],"up":[{"embeddable":true,"href":"https:\/\/agora.xtec.cat\/iesguindavols\/wp-json\/wp\/v2\/pages\/70467"}],"wp:attachment":[{"href":"https:\/\/agora.xtec.cat\/iesguindavols\/wp-json\/wp\/v2\/media?parent=66522"}],"curies":[{"name":"wp","href":"https:\/\/api.w.org\/{rel}","templated":true}]}}

<div style="position: relative; text-align: left; color: white; --ampladeta: 30%;">
<div style="width: var(--ampladeta); overflow: hidden;"><img decoding="async" style="clip-path: polygon(75% 0%, 100% 50%, 75% 100%, 0% 100%, 25% 50%, 0% 0%);" src="https://agora.xtec.cat/iesguindavols/wp-content/uploads/usu2923/2023/04/Foto_FMB0.jpg" /></p>
<div style="position: absolute; top: 0%; left: 35%;"><span style="font-size: 3.5vw; background: linear-gradient(135deg, rgb(51, 140, 221, 0.8), rgb(255, 87, 51, 0.5)); box-decoration-break: slice; line-height: 1.25;">CFGS<br />
Tècnic/a superior en Programació de la producció en fabricació mecànica</span></div>
</div>
</div>
<p><span style="color: #dd296b; font-size: 2vw;"><b>Horari marc:</b> Tarda</span><br />
<span style="color: #dd296b; font-size: 2vw;"><b>Durada:</b> 2.000 hores distribuïdes en dos cursos acadèmics (1.485 hores en el centre educatiu i 515 hores d&#8217;estada a l&#8217;empresa en un centre de treball)</span></p>
<p><span style="color: #dd296b; font-size: 2vw;">Possibilitat de fer formació Dual Intensiva.</span></p>
<h3>De què treballaràs?</h3>
<ul>
<li>Tècnic/a en mecànica.</li>
<li>Encarregat/da d’instal·lacions de processament de metalls.</li>
<li>Encarregat/da d’operadors de màquines per treballar metalls.</li>
<li>Encarregat/da de muntadors.</li>
<li>Programador/a de màquines CNC.</li>
<li>Programador/a de sistemes automatitzats en fabricació mecànica.</li>
<li>Programador/a de la producció.</li>
<li>Disseny en fabricació mecànica.</li>
</ul>
<h3>Què estudiaràs?</h3>
<ul>
<li>Mecanització per control numèric.</li>
<li>Interpretació gràfica.</li>
<li>Definició de processos de mecanització, conformació i muntatge.</li>
<li>Fabricació assistida per ordinador.</li>
<li>Programació de sistemes automàtics de fabricació mecànica.</li>
<li>Programació de la producció.</li>
<li>Execució de processos de fabricació</li>
<li>Gestió de la qualitat, prevenció de riscos laborals i protecció ambientals.</li>
<li>Verificació de productes.</li>
<li>Anglès professional.</li>
<li>Digitalització aplicada al sistema productiu II.</li>
<li>Sostenibilitat aplicada al sistema productiu.</li>
<li>Itinerari personal per a l&#8217;ocupabilitat I.</li>
<li>Itinerari personal per a l&#8217;ocupabilitat II.</li>
<li>Materials.</li>
<li>Projecte intermodular de fabricació de productes mecànics.</li>
<li>Mòdul professional optatiu.</li>
</ul>
<h3>On treballaràs?</h3>
<p>En indústries transformadores de metalls relacionades amb els subsectors de la construcció de maquinària i equip mecànic de material, equip elèctric, electrònic i òptic, i de material de transport enquadrat en el sector industrial.</p>
<h3>Competències professionals:</h3>
<p>Aquests estudis postobligatoris capaciten per planificar, programar i controlar la fabricació per mecanització i el muntatge de béns d’equipament de manera que es garanteixi la qualitat de la gestió del procés i dels productes, així com la supervisió dels sistemes de prevenció i riscos laborals i de protecció ambiental.</p>

<p>CFGS<br />
Tècnic/a superior en Programació de la producció en fabricació mecànica</p>
<p>Horari marc: Tarda<br />
Durada: 2.000 hores distribuïdes en dos cursos acadèmics (1.485 hores en el centre educatiu i 515 hores d&#8217;estada a l&#8217;empresa en un centre de treball)<br />
Possibilitat de fer formació Dual Intensiva.<br />
De què treballaràs?</p>
<ul>
<li>Tècnic/a en mecànica.</li>
<li>Encarregat/da&hellip;  <a href="https://agora.xtec.cat/iesguindavols/estudis/cicles-formatius/cfgs-fmb0/" title="Read CFGS FMB0">Llegeix més»</a><br />
