{"id":66519,"date":"2023-04-17T23:40:25","date_gmt":"2023-04-17T21:40:25","guid":{"rendered":"https:\/\/agora.xtec.cat\/iesguindavols\/?page_id=66519"},"modified":"2025-01-13T11:00:21","modified_gmt":"2025-01-13T10:00:21","slug":"cfgs-ima0","status":"publish","type":"page","link":"https:\/\/agora.xtec.cat\/iesguindavols\/estudis\/cicles-formatius\/cfgs-ima0\/","title":{"rendered":"CFGS IMA0"},"content":{"rendered":"<div style=\"position: relative; text-align: left; color: white; --ampladeta: 30%;\">\n<div style=\"width: var(--ampladeta); overflow: hidden;\"><img decoding=\"async\" style=\"clip-path: polygon(75% 0%, 100% 50%, 75% 100%, 0% 100%, 25% 50%, 0% 0%);\" src=\"https:\/\/agora.xtec.cat\/iesguindavols\/wp-content\/uploads\/usu2923\/2023\/04\/Foto_IMA0.jpg\" \/><\/p>\n<div style=\"position: absolute; top: 0%; left: 35%;\"><span style=\"font-size: 3.5vw; background: linear-gradient(135deg, rgb(51, 140, 221, 0.8), rgb(255, 87, 51, 0.5)); box-decoration-break: slice; line-height: 1.25;\">CFGS<br \/>\nT\u00e8cnic\/a superior en Manteniment d&#8217;instal\u00b7lacions t\u00e8rmiques i de fluids<\/span><\/div>\n<\/div>\n<\/div>\n<p><span style=\"color: #dd296b; font-size: 2vw;\"><b>Horari marc:<\/b> Tarda<\/span><br \/>\n<span style=\"color: #dd296b; font-size: 2vw;\"><b>Durada: <\/b><\/span><span style=\"color: #dd296b; font-size: 2vw;\">2.000 hores distribu\u00efdes en dos cursos acad\u00e8mics (1.485 hores en el centre educatiu i 515 hores d&#8217;estada a l&#8217;empresa en un centre de treball)<\/span><\/p>\n<p><span style=\"color: #dd296b; font-size: 2vw;\">Possibilitat de fer formaci\u00f3 Dual Intensiva.<\/span><\/p>\n<h3>De qu\u00e8 treballar\u00e0s?<\/h3>\n<ul>\n<li>T\u00e8cnic\/a en planificaci\u00f3, programaci\u00f3 i supervisi\u00f3 del manteniment d\u2019instal\u00b7lacions t\u00e8rmiques i de fluids.<\/li>\n<li>Cap d\u2019equip de muntadors.<\/li>\n<li>Cap d\u2019equip de manteniment.<\/li>\n<li>T\u00e8cnic\/a d\u2019automatitzaci\u00f3 d\u2019instal\u00b7lacions.<\/li>\n<li>T\u00e8cnic\/a frigorista comercial i industrial.<\/li>\n<li>T\u00e8cnic\/a de climatitzaci\u00f3, ventilaci\u00f3 i extracci\u00f3.<\/li>\n<li>T\u00e8cnic\/a d\u2019instal\u00b7lacions calor\u00edfiques, d\u2019energia solar t\u00e8rmica i ACS.<\/li>\n<li>T\u00e8cnic\/a de xarxes i sistemes de distribuci\u00f3 de fluids.<\/li>\n<li>T\u00e8cnic\/a de manteniment d\u2019instal\u00b7lacions auxiliars a la producci\u00f3.<\/li>\n<li>Projectes d\u2019instal\u00b7lacions i efici\u00e8ncia energ\u00e8tica.<\/li>\n<\/ul>\n<h3>Qu\u00e8 estudiar\u00e0s?<\/h3>\n<ul>\n<li>Sistemes el\u00e8ctrics i autom\u00e0tics.<\/li>\n<li>Equips i instal\u00b7lacions t\u00e8rmiques.<\/li>\n<li>Processos de muntatge d\u2019instal\u00b7lacions.<\/li>\n<li>Energies renovables i efici\u00e8ncia energ\u00e8tica.<\/li>\n<li>Gesti\u00f3 del muntatge, de la qualitat i del manteniment.<\/li>\n<li>Configuraci\u00f3 d\u2019instal\u00b7lacions t\u00e8rmiques i de fluids.<\/li>\n<li>Manteniment d\u2019instal\u00b7lacions frigor\u00edfiques i de climatitzaci\u00f3.<\/li>\n<li>Manteniment d\u2019instal\u00b7lacions calor\u00edfiques i de fluids.<\/li>\n<li>Angl\u00e8s professional.<\/li>\n<li>Digitalitzaci\u00f3 aplicada als sectors productius.<\/li>\n<li>Sostenibilitat aplicada al sistema productiu.<\/li>\n<li>Itinerari personal per a l&#8217;ocupabilitat I.<\/li>\n<li>Itinerari personal per a l&#8217;ocupabilitat II.<\/li>\n<li>Projecte intermodular.<\/li>\n<li>M\u00f2dul professional optatiu.<\/li>\n<\/ul>\n<h3>On treballar\u00e0s?<\/h3>\n<p>Com a professional del muntatge i manteniment d\u2019instal\u00b7lacions t\u00e8rmiques i de fluids en els sectors de la refrigeraci\u00f3 (industrial i comercial), de la climatitzaci\u00f3 (calefacci\u00f3, refrigeraci\u00f3 i ventilaci\u00f3) i de la producci\u00f3 d\u2019aigua calenta en els sectors industrial, d\u2019edificaci\u00f3 i obra civil.<\/p>\n<h3>Compet\u00e8ncies professionals:<\/h3>\n<p>Aquests estudis capaciten per planificar, gestionar i supervisar el muntatge i el manteniment de les instal\u00b7lacions t\u00e8rmiques i de fluids, en edificis i processos industrials, d\u2019acord amb els reglaments i les normes establertes, seguint els protocols de qualitat, de seguretat i de prevenci\u00f3 de riscos laborals i respecte ambiental.<\/p>\n<p>Amb aquesta titulaci\u00f3 s&#8217;obt\u00e9 directament el <strong>carnet professional d&#8217;instal\u00b7lacions t\u00e8rmiques en els edificis (ITE)<\/strong> i el <strong>certificat acreditatiu<\/strong> per a la manipulaci\u00f3 d&#8217;equips amb sistemes frigor\u00edfics de qualsevol c\u00e0rrega de refrigerants de <strong>gasos fluorats<\/strong>.<\/p>\n","protected":false},"excerpt":{"rendered":"<p>CFGS<br \/>\nT\u00e8cnic\/a superior en Manteniment d&#8217;instal\u00b7lacions t\u00e8rmiques i de fluids<\/p>\n<p>Horari marc: Tarda<br \/>\nDurada: 2.000 hores distribu\u00efdes en dos cursos acad\u00e8mics (1.485 hores en el centre educatiu i 515 hores d&#8217;estada a l&#8217;empresa en un centre de treball)<br \/>\nPossibilitat de fer formaci\u00f3 Dual Intensiva.<br \/>\nDe qu\u00e8 treballar\u00e0s?<\/p>\n<ul>\n<li>T\u00e8cnic\/a en planificaci\u00f3, programaci\u00f3&hellip;  <a href=\"https:\/\/agora.xtec.cat\/iesguindavols\/estudis\/cicles-formatius\/cfgs-ima0\/\" title=\"Read CFGS IMA0\">Llegeix m\u00e9s\u00bb<\/a><br \/>\n","protected":false},"author":5,"featured_media":0,"parent":70467,"menu_order":0,"comment_status":"closed","ping_status":"closed","template":"","meta":{"_bbp_topic_count":0,"_bbp_reply_count":0,"_bbp_total_topic_count":0,"_bbp_total_reply_count":0,"_bbp_voice_count":0,"_bbp_anonymous_reply_count":0,"_bbp_topic_count_hidden":0,"_bbp_reply_count_hidden":0,"_bbp_forum_subforum_count":0,"footnotes":""},"class_list":["post-66519","page","type-page","status-publish","hentry"],"post_mailing_queue_ids":[],"_links":{"self":[{"href":"https:\/\/agora.xtec.cat\/iesguindavols\/wp-json\/wp\/v2\/pages\/66519","targetHints":{"allow":["GET"]}}],"collection":[{"href":"https:\/\/agora.xtec.cat\/iesguindavols\/wp-json\/wp\/v2\/pages"}],"about":[{"href":"https:\/\/agora.xtec.cat\/iesguindavols\/wp-json\/wp\/v2\/types\/page"}],"author":[{"embeddable":true,"href":"https:\/\/agora.xtec.cat\/iesguindavols\/wp-json\/wp\/v2\/users\/5"}],"replies":[{"embeddable":true,"href":"https:\/\/agora.xtec.cat\/iesguindavols\/wp-json\/wp\/v2\/comments?post=66519"}],"version-history":[{"count":6,"href":"https:\/\/agora.xtec.cat\/iesguindavols\/wp-json\/wp\/v2\/pages\/66519\/revisions"}],"predecessor-version":[{"id":70465,"href":"https:\/\/agora.xtec.cat\/iesguindavols\/wp-json\/wp\/v2\/pages\/66519\/revisions\/70465"}],"up":[{"embeddable":true,"href":"https:\/\/agora.xtec.cat\/iesguindavols\/wp-json\/wp\/v2\/pages\/70467"}],"wp:attachment":[{"href":"https:\/\/agora.xtec.cat\/iesguindavols\/wp-json\/wp\/v2\/media?parent=66519"}],"curies":[{"name":"wp","href":"https:\/\/api.w.org\/{rel}","templated":true}]}}

<div style="position: relative; text-align: left; color: white; --ampladeta: 30%;">
<div style="width: var(--ampladeta); overflow: hidden;"><img decoding="async" style="clip-path: polygon(75% 0%, 100% 50%, 75% 100%, 0% 100%, 25% 50%, 0% 0%);" src="https://agora.xtec.cat/iesguindavols/wp-content/uploads/usu2923/2023/04/Foto_IMA0.jpg" /></p>
<div style="position: absolute; top: 0%; left: 35%;"><span style="font-size: 3.5vw; background: linear-gradient(135deg, rgb(51, 140, 221, 0.8), rgb(255, 87, 51, 0.5)); box-decoration-break: slice; line-height: 1.25;">CFGS<br />
Tècnic/a superior en Manteniment d&#8217;instal·lacions tèrmiques i de fluids</span></div>
</div>
</div>
<p><span style="color: #dd296b; font-size: 2vw;"><b>Horari marc:</b> Tarda</span><br />
<span style="color: #dd296b; font-size: 2vw;"><b>Durada: </b></span><span style="color: #dd296b; font-size: 2vw;">2.000 hores distribuïdes en dos cursos acadèmics (1.485 hores en el centre educatiu i 515 hores d&#8217;estada a l&#8217;empresa en un centre de treball)</span></p>
<p><span style="color: #dd296b; font-size: 2vw;">Possibilitat de fer formació Dual Intensiva.</span></p>
<h3>De què treballaràs?</h3>
<ul>
<li>Tècnic/a en planificació, programació i supervisió del manteniment d’instal·lacions tèrmiques i de fluids.</li>
<li>Cap d’equip de muntadors.</li>
<li>Cap d’equip de manteniment.</li>
<li>Tècnic/a d’automatització d’instal·lacions.</li>
<li>Tècnic/a frigorista comercial i industrial.</li>
<li>Tècnic/a de climatització, ventilació i extracció.</li>
<li>Tècnic/a d’instal·lacions calorífiques, d’energia solar tèrmica i ACS.</li>
<li>Tècnic/a de xarxes i sistemes de distribució de fluids.</li>
<li>Tècnic/a de manteniment d’instal·lacions auxiliars a la producció.</li>
<li>Projectes d’instal·lacions i eficiència energètica.</li>
</ul>
<h3>Què estudiaràs?</h3>
<ul>
<li>Sistemes elèctrics i automàtics.</li>
<li>Equips i instal·lacions tèrmiques.</li>
<li>Processos de muntatge d’instal·lacions.</li>
<li>Energies renovables i eficiència energètica.</li>
<li>Gestió del muntatge, de la qualitat i del manteniment.</li>
<li>Configuració d’instal·lacions tèrmiques i de fluids.</li>
<li>Manteniment d’instal·lacions frigorífiques i de climatització.</li>
<li>Manteniment d’instal·lacions calorífiques i de fluids.</li>
<li>Anglès professional.</li>
<li>Digitalització aplicada als sectors productius.</li>
<li>Sostenibilitat aplicada al sistema productiu.</li>
<li>Itinerari personal per a l&#8217;ocupabilitat I.</li>
<li>Itinerari personal per a l&#8217;ocupabilitat II.</li>
<li>Projecte intermodular.</li>
<li>Mòdul professional optatiu.</li>
</ul>
<h3>On treballaràs?</h3>
<p>Com a professional del muntatge i manteniment d’instal·lacions tèrmiques i de fluids en els sectors de la refrigeració (industrial i comercial), de la climatització (calefacció, refrigeració i ventilació) i de la producció d’aigua calenta en els sectors industrial, d’edificació i obra civil.</p>
<h3>Competències professionals:</h3>
<p>Aquests estudis capaciten per planificar, gestionar i supervisar el muntatge i el manteniment de les instal·lacions tèrmiques i de fluids, en edificis i processos industrials, d’acord amb els reglaments i les normes establertes, seguint els protocols de qualitat, de seguretat i de prevenció de riscos laborals i respecte ambiental.</p>
<p>Amb aquesta titulació s&#8217;obté directament el <strong>carnet professional d&#8217;instal·lacions tèrmiques en els edificis (ITE)</strong> i el <strong>certificat acreditatiu</strong> per a la manipulació d&#8217;equips amb sistemes frigorífics de qualsevol càrrega de refrigerants de <strong>gasos fluorats</strong>.</p>

<p>CFGS<br />
Tècnic/a superior en Manteniment d&#8217;instal·lacions tèrmiques i de fluids</p>
<p>Horari marc: Tarda<br />
Durada: 2.000 hores distribuïdes en dos cursos acadèmics (1.485 hores en el centre educatiu i 515 hores d&#8217;estada a l&#8217;empresa en un centre de treball)<br />
Possibilitat de fer formació Dual Intensiva.<br />
De què treballaràs?</p>
<ul>
<li>Tècnic/a en planificació, programació&hellip;  <a href="https://agora.xtec.cat/iesguindavols/estudis/cicles-formatius/cfgs-ima0/" title="Read CFGS IMA0">Llegeix més»</a><br />
