{"id":66391,"date":"2023-04-12T21:58:44","date_gmt":"2023-04-12T19:58:44","guid":{"rendered":"https:\/\/agora.xtec.cat\/iesguindavols\/?page_id=66391"},"modified":"2025-01-13T10:59:34","modified_gmt":"2025-01-13T09:59:34","slug":"cfgm-tx50","status":"publish","type":"page","link":"https:\/\/agora.xtec.cat\/iesguindavols\/estudis\/cicles-formatius\/cfgm-tx50\/","title":{"rendered":"CFGM TX50"},"content":{"rendered":"<div style=\"position: relative; text-align: left; color: white; --ampladeta: 30%;\">\n<div style=\"width: var(--ampladeta); overflow: hidden;\"><img decoding=\"async\" style=\"clip-path: polygon(75% 0%, 100% 50%, 75% 100%, 0% 100%, 25% 50%, 0% 0%);\" src=\"https:\/\/agora.xtec.cat\/iesguindavols\/wp-content\/uploads\/usu2923\/2023\/04\/Foto-TX50.jpg\" \/><\/p>\n<div style=\"position: absolute; top: 0%; left: 35%;\"><span style=\"font-size: 3.5vw; background: linear-gradient(135deg, rgb(51, 140, 221, 0.8), rgb(255, 87, 51, 0.5)); box-decoration-break: slice; line-height: 1.25;\">CFGM<br \/>\nT\u00e8cnic\/a en<br \/>\nConfecci\u00f3<br \/>\ni moda<\/span><\/div>\n<\/div>\n<\/div>\n<p><span style=\"color: #dd296b; font-size: 2vw;\"><b>Horari marc:<\/b> Tarda<\/span><br \/>\n<span style=\"color: #dd296b; font-size: 2vw;\"><b>Durada:<\/b><\/span><span style=\"color: #dd296b; font-size: 2vw;\"> 2.000 hores distribu\u00efdes en dos cursos acad\u00e8mics (1.485 hores en el centre educatiu i 515 hores d&#8217;estada a l&#8217;empresa en un centre de treball)<\/span><\/p>\n<h3>De qu\u00e8 treballar\u00e0s?<\/h3>\n<ul>\n<li>T\u00e8cnic o t\u00e8cnica en confecci\u00f3 industrial de peces i complements de vestir i articles t\u00e8xtils.<\/li>\n<li>T\u00e8cnic tallador i cosidor o t\u00e8cnica talladora i cosidora de peces de vestir i articles t\u00e8xtils i de pell.<\/li>\n<li>Brodador o brodadora a m\u00e0quina.<\/li>\n<li>Planxador o planxadora, acabador o acabadora.<\/li>\n<li>T\u00e8cnic o t\u00e8cnica en confecci\u00f3 a mida.<\/li>\n<\/ul>\n<h3>Qu\u00e8 estudiar\u00e0s?<\/h3>\n<ul>\n<li>Moda i tend\u00e8ncies.<\/li>\n<li>Patrons.<\/li>\n<li>Principis de manteniment electromec\u00e0nic.<\/li>\n<li>Mat\u00e8ries t\u00e8xtils i pell.<\/li>\n<li>Tall de materials.<\/li>\n<li>Confecci\u00f3 a mida.<\/li>\n<li>Confecci\u00f3 industrial.<\/li>\n<li>Acabats en confecci\u00f3.<\/li>\n<li>Informaci\u00f3 i atenci\u00f3 al client.<\/li>\n<li>Angl\u00e8s professional.<\/li>\n<li>Digitalitzaci\u00f3 aplicada als sectors productius.<\/li>\n<li>Sostenibilitat aplicada al sistema productiu.<\/li>\n<li>Itinerari personal per a l&#8217;ocupabilitat I.<\/li>\n<li>Itinerari personal per a l&#8217;ocupabilitat II.<\/li>\n<li>Projecte intermodular.<\/li>\n<li>M\u00f2dul professional optatiu.<!-- \/wp:list --><\/li>\n<\/ul>\n<h3>On treballar\u00e0s?<\/h3>\n<p>A la ind\u00fastria t\u00e8xtil i en tallers de confecci\u00f3 a mida per a la llar, usos industrials, esportius i de vestir.<\/p>\n<h3>Compet\u00e8ncies professionals:<\/h3>\n<p>Aquests estudis capaciten per confeccionar peces de vestir, complements i articles amb materials t\u00e8xtils i pell a mida o industrialment, complint les especificacions de qualitat, seguretat i protecci\u00f3 ambiental.<\/p>\n","protected":false},"excerpt":{"rendered":"<p>CFGM<br \/>\nT\u00e8cnic\/a en<br \/>\nConfecci\u00f3<br \/>\ni moda<\/p>\n<p>Horari marc: Tarda<br \/>\nDurada: 2.000 hores distribu\u00efdes en dos cursos acad\u00e8mics (1.485 hores en el centre educatiu i 515 hores d&#8217;estada a l&#8217;empresa en un centre de treball)<br \/>\nDe qu\u00e8 treballar\u00e0s?<\/p>\n<ul>\n<li>T\u00e8cnic o t\u00e8cnica en confecci\u00f3 industrial de peces i complements de vestir i articles t\u00e8xtils.<\/li>\n<li>T\u00e8cnic&hellip;  <a href=\"https:\/\/agora.xtec.cat\/iesguindavols\/estudis\/cicles-formatius\/cfgm-tx50\/\" title=\"Read CFGM TX50\">Llegeix m\u00e9s\u00bb<\/a><br \/>\n","protected":false},"author":5,"featured_media":0,"parent":70467,"menu_order":0,"comment_status":"closed","ping_status":"closed","template":"","meta":{"_bbp_topic_count":0,"_bbp_reply_count":0,"_bbp_total_topic_count":0,"_bbp_total_reply_count":0,"_bbp_voice_count":0,"_bbp_anonymous_reply_count":0,"_bbp_topic_count_hidden":0,"_bbp_reply_count_hidden":0,"_bbp_forum_subforum_count":0,"footnotes":""},"class_list":["post-66391","page","type-page","status-publish","hentry"],"post_mailing_queue_ids":[],"_links":{"self":[{"href":"https:\/\/agora.xtec.cat\/iesguindavols\/wp-json\/wp\/v2\/pages\/66391","targetHints":{"allow":["GET"]}}],"collection":[{"href":"https:\/\/agora.xtec.cat\/iesguindavols\/wp-json\/wp\/v2\/pages"}],"about":[{"href":"https:\/\/agora.xtec.cat\/iesguindavols\/wp-json\/wp\/v2\/types\/page"}],"author":[{"embeddable":true,"href":"https:\/\/agora.xtec.cat\/iesguindavols\/wp-json\/wp\/v2\/users\/5"}],"replies":[{"embeddable":true,"href":"https:\/\/agora.xtec.cat\/iesguindavols\/wp-json\/wp\/v2\/comments?post=66391"}],"version-history":[{"count":6,"href":"https:\/\/agora.xtec.cat\/iesguindavols\/wp-json\/wp\/v2\/pages\/66391\/revisions"}],"predecessor-version":[{"id":70464,"href":"https:\/\/agora.xtec.cat\/iesguindavols\/wp-json\/wp\/v2\/pages\/66391\/revisions\/70464"}],"up":[{"embeddable":true,"href":"https:\/\/agora.xtec.cat\/iesguindavols\/wp-json\/wp\/v2\/pages\/70467"}],"wp:attachment":[{"href":"https:\/\/agora.xtec.cat\/iesguindavols\/wp-json\/wp\/v2\/media?parent=66391"}],"curies":[{"name":"wp","href":"https:\/\/api.w.org\/{rel}","templated":true}]}}

<div style="position: relative; text-align: left; color: white; --ampladeta: 30%;">
<div style="width: var(--ampladeta); overflow: hidden;"><img decoding="async" style="clip-path: polygon(75% 0%, 100% 50%, 75% 100%, 0% 100%, 25% 50%, 0% 0%);" src="https://agora.xtec.cat/iesguindavols/wp-content/uploads/usu2923/2023/04/Foto-TX50.jpg" /></p>
<div style="position: absolute; top: 0%; left: 35%;"><span style="font-size: 3.5vw; background: linear-gradient(135deg, rgb(51, 140, 221, 0.8), rgb(255, 87, 51, 0.5)); box-decoration-break: slice; line-height: 1.25;">CFGM<br />
Tècnic/a en<br />
Confecció<br />
i moda</span></div>
</div>
</div>
<p><span style="color: #dd296b; font-size: 2vw;"><b>Horari marc:</b> Tarda</span><br />
<span style="color: #dd296b; font-size: 2vw;"><b>Durada:</b></span><span style="color: #dd296b; font-size: 2vw;"> 2.000 hores distribuïdes en dos cursos acadèmics (1.485 hores en el centre educatiu i 515 hores d&#8217;estada a l&#8217;empresa en un centre de treball)</span></p>
<h3>De què treballaràs?</h3>
<ul>
<li>Tècnic o tècnica en confecció industrial de peces i complements de vestir i articles tèxtils.</li>
<li>Tècnic tallador i cosidor o tècnica talladora i cosidora de peces de vestir i articles tèxtils i de pell.</li>
<li>Brodador o brodadora a màquina.</li>
<li>Planxador o planxadora, acabador o acabadora.</li>
<li>Tècnic o tècnica en confecció a mida.</li>
</ul>
<h3>Què estudiaràs?</h3>
<ul>
<li>Moda i tendències.</li>
<li>Patrons.</li>
<li>Principis de manteniment electromecànic.</li>
<li>Matèries tèxtils i pell.</li>
<li>Tall de materials.</li>
<li>Confecció a mida.</li>
<li>Confecció industrial.</li>
<li>Acabats en confecció.</li>
<li>Informació i atenció al client.</li>
<li>Anglès professional.</li>
<li>Digitalització aplicada als sectors productius.</li>
<li>Sostenibilitat aplicada al sistema productiu.</li>
<li>Itinerari personal per a l&#8217;ocupabilitat I.</li>
<li>Itinerari personal per a l&#8217;ocupabilitat II.</li>
<li>Projecte intermodular.</li>
<li>Mòdul professional optatiu.<!-- /wp:list --></li>
</ul>
<h3>On treballaràs?</h3>
<p>A la indústria tèxtil i en tallers de confecció a mida per a la llar, usos industrials, esportius i de vestir.</p>
<h3>Competències professionals:</h3>
<p>Aquests estudis capaciten per confeccionar peces de vestir, complements i articles amb materials tèxtils i pell a mida o industrialment, complint les especificacions de qualitat, seguretat i protecció ambiental.</p>

<p>CFGM<br />
Tècnic/a en<br />
Confecció<br />
i moda</p>
<p>Horari marc: Tarda<br />
Durada: 2.000 hores distribuïdes en dos cursos acadèmics (1.485 hores en el centre educatiu i 515 hores d&#8217;estada a l&#8217;empresa en un centre de treball)<br />
De què treballaràs?</p>
<ul>
<li>Tècnic o tècnica en confecció industrial de peces i complements de vestir i articles tèxtils.</li>
<li>Tècnic&hellip;  <a href="https://agora.xtec.cat/iesguindavols/estudis/cicles-formatius/cfgm-tx50/" title="Read CFGM TX50">Llegeix més»</a><br />
