{"id":66360,"date":"2023-04-12T21:14:46","date_gmt":"2023-04-12T19:14:46","guid":{"rendered":"https:\/\/agora.xtec.cat\/iesguindavols\/?page_id=66360"},"modified":"2025-01-13T10:58:11","modified_gmt":"2025-01-13T09:58:11","slug":"cfgm-im20","status":"publish","type":"page","link":"https:\/\/agora.xtec.cat\/iesguindavols\/estudis\/cicles-formatius\/cfgm-im20\/","title":{"rendered":"CFGM IM20"},"content":{"rendered":"\n<div style=\"position: relative; text-align: left; color: white; --ampladeta: 30%;\">\n<div style=\"width: var(--ampladeta); overflow: hidden;\"><img decoding=\"async\" style=\"clip-path: polygon(75% 0%, 100% 50%, 75% 100%, 0% 100%, 25% 50%, 0% 0%);\" src=\"https:\/\/agora.xtec.cat\/iesguindavols\/wp-content\/uploads\/usu2923\/2023\/04\/Foto-IM20.jpg\">\n<div style=\"position: absolute; top: 0%; left: 35%;\"><span style=\"font-size: 3.5vw; background: linear-gradient(135deg, rgb(51, 140, 221, 0.8), rgb(144, 148, 151, 0.6)); box-decoration-break: slice; line-height: 1.25;\">CFGM<br>T\u00e8cnic\/a en<br>Instal\u00b7lacions de producci\u00f3<br>de calor<\/span><\/div>\n<\/div>\n<\/div>\n\n\n\n<p><span style=\"color: #dd296b; font-size: 2vw;\"><i class=\"material-icons\"><\/i><b>Horari marc:<\/b> Mat\u00ed<\/span><br \/><span style=\"color: #dd296b; font-size: 2vw;\"><i class=\"material-icons\"><\/i><b>Durada: <\/b>2.000 hores distribu\u00efdes en dos cursos acad\u00e8mics (1.485 hores en el centre educatiu i 515 hores d&#8217;estada a l&#8217;empresa en un centre de treball)<\/span><br \/><span style=\"color: #dd296b; font-size: 2vw;\"><b>3X2<\/b> Amb un curs m\u00e9s s\u2019obt\u00e9 el t\u00edtol de t\u00e8cnic\/a en Instal\u00b7lacions frigor\u00edfiques i de climatitzaci\u00f3.<\/span><\/p>\n\n\n\n<h3 class=\"wp-block-heading\">De qu\u00e8 treballar\u00e0s?<\/h3>\n\n\n\n<p>Instal\u00b7lador\/a i mantenidor\/a de:<\/p>\n\n\n\n<ul class=\"wp-block-list\">\n<li>Equips de producci\u00f3 de calor.<\/li>\n\n\n\n<li>Instal\u00b7lacions de calefacci\u00f3 i d\u2019aigua calenta sanit\u00e0ria.<\/li>\n\n\n\n<li>Instal\u00b7lacions solars t\u00e8rmiques.<\/li>\n\n\n\n<li>Instal\u00b7lacions d\u2019aigua.<\/li>\n\n\n\n<li>Instal\u00b7lacions de gas i combustibles l\u00edquids.<\/li>\n<\/ul>\n\n\n\n<h3 class=\"wp-block-heading\">Qu\u00e8 estudiar\u00e0s?<\/h3>\n\n\n\n<ul class=\"wp-block-list\">\n<li>M\u00e0quines i equips t\u00e8rmics.<\/li>\n\n\n\n<li>T\u00e8cniques de muntatge d\u2019instal\u00b7lacions.<\/li>\n\n\n\n<li>Instal\u00b7lacions el\u00e8ctriques i automatismes.<\/li>\n\n\n\n<li>Configuraci\u00f3 d\u2019instal\u00b7lacions calor\u00edfiques.<\/li>\n\n\n\n<li>Muntatge i manteniment d\u2019instal\u00b7lacions calor\u00edfiques.<\/li>\n\n\n\n<li>Muntatge i manteniment d\u2019instal\u00b7lacions d\u2019aigua.<\/li>\n\n\n\n<li>Muntatge i manteniment d\u2019instal\u00b7lacions d\u2019energia solar t\u00e8rmica.<\/li>\n\n\n\n<li>Muntatge i manteniment d\u2019instal\u00b7lacions de gas i combustibles l\u00edquids.<\/li>\n\n\n\n<li>Angl\u00e8s professional.<\/li>\n\n\n\n<li>Digitalitzaci\u00f3 aplicada als sectors productius.<\/li>\n\n\n\n<li>Sostenibilitat aplicada al sistema productiu.<\/li>\n\n\n\n<li>Itinerari personal per a l&#8217;ocupabilitat I.<\/li>\n\n\n\n<li>Itinerari personal per a l&#8217;ocupabilitat II.<\/li>\n\n\n\n<li>Projecte intermodular.<\/li>\n\n\n\n<li>M\u00f2dul professional optatiu.<\/li>\n<\/ul>\n\n\n\n<h3 class=\"wp-block-heading\">On treballar\u00e0s?<\/h3>\n\n\n\n<p>En ind\u00fastries de muntatge i manteniment d\u2019instal\u00b7lacions t\u00e8rmiques i de fluids, relacionades amb els subsectors de la calefacci\u00f3, les instal\u00b7lacions solars t\u00e8rmiques per a la producci\u00f3 d\u2019aigua calenta sanit\u00e0ria i gasos, en el sector industrial, d\u2019edificaci\u00f3 i obra civil.<\/p>\n\n\n\n<h3 class=\"wp-block-heading\">Compet\u00e8ncies professionals:<\/h3>\n\n\n\n<p>Aquests estudis postobligatoris capaciten per muntar i mantenir instal\u00b7lacions calor\u00edfiques, solars t\u00e8rmiques i de fluids aplicant la normativa vigent, protocols de qualitat, de seguretat i prevenci\u00f3 de riscs laborals establerts, assegurant la seva funcionalitat i respecte al medi ambient.<\/p>\n\n\n\n<p>Si es cursa conjuntament amb el cicle <strong>d&#8217;Instal\u00b7lacions frigor\u00edfiques i de climatitzaci\u00f3 (IM30)<\/strong>, s&#8217;obt\u00e9 directament el <strong>carnet professional d&#8217;instal\u00b7lacions t\u00e8rmiques en els edificis (ITE)<\/strong>.<\/p>\n","protected":false},"excerpt":{"rendered":"<p>CFGMT\u00e8cnic\/a enInstal\u00b7lacions de producci\u00f3de calor<\/p>\n<p>Horari marc: Mat\u00edDurada: 2.000 hores distribu\u00efdes en dos cursos acad\u00e8mics (1.485 hores en el centre educatiu i 515 hores d&#8217;estada a l&#8217;empresa en un centre de treball)3X2 Amb un curs m\u00e9s s\u2019obt\u00e9 el t\u00edtol de t\u00e8cnic\/a en Instal\u00b7lacions frigor\u00edfiques i de&hellip;  <a href=\"https:\/\/agora.xtec.cat\/iesguindavols\/estudis\/cicles-formatius\/cfgm-im20\/\" title=\"Read CFGM IM20\">Llegeix m\u00e9s\u00bb<\/a><\/p>\n","protected":false},"author":5,"featured_media":0,"parent":70467,"menu_order":0,"comment_status":"closed","ping_status":"closed","template":"","meta":{"_bbp_topic_count":0,"_bbp_reply_count":0,"_bbp_total_topic_count":0,"_bbp_total_reply_count":0,"_bbp_voice_count":0,"_bbp_anonymous_reply_count":0,"_bbp_topic_count_hidden":0,"_bbp_reply_count_hidden":0,"_bbp_forum_subforum_count":0,"footnotes":""},"class_list":["post-66360","page","type-page","status-publish","hentry"],"post_mailing_queue_ids":[],"_links":{"self":[{"href":"https:\/\/agora.xtec.cat\/iesguindavols\/wp-json\/wp\/v2\/pages\/66360","targetHints":{"allow":["GET"]}}],"collection":[{"href":"https:\/\/agora.xtec.cat\/iesguindavols\/wp-json\/wp\/v2\/pages"}],"about":[{"href":"https:\/\/agora.xtec.cat\/iesguindavols\/wp-json\/wp\/v2\/types\/page"}],"author":[{"embeddable":true,"href":"https:\/\/agora.xtec.cat\/iesguindavols\/wp-json\/wp\/v2\/users\/5"}],"replies":[{"embeddable":true,"href":"https:\/\/agora.xtec.cat\/iesguindavols\/wp-json\/wp\/v2\/comments?post=66360"}],"version-history":[{"count":6,"href":"https:\/\/agora.xtec.cat\/iesguindavols\/wp-json\/wp\/v2\/pages\/66360\/revisions"}],"predecessor-version":[{"id":70463,"href":"https:\/\/agora.xtec.cat\/iesguindavols\/wp-json\/wp\/v2\/pages\/66360\/revisions\/70463"}],"up":[{"embeddable":true,"href":"https:\/\/agora.xtec.cat\/iesguindavols\/wp-json\/wp\/v2\/pages\/70467"}],"wp:attachment":[{"href":"https:\/\/agora.xtec.cat\/iesguindavols\/wp-json\/wp\/v2\/media?parent=66360"}],"curies":[{"name":"wp","href":"https:\/\/api.w.org\/{rel}","templated":true}]}}

<div style="position: relative; text-align: left; color: white; --ampladeta: 30%;">
<div style="width: var(--ampladeta); overflow: hidden;"><img decoding="async" style="clip-path: polygon(75% 0%, 100% 50%, 75% 100%, 0% 100%, 25% 50%, 0% 0%);" src="https://agora.xtec.cat/iesguindavols/wp-content/uploads/usu2923/2023/04/Foto-IM20.jpg">
<div style="position: absolute; top: 0%; left: 35%;"><span style="font-size: 3.5vw; background: linear-gradient(135deg, rgb(51, 140, 221, 0.8), rgb(144, 148, 151, 0.6)); box-decoration-break: slice; line-height: 1.25;">CFGM<br>Tècnic/a en<br>Instal·lacions de producció<br>de calor</span></div>
</div>
</div>



<p><span style="color: #dd296b; font-size: 2vw;"><i class="material-icons"></i><b>Horari marc:</b> Matí</span><br /><span style="color: #dd296b; font-size: 2vw;"><i class="material-icons"></i><b>Durada: </b>2.000 hores distribuïdes en dos cursos acadèmics (1.485 hores en el centre educatiu i 515 hores d&#8217;estada a l&#8217;empresa en un centre de treball)</span><br /><span style="color: #dd296b; font-size: 2vw;"><b>3X2</b> Amb un curs més s’obté el títol de tècnic/a en Instal·lacions frigorífiques i de climatització.</span></p>



<h3 class="wp-block-heading">De què treballaràs?</h3>



<p>Instal·lador/a i mantenidor/a de:</p>



<ul class="wp-block-list">
<li>Equips de producció de calor.</li>



<li>Instal·lacions de calefacció i d’aigua calenta sanitària.</li>



<li>Instal·lacions solars tèrmiques.</li>



<li>Instal·lacions d’aigua.</li>



<li>Instal·lacions de gas i combustibles líquids.</li>
</ul>



<h3 class="wp-block-heading">Què estudiaràs?</h3>



<ul class="wp-block-list">
<li>Màquines i equips tèrmics.</li>



<li>Tècniques de muntatge d’instal·lacions.</li>



<li>Instal·lacions elèctriques i automatismes.</li>



<li>Configuració d’instal·lacions calorífiques.</li>



<li>Muntatge i manteniment d’instal·lacions calorífiques.</li>



<li>Muntatge i manteniment d’instal·lacions d’aigua.</li>



<li>Muntatge i manteniment d’instal·lacions d’energia solar tèrmica.</li>



<li>Muntatge i manteniment d’instal·lacions de gas i combustibles líquids.</li>



<li>Anglès professional.</li>



<li>Digitalització aplicada als sectors productius.</li>



<li>Sostenibilitat aplicada al sistema productiu.</li>



<li>Itinerari personal per a l&#8217;ocupabilitat I.</li>



<li>Itinerari personal per a l&#8217;ocupabilitat II.</li>



<li>Projecte intermodular.</li>



<li>Mòdul professional optatiu.</li>
</ul>



<h3 class="wp-block-heading">On treballaràs?</h3>



<p>En indústries de muntatge i manteniment d’instal·lacions tèrmiques i de fluids, relacionades amb els subsectors de la calefacció, les instal·lacions solars tèrmiques per a la producció d’aigua calenta sanitària i gasos, en el sector industrial, d’edificació i obra civil.</p>



<h3 class="wp-block-heading">Competències professionals:</h3>



<p>Aquests estudis postobligatoris capaciten per muntar i mantenir instal·lacions calorífiques, solars tèrmiques i de fluids aplicant la normativa vigent, protocols de qualitat, de seguretat i prevenció de riscs laborals establerts, assegurant la seva funcionalitat i respecte al medi ambient.</p>



<p>Si es cursa conjuntament amb el cicle <strong>d&#8217;Instal·lacions frigorífiques i de climatització (IM30)</strong>, s&#8217;obté directament el <strong>carnet professional d&#8217;instal·lacions tèrmiques en els edificis (ITE)</strong>.</p>

<p>CFGMTècnic/a enInstal·lacions de produccióde calor</p>
<p>Horari marc: MatíDurada: 2.000 hores distribuïdes en dos cursos acadèmics (1.485 hores en el centre educatiu i 515 hores d&#8217;estada a l&#8217;empresa en un centre de treball)3X2 Amb un curs més s’obté el títol de tècnic/a en Instal·lacions frigorífiques i de&hellip;  <a href="https://agora.xtec.cat/iesguindavols/estudis/cicles-formatius/cfgm-im20/" title="Read CFGM IM20">Llegeix més»</a></p>
