{"id":66209,"date":"2023-04-11T22:51:27","date_gmt":"2023-04-11T20:51:27","guid":{"rendered":"https:\/\/agora.xtec.cat\/iesguindavols\/?page_id=66209"},"modified":"2025-01-13T10:58:38","modified_gmt":"2025-01-13T09:58:38","slug":"tecnic-en-installacions-frigorifiques-i-de-climatitzacio","status":"publish","type":"page","link":"https:\/\/agora.xtec.cat\/iesguindavols\/estudis\/cicles-formatius\/tecnic-en-installacions-frigorifiques-i-de-climatitzacio\/","title":{"rendered":"CFGM IM30"},"content":{"rendered":"<div style=\"position: relative; text-align: left; color: white; --ampladeta: 30%;\">\n<div style=\"width: var(--ampladeta); overflow: hidden;\"><img decoding=\"async\" style=\"clip-path: polygon(75% 0%, 100% 50%, 75% 100%, 0% 100%, 25% 50%, 0% 0%);\" src=\"https:\/\/agora.xtec.cat\/iesguindavols\/wp-content\/uploads\/usu2923\/2023\/04\/Foto-IM30-1.jpg\" \/><\/p>\n<div style=\"position: absolute; top: 0%; left: 35%;\"><span style=\"font-size: 3.5vw; background: linear-gradient(135deg, rgb(51, 140, 221, 0.8), rgb(218, 247, 166, 0.8)); box-decoration-break: slice; line-height: 1.25;\">CFGM<br \/>\nT\u00e8cnic\/a en<br \/>\nInstal\u00b7lacions frigor\u00edfiques<br \/>\ni de climatitzaci\u00f3<\/span><\/div>\n<\/div>\n<\/div>\n<h3><span style=\"color: #dd296b; font-size: 2vw;\"><b>Horari marc:<\/b> Mat\u00ed<\/span><br \/>\n<span style=\"color: #dd296b; font-size: 2vw;\"><i class=\"material-icons\"><\/i><b>Durada:<\/b><strong> 2.000 hores distribu\u00efdes en dos cursos acad\u00e8mics (1.485 hores en el centre educatiu i 515 hores d&#8217;estada a l&#8217;empresa en un centre de treball)<\/strong><\/span><br \/>\n<span style=\"color: #dd296b; font-size: 2vw;\"><b>3X2<\/b> Amb un curs m\u00e9s s\u2019obt\u00e9 el t\u00edtol de t\u00e8cnic\/a de Producci\u00f3 de Calor.<\/span><\/h3>\n<h3>De qu\u00e8 treballar\u00e0s?<\/h3>\n<p>Instal\u00b7lador\/a i mantenidor\/a:<\/p>\n<ul>\n<li>Frigorista en instal\u00b7lacions comercials.<\/li>\n<li>Frigorista en processos industrials.<\/li>\n<li>D\u2019equips de climatitzaci\u00f3, ventilaci\u00f3 i extracci\u00f3, xarxes de distribuci\u00f3 i equips terminals.<\/li>\n<\/ul>\n<h3>Qu\u00e8 estudiar\u00e0s?<\/h3>\n<ul>\n<li>M\u00e0quines i equips t\u00e8rmics.<\/li>\n<li>T\u00e8cniques de muntatge d\u2019instal\u00b7lacions.<\/li>\n<li>Instal\u00b7lacions el\u00e8ctriques i automatismes.<\/li>\n<li>Configuraci\u00f3 d\u2019instal\u00b7lacions de fred i climatitzaci\u00f3.<\/li>\n<li>Muntatge i manteniment d\u2019equips de refrigeraci\u00f3 comercial.<\/li>\n<li>Muntatge i manteniment d\u2019instal\u00b7lacions frigor\u00edfiques industrials.<\/li>\n<li>Muntatge i manteniment d\u2019instal\u00b7lacions de climatitzaci\u00f3, ventilaci\u00f3 i extracci\u00f3.<\/li>\n<li>Angl\u00e8s professional.<\/li>\n<li>Digitalitzaci\u00f3 aplicada als sectors productius.<\/li>\n<li>Sostenibilitat aplicada al sistema productiu.<\/li>\n<li>Itinerari personal per a l&#8217;ocupabilitat I.<\/li>\n<li>Itinerari personal per a l&#8217;ocupabilitat II.<\/li>\n<li>Projecte intermodular.<\/li>\n<li>M\u00f2dul professional optatiu.<\/li>\n<\/ul>\n<h3>On treballar\u00e0s?<\/h3>\n<p>En ind\u00fastries de muntatge i manteniment d\u2019instal\u00b7lacions t\u00e8rmiques i de fluids, relacionades amb els subsectors d\u2019instal\u00b7lacions frigor\u00edfiques, de climatitzaci\u00f3 i de ventilaci\u00f3, en el sector industrial, d\u2019edificaci\u00f3 i obra civil.<\/p>\n<h3>Compet\u00e8ncies professionals:<\/h3>\n<p>Aquests estudis capaciten per muntar i mantenir instal\u00b7lacions frigor\u00edfiques, de climatitzaci\u00f3 i de ventilaci\u00f3 aplicant la normativa vigent, protocols de qualitat, de seguretat i prevenci\u00f3 de riscos laborals establerts, assegurant la seva funcionalitat i respecte al medi ambient.<\/p>\n<p>Si es cursa conjuntament amb el cicle <strong>d&#8217;instal\u00b7lacions de producci\u00f3 de calor (IM20)<\/strong>, s&#8217;obt\u00e9 directament el <strong>carnet professional d&#8217;instal\u00b7lacions t\u00e8rmiques en els edificis (ITE).<\/strong><br \/>\nAmb aquesta titulaci\u00f3 tamb\u00e9 s&#8217;obt\u00e9 de forma directa el <strong>certificat acreditatiu<\/strong> per a la manipulaci\u00f3 d&#8217;equips amb sistemes frigor\u00edfics de qualsevol c\u00e0rrega de refrigerants <strong>de gasos fluorats<\/strong>.<\/p>\n","protected":false},"excerpt":{"rendered":"<p>CFGM<br \/>\nT\u00e8cnic\/a en<br \/>\nInstal\u00b7lacions frigor\u00edfiques<br \/>\ni de climatitzaci\u00f3<\/p>\n<p>Horari marc: Mat\u00ed<br \/>\nDurada: 2.000 hores distribu\u00efdes en dos cursos acad\u00e8mics (1.485 hores en el centre educatiu i 515 hores d&#8217;estada a l&#8217;empresa en un centre de treball)<br \/>\n3X2 Amb un curs m\u00e9s s\u2019obt\u00e9 el t\u00edtol de t\u00e8cnic\/a de Producci\u00f3 de Calor.<br \/>\nDe qu\u00e8&hellip;  <a href=\"https:\/\/agora.xtec.cat\/iesguindavols\/estudis\/cicles-formatius\/tecnic-en-installacions-frigorifiques-i-de-climatitzacio\/\" title=\"Read CFGM IM30\">Llegeix m\u00e9s\u00bb<\/a><\/p>\n","protected":false},"author":5,"featured_media":0,"parent":70467,"menu_order":0,"comment_status":"closed","ping_status":"closed","template":"","meta":{"_bbp_topic_count":0,"_bbp_reply_count":0,"_bbp_total_topic_count":0,"_bbp_total_reply_count":0,"_bbp_voice_count":0,"_bbp_anonymous_reply_count":0,"_bbp_topic_count_hidden":0,"_bbp_reply_count_hidden":0,"_bbp_forum_subforum_count":0,"footnotes":""},"class_list":["post-66209","page","type-page","status-publish","hentry"],"post_mailing_queue_ids":[],"_links":{"self":[{"href":"https:\/\/agora.xtec.cat\/iesguindavols\/wp-json\/wp\/v2\/pages\/66209","targetHints":{"allow":["GET"]}}],"collection":[{"href":"https:\/\/agora.xtec.cat\/iesguindavols\/wp-json\/wp\/v2\/pages"}],"about":[{"href":"https:\/\/agora.xtec.cat\/iesguindavols\/wp-json\/wp\/v2\/types\/page"}],"author":[{"embeddable":true,"href":"https:\/\/agora.xtec.cat\/iesguindavols\/wp-json\/wp\/v2\/users\/5"}],"replies":[{"embeddable":true,"href":"https:\/\/agora.xtec.cat\/iesguindavols\/wp-json\/wp\/v2\/comments?post=66209"}],"version-history":[{"count":6,"href":"https:\/\/agora.xtec.cat\/iesguindavols\/wp-json\/wp\/v2\/pages\/66209\/revisions"}],"predecessor-version":[{"id":70462,"href":"https:\/\/agora.xtec.cat\/iesguindavols\/wp-json\/wp\/v2\/pages\/66209\/revisions\/70462"}],"up":[{"embeddable":true,"href":"https:\/\/agora.xtec.cat\/iesguindavols\/wp-json\/wp\/v2\/pages\/70467"}],"wp:attachment":[{"href":"https:\/\/agora.xtec.cat\/iesguindavols\/wp-json\/wp\/v2\/media?parent=66209"}],"curies":[{"name":"wp","href":"https:\/\/api.w.org\/{rel}","templated":true}]}}

<div style="position: relative; text-align: left; color: white; --ampladeta: 30%;">
<div style="width: var(--ampladeta); overflow: hidden;"><img decoding="async" style="clip-path: polygon(75% 0%, 100% 50%, 75% 100%, 0% 100%, 25% 50%, 0% 0%);" src="https://agora.xtec.cat/iesguindavols/wp-content/uploads/usu2923/2023/04/Foto-IM30-1.jpg" /></p>
<div style="position: absolute; top: 0%; left: 35%;"><span style="font-size: 3.5vw; background: linear-gradient(135deg, rgb(51, 140, 221, 0.8), rgb(218, 247, 166, 0.8)); box-decoration-break: slice; line-height: 1.25;">CFGM<br />
Tècnic/a en<br />
Instal·lacions frigorífiques<br />
i de climatització</span></div>
</div>
</div>
<h3><span style="color: #dd296b; font-size: 2vw;"><b>Horari marc:</b> Matí</span><br />
<span style="color: #dd296b; font-size: 2vw;"><i class="material-icons"></i><b>Durada:</b><strong> 2.000 hores distribuïdes en dos cursos acadèmics (1.485 hores en el centre educatiu i 515 hores d&#8217;estada a l&#8217;empresa en un centre de treball)</strong></span><br />
<span style="color: #dd296b; font-size: 2vw;"><b>3X2</b> Amb un curs més s’obté el títol de tècnic/a de Producció de Calor.</span></h3>
<h3>De què treballaràs?</h3>
<p>Instal·lador/a i mantenidor/a:</p>
<ul>
<li>Frigorista en instal·lacions comercials.</li>
<li>Frigorista en processos industrials.</li>
<li>D’equips de climatització, ventilació i extracció, xarxes de distribució i equips terminals.</li>
</ul>
<h3>Què estudiaràs?</h3>
<ul>
<li>Màquines i equips tèrmics.</li>
<li>Tècniques de muntatge d’instal·lacions.</li>
<li>Instal·lacions elèctriques i automatismes.</li>
<li>Configuració d’instal·lacions de fred i climatització.</li>
<li>Muntatge i manteniment d’equips de refrigeració comercial.</li>
<li>Muntatge i manteniment d’instal·lacions frigorífiques industrials.</li>
<li>Muntatge i manteniment d’instal·lacions de climatització, ventilació i extracció.</li>
<li>Anglès professional.</li>
<li>Digitalització aplicada als sectors productius.</li>
<li>Sostenibilitat aplicada al sistema productiu.</li>
<li>Itinerari personal per a l&#8217;ocupabilitat I.</li>
<li>Itinerari personal per a l&#8217;ocupabilitat II.</li>
<li>Projecte intermodular.</li>
<li>Mòdul professional optatiu.</li>
</ul>
<h3>On treballaràs?</h3>
<p>En indústries de muntatge i manteniment d’instal·lacions tèrmiques i de fluids, relacionades amb els subsectors d’instal·lacions frigorífiques, de climatització i de ventilació, en el sector industrial, d’edificació i obra civil.</p>
<h3>Competències professionals:</h3>
<p>Aquests estudis capaciten per muntar i mantenir instal·lacions frigorífiques, de climatització i de ventilació aplicant la normativa vigent, protocols de qualitat, de seguretat i prevenció de riscos laborals establerts, assegurant la seva funcionalitat i respecte al medi ambient.</p>
<p>Si es cursa conjuntament amb el cicle <strong>d&#8217;instal·lacions de producció de calor (IM20)</strong>, s&#8217;obté directament el <strong>carnet professional d&#8217;instal·lacions tèrmiques en els edificis (ITE).</strong><br />
Amb aquesta titulació també s&#8217;obté de forma directa el <strong>certificat acreditatiu</strong> per a la manipulació d&#8217;equips amb sistemes frigorífics de qualsevol càrrega de refrigerants <strong>de gasos fluorats</strong>.</p>

<p>CFGM<br />
Tècnic/a en<br />
Instal·lacions frigorífiques<br />
i de climatització</p>
<p>Horari marc: Matí<br />
Durada: 2.000 hores distribuïdes en dos cursos acadèmics (1.485 hores en el centre educatiu i 515 hores d&#8217;estada a l&#8217;empresa en un centre de treball)<br />
3X2 Amb un curs més s’obté el títol de tècnic/a de Producció de Calor.<br />
De què&hellip;  <a href="https://agora.xtec.cat/iesguindavols/estudis/cicles-formatius/tecnic-en-installacions-frigorifiques-i-de-climatitzacio/" title="Read CFGM IM30">Llegeix més»</a></p>
