{"id":65790,"date":"2023-02-24T12:29:39","date_gmt":"2023-02-24T11:29:39","guid":{"rendered":"https:\/\/agora.xtec.cat\/iesguindavols\/?page_id=65790"},"modified":"2025-11-28T12:23:46","modified_gmt":"2025-11-28T11:23:46","slug":"pla-demergencia","status":"publish","type":"page","link":"https:\/\/agora.xtec.cat\/iesguindavols\/pla-demergencia\/","title":{"rendered":"PLA D&#8217;EMERG\u00c8NCIA"},"content":{"rendered":"\n<p>El pla d\u2019emerg\u00e8ncia recull les actuacions que s\u2019han de seguir davant d\u2019una emerg\u00e8ncia, amb la finalitat de reduir la improvisaci\u00f3 en cas que es produ\u00eds qualsevol accident.<\/p>\n\n\n\n<figure class=\"wp-block-image\"><a href=\"https:\/\/agora.xtec.cat\/iesguindavols\/wp-content\/uploads\/usu2923\/2025\/11\/pla_demergencia_guindavols.pdf\" target=\"_blank\" rel=\" noreferrer noopener\"><img loading=\"lazy\" decoding=\"async\" width=\"958\" height=\"721\" src=\"https:\/\/agora.xtec.cat\/iesguindavols\/wp-content\/uploads\/usu2923\/2023\/04\/Captura-de-pantalla-2023-04-13-122916.png\" alt=\"\" class=\"wp-image-66424\" srcset=\"https:\/\/agora.xtec.cat\/iesguindavols\/wp-content\/uploads\/usu2923\/2023\/04\/Captura-de-pantalla-2023-04-13-122916.png 958w, https:\/\/agora.xtec.cat\/iesguindavols\/wp-content\/uploads\/usu2923\/2023\/04\/Captura-de-pantalla-2023-04-13-122916-300x226.png 300w, https:\/\/agora.xtec.cat\/iesguindavols\/wp-content\/uploads\/usu2923\/2023\/04\/Captura-de-pantalla-2023-04-13-122916-768x578.png 768w, https:\/\/agora.xtec.cat\/iesguindavols\/wp-content\/uploads\/usu2923\/2023\/04\/Captura-de-pantalla-2023-04-13-122916-200x150.png 200w\" sizes=\"auto, (max-width: 958px) 100vw, 958px\" \/><\/a><\/figure>\n\n\n\n<hr class=\"wp-block-separator has-alpha-channel-opacity\"\/>\n\n\n\n<p><strong>Senyal ac\u00fastic de confinament<\/strong><\/p>\n\n\n\n<figure class=\"wp-block-audio\"><audio controls src=\"https:\/\/agora.xtec.cat\/iesguindavols\/wp-content\/uploads\/usu2923\/2024\/12\/Senyal_Confinament_Guindavols.mp3\"><\/audio><\/figure>\n\n\n\n<hr class=\"wp-block-separator has-alpha-channel-opacity\"\/>\n\n\n\n<p><strong>Senyal ac\u00fastic d&#8217;evacuaci\u00f3<\/strong><\/p>\n\n\n\n<figure class=\"wp-block-audio\"><audio controls src=\"https:\/\/agora.xtec.cat\/iesguindavols\/wp-content\/uploads\/usu2923\/2024\/12\/Senyal_Evacuacio_Guindavols.mp3\"><\/audio><\/figure>\n","protected":false},"excerpt":{"rendered":"<p>El pla d\u2019emerg\u00e8ncia recull les actuacions que s\u2019han de seguir davant d\u2019una emerg\u00e8ncia, amb la finalitat de reduir la improvisaci\u00f3 en cas que es produ\u00eds qualsevol accident.<\/p>\n<p><a href=\"https:\/\/agora.xtec.cat\/iesguindavols\/wp-content\/uploads\/usu2923\/2025\/11\/pla_demergencia_guindavols.pdf\" target=\"_blank\" rel=\" noreferrer noopener\"><\/a><\/p>\n<p>Senyal ac\u00fastic de confinament<\/p>\n<p>Senyal ac\u00fastic d&#8217;evacuaci\u00f3<\/p>\n","protected":false},"author":6,"featured_media":0,"parent":0,"menu_order":0,"comment_status":"closed","ping_status":"closed","template":"","meta":{"_bbp_topic_count":0,"_bbp_reply_count":0,"_bbp_total_topic_count":0,"_bbp_total_reply_count":0,"_bbp_voice_count":0,"_bbp_anonymous_reply_count":0,"_bbp_topic_count_hidden":0,"_bbp_reply_count_hidden":0,"_bbp_forum_subforum_count":0,"footnotes":""},"class_list":["post-65790","page","type-page","status-publish","hentry"],"post_mailing_queue_ids":[],"_links":{"self":[{"href":"https:\/\/agora.xtec.cat\/iesguindavols\/wp-json\/wp\/v2\/pages\/65790","targetHints":{"allow":["GET"]}}],"collection":[{"href":"https:\/\/agora.xtec.cat\/iesguindavols\/wp-json\/wp\/v2\/pages"}],"about":[{"href":"https:\/\/agora.xtec.cat\/iesguindavols\/wp-json\/wp\/v2\/types\/page"}],"author":[{"embeddable":true,"href":"https:\/\/agora.xtec.cat\/iesguindavols\/wp-json\/wp\/v2\/users\/6"}],"replies":[{"embeddable":true,"href":"https:\/\/agora.xtec.cat\/iesguindavols\/wp-json\/wp\/v2\/comments?post=65790"}],"version-history":[{"count":6,"href":"https:\/\/agora.xtec.cat\/iesguindavols\/wp-json\/wp\/v2\/pages\/65790\/revisions"}],"predecessor-version":[{"id":72712,"href":"https:\/\/agora.xtec.cat\/iesguindavols\/wp-json\/wp\/v2\/pages\/65790\/revisions\/72712"}],"wp:attachment":[{"href":"https:\/\/agora.xtec.cat\/iesguindavols\/wp-json\/wp\/v2\/media?parent=65790"}],"curies":[{"name":"wp","href":"https:\/\/api.w.org\/{rel}","templated":true}]}}

PLA D&#8217;EMERGÈNCIA

<p>El pla d’emergència recull les actuacions que s’han de seguir davant d’una emergència, amb la finalitat de reduir la improvisació en cas que es produís qualsevol accident.</p>



<figure class="wp-block-image"><a href="https://agora.xtec.cat/iesguindavols/wp-content/uploads/usu2923/2025/11/pla_demergencia_guindavols.pdf" target="_blank" rel=" noreferrer noopener"><img loading="lazy" decoding="async" width="958" height="721" src="https://agora.xtec.cat/iesguindavols/wp-content/uploads/usu2923/2023/04/Captura-de-pantalla-2023-04-13-122916.png" alt="" class="wp-image-66424" srcset="https://agora.xtec.cat/iesguindavols/wp-content/uploads/usu2923/2023/04/Captura-de-pantalla-2023-04-13-122916.png 958w, https://agora.xtec.cat/iesguindavols/wp-content/uploads/usu2923/2023/04/Captura-de-pantalla-2023-04-13-122916-300x226.png 300w, https://agora.xtec.cat/iesguindavols/wp-content/uploads/usu2923/2023/04/Captura-de-pantalla-2023-04-13-122916-768x578.png 768w, https://agora.xtec.cat/iesguindavols/wp-content/uploads/usu2923/2023/04/Captura-de-pantalla-2023-04-13-122916-200x150.png 200w" sizes="auto, (max-width: 958px) 100vw, 958px" /></a></figure>



<hr class="wp-block-separator has-alpha-channel-opacity"/>



<p><strong>Senyal acústic de confinament</strong></p>



<figure class="wp-block-audio"><audio controls src="https://agora.xtec.cat/iesguindavols/wp-content/uploads/usu2923/2024/12/Senyal_Confinament_Guindavols.mp3"></audio></figure>



<hr class="wp-block-separator has-alpha-channel-opacity"/>



<p><strong>Senyal acústic d&#8217;evacuació</strong></p>



<figure class="wp-block-audio"><audio controls src="https://agora.xtec.cat/iesguindavols/wp-content/uploads/usu2923/2024/12/Senyal_Evacuacio_Guindavols.mp3"></audio></figure>

<p>El pla d’emergència recull les actuacions que s’han de seguir davant d’una emergència, amb la finalitat de reduir la improvisació en cas que es produís qualsevol accident.</p>
<p><a href="https://agora.xtec.cat/iesguindavols/wp-content/uploads/usu2923/2025/11/pla_demergencia_guindavols.pdf" target="_blank" rel=" noreferrer noopener"></a></p>
<p>Senyal acústic de confinament</p>
<p>Senyal acústic d&#8217;evacuació</p>
