{"id":65771,"date":"2023-02-24T12:04:04","date_gmt":"2023-02-24T11:04:04","guid":{"rendered":"https:\/\/agora.xtec.cat\/iesguindavols\/?page_id=65771"},"modified":"2024-01-26T13:02:21","modified_gmt":"2024-01-26T12:02:21","slug":"projecte-educatiu-2","status":"publish","type":"page","link":"https:\/\/agora.xtec.cat\/iesguindavols\/projecte-educatiu-2\/","title":{"rendered":"Projecte educatiu"},"content":{"rendered":"<h4><strong>Trets identitaris<\/strong><\/h4>\n<p style=\"text-align: justify;\">La comunitat educativa de l\u2019Institut Guind\u00e0vols ent\u00e9n l\u2019educaci\u00f3 com un proc\u00e9s integrador, no discriminatori, democr\u00e0tic, laic, catal\u00e0, progressista, respectu\u00f3s amb les persones independentment de les seves creences i de la seva cultura, en un marc de conviv\u00e8ncia democr\u00e0tic, cur\u00f3s amb el medi ambient i respectu\u00f3s amb el que constitueix el b\u00e9 com\u00fa i les normes de conviv\u00e8ncia. Tenim la responsabilitat de formar l\u2019alumnat en el marc del conjunt de valors, actituds i normes que caracteritzen una societat plural i democr\u00e0tica i de vetllar perqu\u00e8 la relaci\u00f3 entre les persones de la nostra comunitat educativa estigui orientada pel respecte, la llibertat, la solidaritat, la responsabilitat i el di\u00e0leg. Estem compromesos a cercar cont\u00ednuament la millora de la qualitat en els ensenyaments i serveis que proporcionem als nostres alumnes, per aix\u00f2 participem des del curs 1998\/99 en el Programa de Qualitat i Millora Cont\u00ednua del Departament d\u2019Educaci\u00f3. L\u2019any 2006 es va dur a terme la primera auditoria externa, i va esdevenir el primer institut de les comarques de Lleida amb la certificaci\u00f3 de qualitat ISO 9001, renovant-se cada 3 anys, la darrera \u00e9s del 2018.<\/p>\n<h4>MISSI\u00d3<\/h4>\n<p style=\"text-align: justify;\">La missi\u00f3 de l&#8217;institut Guind\u00e0vols \u00e9s proporcionar a l&#8217;alumnat una educaci\u00f3, formaci\u00f3 i orientaci\u00f3 de qualitat que els permeti cr\u00e9ixer a nivell intel\u00b7lectual i personal d&#8217;acord als requeriments de la societat actual. La finalitat \u00faltima del centre \u00e9s educar, formar i orientar els alumnes com a persones responsables amb esperit cr\u00edtic i reflexiu dins d&#8217;uns valors democr\u00e0tics, facilitant la seva integraci\u00f3 social i la seva inserci\u00f3 laboral.<\/p>\n<h4>VISI\u00d3<\/h4>\n<p style=\"text-align: justify;\">A l&#8217;lnstitut Guind\u00e0vols volem seguir desenvolupant la millora cont\u00ednua de la qualitat deis ensenyaments que s&#8217;imparteixen, garantint la satisfacci\u00f3 de les necessitats i expectatives deis usuaris (l&#8217;alumnat, les fam\u00edlies, el m\u00f3n empresarial, els centres superiors d&#8217;ensenyament i l&#8217;entorn social i cultural). L&#8217;alumnat \u00e9s el centre de la nostra tasca educativa. Volem afavorir la igualtat d&#8217;oportunitats i garantir l&#8217;atenci\u00f3 de tot l&#8217;alumnat, sense tenir en compte el seu origen; acompanyar-lo en el seu creixement personal, tant a nivell acad\u00e8mic com social, respectant els seus diferents ritmes d&#8217;aprenentatge i potenciant al m\u00e0xim les seves capacitats. Facilitem estrat\u00e8gies per al reconeixement de l&#8217;altre com a igual, compartint i col\u00b7laborant des de la comprensi\u00f3 i el respecte mutu per sumar. Promovem totes aquelles activitats que eduquin en la igualtat de g\u00e8nere, l&#8217;equitat i la inclusi\u00f3 i que contribueixin a l&#8217;assoliment deis Objectius de Desenvolupament Sostenible (ODS), donant resposta a I&#8217;agenda mundial Educaci\u00f3 2030. Treballem per a que l&#8217;alumnat esdevingui membre actiu de la societat actual i pugui desenvolupars&#8217;hi amb les habilitats ja esmentades, posant l&#8217;accent en la seva compet\u00e8ncia digital clau en la societat del segle XXI. Volem que les fam\u00edlies s&#8217;impliquin i donin suport a la nostra tasca, compartint les decisions que els diferents equips docents puguin prendre en relaci\u00f3 a l&#8217;educaci\u00f3 deis seus fills i filles.<\/p>\n<h4>VALORS<\/h4>\n<p style=\"text-align: justify;\">Els valors que han d&#8217;impregnar l&#8217;actuaci\u00f3 de l&#8217;lnstitut Guind\u00e0vols s\u00f3n:<\/p>\n<p style=\"text-align: justify;\">&#8211; <strong>lntegraci\u00f3<\/strong>. (Facilitar la integraci\u00f3 de tot l&#8217;alumnat al centre i la societat en general). &#8211; Solidaritat. (lmpulsant activitats solidaries vers les persones m\u00e9s vulnerables).<\/p>\n<p style=\"text-align: justify;\">&#8211; <strong>Proximitat i accessibilitat.<\/strong> (Fer de l&#8217;institut un lloc proper i accessible per a totes les persones usu\u00e0ries).<\/p>\n<p style=\"text-align: justify;\">&#8211; <strong>Toler\u00e0ncia.<\/strong> (Comprenent i respectant totes les opinions democr\u00e0tiques i maneres de fer de les persones).<\/p>\n<p style=\"text-align: justify;\">&#8211; <strong>lnnovaci\u00f3<\/strong>. (lmpulsant elements de progr\u00e9s i noves formes d&#8217;aprendre).<\/p>\n<p style=\"text-align: justify;\">&#8211; <strong>Sostenibilitat.<\/strong> (Educant per a el respecte al Medi Ambient). &#8211; Equitat. (Vetllant per a que totes les persones de la comunitat educativa, tinguin les mateixes oportunitats).<\/p>\n<p style=\"text-align: justify;\">&#8211; <strong>lnclusivitat i igualtat.<\/strong> (Promovent accions que sumin a tots totes les persones de la comunitat educativa i orientin capa la igualtat social).<\/p>\n<p style=\"text-align: justify;\">&#8211; <strong>Respecte.<\/strong> (Fer del respecte el valor principal de la conviv\u00e8ncia, ja sigui per les persones que formen part de la comunitat educativa, com per el material i instal\u00b7lacions que formen part del nostre institut).<\/p>\n<p style=\"text-align: justify;\">&#8211; <strong>Participaci\u00f3 i treball col\u00b7laboratiu.<\/strong> (Fomentant activitats col\u00b7laboratives , i la participaci\u00f3 de la comunitat educativa en el disseny d&#8217;accions que siguin determinants per a els processos educatius del centre).<\/p>\n<p style=\"text-align: justify;\">&#8211; <strong>La igualtat de g\u00e8nere.<\/strong> (Duen a terme accions on participi tota la comunitat educativa per donar for\u00e7a a la igualtat entre homes i dones).<\/p>\n<p style=\"text-align: justify;\">&#8211; <strong>La qualitat educativa.<\/strong> (Avaluant-nos per a una millora cont\u00ednua de l&#8217;acci\u00f3 educativa i satisfer a totes les persones implicades).<\/p>\n","protected":false},"excerpt":{"rendered":"<p>Trets identitaris<br \/>\nLa comunitat educativa de l\u2019Institut Guind\u00e0vols ent\u00e9n l\u2019educaci\u00f3 com un proc\u00e9s integrador, no discriminatori, democr\u00e0tic, laic, catal\u00e0, progressista, respectu\u00f3s amb les persones independentment de les seves creences i de la seva cultura, en un marc de conviv\u00e8ncia democr\u00e0tic, cur\u00f3s amb el medi ambient i&hellip;  <a href=\"https:\/\/agora.xtec.cat\/iesguindavols\/projecte-educatiu-2\/\" title=\"Read Projecte educatiu\">Llegeix m\u00e9s\u00bb<\/a><\/p>\n","protected":false},"author":6,"featured_media":0,"parent":0,"menu_order":0,"comment_status":"closed","ping_status":"closed","template":"","meta":{"_bbp_topic_count":0,"_bbp_reply_count":0,"_bbp_total_topic_count":0,"_bbp_total_reply_count":0,"_bbp_voice_count":0,"_bbp_anonymous_reply_count":0,"_bbp_topic_count_hidden":0,"_bbp_reply_count_hidden":0,"_bbp_forum_subforum_count":0,"footnotes":""},"class_list":["post-65771","page","type-page","status-publish","hentry"],"post_mailing_queue_ids":[],"_links":{"self":[{"href":"https:\/\/agora.xtec.cat\/iesguindavols\/wp-json\/wp\/v2\/pages\/65771","targetHints":{"allow":["GET"]}}],"collection":[{"href":"https:\/\/agora.xtec.cat\/iesguindavols\/wp-json\/wp\/v2\/pages"}],"about":[{"href":"https:\/\/agora.xtec.cat\/iesguindavols\/wp-json\/wp\/v2\/types\/page"}],"author":[{"embeddable":true,"href":"https:\/\/agora.xtec.cat\/iesguindavols\/wp-json\/wp\/v2\/users\/6"}],"replies":[{"embeddable":true,"href":"https:\/\/agora.xtec.cat\/iesguindavols\/wp-json\/wp\/v2\/comments?post=65771"}],"version-history":[{"count":5,"href":"https:\/\/agora.xtec.cat\/iesguindavols\/wp-json\/wp\/v2\/pages\/65771\/revisions"}],"predecessor-version":[{"id":69181,"href":"https:\/\/agora.xtec.cat\/iesguindavols\/wp-json\/wp\/v2\/pages\/65771\/revisions\/69181"}],"wp:attachment":[{"href":"https:\/\/agora.xtec.cat\/iesguindavols\/wp-json\/wp\/v2\/media?parent=65771"}],"curies":[{"name":"wp","href":"https:\/\/api.w.org\/{rel}","templated":true}]}}

<h4><strong>Trets identitaris</strong></h4>
<p style="text-align: justify;">La comunitat educativa de l’Institut Guindàvols entén l’educació com un procés integrador, no discriminatori, democràtic, laic, català, progressista, respectuós amb les persones independentment de les seves creences i de la seva cultura, en un marc de convivència democràtic, curós amb el medi ambient i respectuós amb el que constitueix el bé comú i les normes de convivència. Tenim la responsabilitat de formar l’alumnat en el marc del conjunt de valors, actituds i normes que caracteritzen una societat plural i democràtica i de vetllar perquè la relació entre les persones de la nostra comunitat educativa estigui orientada pel respecte, la llibertat, la solidaritat, la responsabilitat i el diàleg. Estem compromesos a cercar contínuament la millora de la qualitat en els ensenyaments i serveis que proporcionem als nostres alumnes, per això participem des del curs 1998/99 en el Programa de Qualitat i Millora Contínua del Departament d’Educació. L’any 2006 es va dur a terme la primera auditoria externa, i va esdevenir el primer institut de les comarques de Lleida amb la certificació de qualitat ISO 9001, renovant-se cada 3 anys, la darrera és del 2018.</p>
<h4>MISSIÓ</h4>
<p style="text-align: justify;">La missió de l&#8217;institut Guindàvols és proporcionar a l&#8217;alumnat una educació, formació i orientació de qualitat que els permeti créixer a nivell intel·lectual i personal d&#8217;acord als requeriments de la societat actual. La finalitat última del centre és educar, formar i orientar els alumnes com a persones responsables amb esperit crític i reflexiu dins d&#8217;uns valors democràtics, facilitant la seva integració social i la seva inserció laboral.</p>
<h4>VISIÓ</h4>
<p style="text-align: justify;">A l&#8217;lnstitut Guindàvols volem seguir desenvolupant la millora contínua de la qualitat deis ensenyaments que s&#8217;imparteixen, garantint la satisfacció de les necessitats i expectatives deis usuaris (l&#8217;alumnat, les famílies, el món empresarial, els centres superiors d&#8217;ensenyament i l&#8217;entorn social i cultural). L&#8217;alumnat és el centre de la nostra tasca educativa. Volem afavorir la igualtat d&#8217;oportunitats i garantir l&#8217;atenció de tot l&#8217;alumnat, sense tenir en compte el seu origen; acompanyar-lo en el seu creixement personal, tant a nivell acadèmic com social, respectant els seus diferents ritmes d&#8217;aprenentatge i potenciant al màxim les seves capacitats. Facilitem estratègies per al reconeixement de l&#8217;altre com a igual, compartint i col·laborant des de la comprensió i el respecte mutu per sumar. Promovem totes aquelles activitats que eduquin en la igualtat de gènere, l&#8217;equitat i la inclusió i que contribueixin a l&#8217;assoliment deis Objectius de Desenvolupament Sostenible (ODS), donant resposta a I&#8217;agenda mundial Educació 2030. Treballem per a que l&#8217;alumnat esdevingui membre actiu de la societat actual i pugui desenvolupars&#8217;hi amb les habilitats ja esmentades, posant l&#8217;accent en la seva competència digital clau en la societat del segle XXI. Volem que les famílies s&#8217;impliquin i donin suport a la nostra tasca, compartint les decisions que els diferents equips docents puguin prendre en relació a l&#8217;educació deis seus fills i filles.</p>
<h4>VALORS</h4>
<p style="text-align: justify;">Els valors que han d&#8217;impregnar l&#8217;actuació de l&#8217;lnstitut Guindàvols són:</p>
<p style="text-align: justify;">&#8211; <strong>lntegració</strong>. (Facilitar la integració de tot l&#8217;alumnat al centre i la societat en general). &#8211; Solidaritat. (lmpulsant activitats solidaries vers les persones més vulnerables).</p>
<p style="text-align: justify;">&#8211; <strong>Proximitat i accessibilitat.</strong> (Fer de l&#8217;institut un lloc proper i accessible per a totes les persones usuàries).</p>
<p style="text-align: justify;">&#8211; <strong>Tolerància.</strong> (Comprenent i respectant totes les opinions democràtiques i maneres de fer de les persones).</p>
<p style="text-align: justify;">&#8211; <strong>lnnovació</strong>. (lmpulsant elements de progrés i noves formes d&#8217;aprendre).</p>
<p style="text-align: justify;">&#8211; <strong>Sostenibilitat.</strong> (Educant per a el respecte al Medi Ambient). &#8211; Equitat. (Vetllant per a que totes les persones de la comunitat educativa, tinguin les mateixes oportunitats).</p>
<p style="text-align: justify;">&#8211; <strong>lnclusivitat i igualtat.</strong> (Promovent accions que sumin a tots totes les persones de la comunitat educativa i orientin capa la igualtat social).</p>
<p style="text-align: justify;">&#8211; <strong>Respecte.</strong> (Fer del respecte el valor principal de la convivència, ja sigui per les persones que formen part de la comunitat educativa, com per el material i instal·lacions que formen part del nostre institut).</p>
<p style="text-align: justify;">&#8211; <strong>Participació i treball col·laboratiu.</strong> (Fomentant activitats col·laboratives , i la participació de la comunitat educativa en el disseny d&#8217;accions que siguin determinants per a els processos educatius del centre).</p>
<p style="text-align: justify;">&#8211; <strong>La igualtat de gènere.</strong> (Duen a terme accions on participi tota la comunitat educativa per donar força a la igualtat entre homes i dones).</p>
<p style="text-align: justify;">&#8211; <strong>La qualitat educativa.</strong> (Avaluant-nos per a una millora contínua de l&#8217;acció educativa i satisfer a totes les persones implicades).</p>

<p>Trets identitaris<br />
La comunitat educativa de l’Institut Guindàvols entén l’educació com un procés integrador, no discriminatori, democràtic, laic, català, progressista, respectuós amb les persones independentment de les seves creences i de la seva cultura, en un marc de convivència democràtic, curós amb el medi ambient i&hellip;  <a href="https://agora.xtec.cat/iesguindavols/projecte-educatiu-2/" title="Read Projecte educatiu">Llegeix més»</a></p>
