{"id":65281,"date":"2022-11-23T10:07:22","date_gmt":"2022-11-23T09:07:22","guid":{"rendered":"https:\/\/agora.xtec.cat\/iesguindavols\/?page_id=65281"},"modified":"2023-05-31T16:37:52","modified_gmt":"2023-05-31T14:37:52","slug":"objectius-edc","status":"publish","type":"page","link":"https:\/\/agora.xtec.cat\/iesguindavols\/estrategia-digital-de-centre\/objectius-edc\/","title":{"rendered":"Objectius EDC"},"content":{"rendered":"<p><strong>VISI\u00d3<\/strong><\/p>\n<p>A l&#8217;lnstitut Guind\u00e0vols volem continuar desenvolupant la millora cont\u00ednua de la qualitat dels\u00a0ensenyaments que s&#8217;imparteixen, garantint la satisfacci\u00f3 de les necessitats i expectatives deis usuaris (l&#8217;alumnat, les fam\u00edlies, el m\u00f3n empresarial, els centres superiors d&#8217;ensenyament i l&#8217;entorn social i cultural).<\/p>\n<p>L&#8217;alumnat \u00e9s el centre de la nostra tasca educativa.<\/p>\n<p>Volem afavorir la igualtat d&#8217;oportunitats i garantir l&#8217;atenci\u00f3 de tot l&#8217;alumnat, sense tenir en compte el seu origen; acompanyar-lo en el seu creixement personal, tant a nivell acad\u00e8mic com social, respectant els seus diferents ritmes d&#8217;aprenentatge i potenciant al m\u00e0xim les seves capacitats.<\/p>\n<p>Facilitem estrat\u00e8gies per al reconeixement de l&#8217;altre com a igual, compartint i col\u00b7laborant des de la comprensi\u00f3 i el respecte mutu per sumar.<\/p>\n<p>Promovem totes aquelles activitats que eduquin en la igualtat de g\u00e8nere, l&#8217;equitat i la inclusi\u00f3 i que contribueixin a l&#8217;assoliment deis Objectius de Desenvolupament Sostenible (ODS), donant resposta a l&#8217;agenda mundial Educaci\u00f3 2030.<\/p>\n<p><span style=\"color: #3366ff;\">Treballem perqu\u00e8 l&#8217;alumnat esdevingui membre actiu de la societat actual i pugui desenvolupar-s&#8217;hi amb les habilitats ja esmentades, posant l&#8217;accent en la seva compet\u00e8ncia digital clau en la societat del segle XXI.<\/span><\/p>\n<p>Volem que les fam\u00edlies s&#8217;impliquin i donin suport a la nostra tasca, compartint les decisions que els diferents equips docents puguin prendre amb relaci\u00f3 a l&#8217;educaci\u00f3 de els seus fills i filles.<\/p>\n<p><strong><span style=\"color: #000000;\">Prenen com a refer\u00e8ncia el par\u00e0graf de la visi\u00f3 de centre i la diagnosi realitzada per la Comissi\u00f3 d&#8217;Estrat\u00e8gia Digital. Hem desenvolupat una s\u00e8rie d&#8217;objectius a assolir el curs 25\/26 com a data de refer\u00e8ncia.<\/span><\/strong><\/p>\n<p>Aquest objectius s&#8217;han associat a una s\u00e8rie d&#8217;activitats i uns indicadors de progr\u00e9s que ens donaran idea de com anem assolin els diferents objectius plantejats en l&#8217;EDC.<\/p>\n<p>Els objectius s\u00f3n:<\/p>\n<h3><b>Objectiu1:\u00a0 Garantir la compet\u00e8ncia digital de l&#8217;alumnat<\/b><\/h3>\n<h3><b>Objectiu2: Millorar la comunicaci\u00f3 entre la comunitat educativa<\/b><\/h3>\n<h3><b>Objectiu3: Enriquir la CD docent<\/b><\/h3>\n<h3><b>Objectiu4: Assegurament i millora de les infraestructures TIC<\/b><\/h3>\n<p>&nbsp;<\/p>\n","protected":false},"excerpt":{"rendered":"<p>VISI\u00d3<br \/>\nA l&#8217;lnstitut Guind\u00e0vols volem continuar desenvolupant la millora cont\u00ednua de la qualitat dels\u00a0ensenyaments que s&#8217;imparteixen, garantint la satisfacci\u00f3 de les necessitats i expectatives deis usuaris (l&#8217;alumnat, les fam\u00edlies, el m\u00f3n empresarial, els centres superiors d&#8217;ensenyament i l&#8217;entorn social i cultural).<br \/>\nL&#8217;alumnat \u00e9s el centre de la&hellip;  <a href=\"https:\/\/agora.xtec.cat\/iesguindavols\/estrategia-digital-de-centre\/objectius-edc\/\" title=\"Read Objectius EDC\">Llegeix m\u00e9s\u00bb<\/a><\/p>\n","protected":false},"author":6,"featured_media":0,"parent":65245,"menu_order":3,"comment_status":"closed","ping_status":"closed","template":"page-templates\/side-menu.php","meta":{"_bbp_topic_count":0,"_bbp_reply_count":0,"_bbp_total_topic_count":0,"_bbp_total_reply_count":0,"_bbp_voice_count":0,"_bbp_anonymous_reply_count":0,"_bbp_topic_count_hidden":0,"_bbp_reply_count_hidden":0,"_bbp_forum_subforum_count":0,"footnotes":""},"class_list":["post-65281","page","type-page","status-publish","hentry"],"post_mailing_queue_ids":[],"_links":{"self":[{"href":"https:\/\/agora.xtec.cat\/iesguindavols\/wp-json\/wp\/v2\/pages\/65281","targetHints":{"allow":["GET"]}}],"collection":[{"href":"https:\/\/agora.xtec.cat\/iesguindavols\/wp-json\/wp\/v2\/pages"}],"about":[{"href":"https:\/\/agora.xtec.cat\/iesguindavols\/wp-json\/wp\/v2\/types\/page"}],"author":[{"embeddable":true,"href":"https:\/\/agora.xtec.cat\/iesguindavols\/wp-json\/wp\/v2\/users\/6"}],"replies":[{"embeddable":true,"href":"https:\/\/agora.xtec.cat\/iesguindavols\/wp-json\/wp\/v2\/comments?post=65281"}],"version-history":[{"count":3,"href":"https:\/\/agora.xtec.cat\/iesguindavols\/wp-json\/wp\/v2\/pages\/65281\/revisions"}],"predecessor-version":[{"id":67511,"href":"https:\/\/agora.xtec.cat\/iesguindavols\/wp-json\/wp\/v2\/pages\/65281\/revisions\/67511"}],"up":[{"embeddable":true,"href":"https:\/\/agora.xtec.cat\/iesguindavols\/wp-json\/wp\/v2\/pages\/65245"}],"wp:attachment":[{"href":"https:\/\/agora.xtec.cat\/iesguindavols\/wp-json\/wp\/v2\/media?parent=65281"}],"curies":[{"name":"wp","href":"https:\/\/api.w.org\/{rel}","templated":true}]}}

<p><strong>VISIÓ</strong></p>
<p>A l&#8217;lnstitut Guindàvols volem continuar desenvolupant la millora contínua de la qualitat dels ensenyaments que s&#8217;imparteixen, garantint la satisfacció de les necessitats i expectatives deis usuaris (l&#8217;alumnat, les famílies, el món empresarial, els centres superiors d&#8217;ensenyament i l&#8217;entorn social i cultural).</p>
<p>L&#8217;alumnat és el centre de la nostra tasca educativa.</p>
<p>Volem afavorir la igualtat d&#8217;oportunitats i garantir l&#8217;atenció de tot l&#8217;alumnat, sense tenir en compte el seu origen; acompanyar-lo en el seu creixement personal, tant a nivell acadèmic com social, respectant els seus diferents ritmes d&#8217;aprenentatge i potenciant al màxim les seves capacitats.</p>
<p>Facilitem estratègies per al reconeixement de l&#8217;altre com a igual, compartint i col·laborant des de la comprensió i el respecte mutu per sumar.</p>
<p>Promovem totes aquelles activitats que eduquin en la igualtat de gènere, l&#8217;equitat i la inclusió i que contribueixin a l&#8217;assoliment deis Objectius de Desenvolupament Sostenible (ODS), donant resposta a l&#8217;agenda mundial Educació 2030.</p>
<p><span style="color: #3366ff;">Treballem perquè l&#8217;alumnat esdevingui membre actiu de la societat actual i pugui desenvolupar-s&#8217;hi amb les habilitats ja esmentades, posant l&#8217;accent en la seva competència digital clau en la societat del segle XXI.</span></p>
<p>Volem que les famílies s&#8217;impliquin i donin suport a la nostra tasca, compartint les decisions que els diferents equips docents puguin prendre amb relació a l&#8217;educació de els seus fills i filles.</p>
<p><strong><span style="color: #000000;">Prenen com a referència el paràgraf de la visió de centre i la diagnosi realitzada per la Comissió d&#8217;Estratègia Digital. Hem desenvolupat una sèrie d&#8217;objectius a assolir el curs 25/26 com a data de referència.</span></strong></p>
<p>Aquest objectius s&#8217;han associat a una sèrie d&#8217;activitats i uns indicadors de progrés que ens donaran idea de com anem assolin els diferents objectius plantejats en l&#8217;EDC.</p>
<p>Els objectius són:</p>
<h3><b>Objectiu1:  Garantir la competència digital de l&#8217;alumnat</b></h3>
<h3><b>Objectiu2: Millorar la comunicació entre la comunitat educativa</b></h3>
<h3><b>Objectiu3: Enriquir la CD docent</b></h3>
<h3><b>Objectiu4: Assegurament i millora de les infraestructures TIC</b></h3>
<p>&nbsp;</p>

<p>VISIÓ<br />
A l&#8217;lnstitut Guindàvols volem continuar desenvolupant la millora contínua de la qualitat dels ensenyaments que s&#8217;imparteixen, garantint la satisfacció de les necessitats i expectatives deis usuaris (l&#8217;alumnat, les famílies, el món empresarial, els centres superiors d&#8217;ensenyament i l&#8217;entorn social i cultural).<br />
L&#8217;alumnat és el centre de la&hellip;  <a href="https://agora.xtec.cat/iesguindavols/estrategia-digital-de-centre/objectius-edc/" title="Read Objectius EDC">Llegeix més»</a></p>
