{"id":43,"date":"2014-09-17T16:45:07","date_gmt":"2014-09-17T16:45:07","guid":{"rendered":"http:\/\/agora.xtec.cat\/iesguindavols\/?page_id=43"},"modified":"2023-02-10T11:46:57","modified_gmt":"2023-02-10T10:46:57","slug":"consell-escolar","status":"publish","type":"page","link":"https:\/\/agora.xtec.cat\/iesguindavols\/linstitut\/consell-escolar\/","title":{"rendered":"Consell escolar"},"content":{"rendered":"<p>El Consell Escolar \u00e9s l\u2019\u00f2rgan col\u00b7legiat de participaci\u00f3 de la comunitat escolar en el govern del centre.<\/p>\n<h4><strong>Composici\u00f3<\/strong><\/h4>\n<ul>\n<li>El director o directora<\/li>\n<li>La persona cap d\u2019estudis<\/li>\n<li>Un regidor o regidora representant de l\u2019Ajuntament<\/li>\n<li>Vuit representants del sector professorat (no inferior a un ter\u00e7 del total)<\/li>\n<li>Vuit representants del sectors d\u2019alumnat i pares i mares (no inferior a un ter\u00e7 del total)<br \/>\nQuatre representants del sector alumnat, tres representants del sector mares i pares<br \/>\nd\u2019alumnes i un pare o mare designat\/da per l\u2019AMPA<\/li>\n<li>Un o una representant del sector de personal d\u2019administraci\u00f3 i serveis del centre<\/li>\n<li>Un o una representant del personal d&#8217;atenci\u00f3 educativa del centre<\/li>\n<li>Una persona representant proposada per les organitzacions empresarials o institucions<br \/>\nlaborals presents en l\u2019\u00e0mbit d\u2019acci\u00f3 de l\u2019institut, amb veu, per\u00f2 sense vot.<\/li>\n<li>El secretari o secret\u00e0ria que exerceix la secretaria del Consell, amb veu i sense vot (no \u00e9s<br \/>\nmembre del Consell)<\/li>\n<\/ul>\n<h4><strong>Funcionament<\/strong><\/h4>\n<ul>\n<li>El Consell Escolar del centre es reuneix preceptivament una vegada al trimestre i sempre que el<br \/>\nconvoca el director o directora del centre o b\u00e9 ho sol\u00b7licita com a m\u00ednim un ter\u00e7 de les persones<br \/>\nmembres. A m\u00e9s, \u00e9s prescriptiu de fer una reuni\u00f3 a principi de curs i una altra a la seva<br \/>\nfinalitzaci\u00f3.<\/li>\n<li>Les decisions del Consell Escolar es prenen, normalment, per consens. Si no \u00e9s possible d\u00b4arribar-hi, la decisi\u00f3 s\u2019adopta per majoria de les persones membres presents, llevat dels casos en qu\u00e8 la<br \/>\nnormativa determini una altra majoria qualificada.<\/li>\n<li>Quan en l\u2019ordre del dia s\u2019incloguin temes o q\u00fcestions relacionades amb l\u2019activitat normal del<br \/>\ncentre que estiguin sota la tutela o responsabilitat immediata d\u2019alguna persona membre de la<br \/>\ncomunitat educativa que no sigui membre del consell escolar, se\u2019l podr\u00e0 convocar a la sessi\u00f3 per<br \/>\ntal que informi sobre el tema o q\u00fcesti\u00f3 corresponent.<\/li>\n<\/ul>\n<p>&nbsp;<\/p>\n","protected":false},"excerpt":{"rendered":"<p>El Consell Escolar \u00e9s l\u2019\u00f2rgan col\u00b7legiat de participaci\u00f3 de la comunitat escolar en el govern del centre.<br \/>\nComposici\u00f3<\/p>\n<ul>\n<li>El director o directora<\/li>\n<li>La persona cap d\u2019estudis<\/li>\n<li>Un regidor o regidora representant de l\u2019Ajuntament<\/li>\n<li>Vuit representants del sector professorat (no inferior a un ter\u00e7 del total)<\/li>\n<li>Vuit representants del sectors d\u2019alumnat i&hellip;  <a href=\"https:\/\/agora.xtec.cat\/iesguindavols\/linstitut\/consell-escolar\/\" title=\"Read Consell escolar\">Llegeix m\u00e9s\u00bb<\/a><br \/>\n","protected":false},"author":1,"featured_media":0,"parent":19,"menu_order":40,"comment_status":"closed","ping_status":"closed","template":"","meta":{"_bbp_topic_count":0,"_bbp_reply_count":0,"_bbp_total_topic_count":0,"_bbp_total_reply_count":0,"_bbp_voice_count":0,"_bbp_anonymous_reply_count":0,"_bbp_topic_count_hidden":0,"_bbp_reply_count_hidden":0,"_bbp_forum_subforum_count":0,"footnotes":""},"class_list":["post-43","page","type-page","status-publish","hentry"],"post_mailing_queue_ids":[],"_links":{"self":[{"href":"https:\/\/agora.xtec.cat\/iesguindavols\/wp-json\/wp\/v2\/pages\/43","targetHints":{"allow":["GET"]}}],"collection":[{"href":"https:\/\/agora.xtec.cat\/iesguindavols\/wp-json\/wp\/v2\/pages"}],"about":[{"href":"https:\/\/agora.xtec.cat\/iesguindavols\/wp-json\/wp\/v2\/types\/page"}],"author":[{"embeddable":true,"href":"https:\/\/agora.xtec.cat\/iesguindavols\/wp-json\/wp\/v2\/users\/1"}],"replies":[{"embeddable":true,"href":"https:\/\/agora.xtec.cat\/iesguindavols\/wp-json\/wp\/v2\/comments?post=43"}],"version-history":[{"count":3,"href":"https:\/\/agora.xtec.cat\/iesguindavols\/wp-json\/wp\/v2\/pages\/43\/revisions"}],"predecessor-version":[{"id":65660,"href":"https:\/\/agora.xtec.cat\/iesguindavols\/wp-json\/wp\/v2\/pages\/43\/revisions\/65660"}],"up":[{"embeddable":true,"href":"https:\/\/agora.xtec.cat\/iesguindavols\/wp-json\/wp\/v2\/pages\/19"}],"wp:attachment":[{"href":"https:\/\/agora.xtec.cat\/iesguindavols\/wp-json\/wp\/v2\/media?parent=43"}],"curies":[{"name":"wp","href":"https:\/\/api.w.org\/{rel}","templated":true}]}}

<p>El Consell Escolar és l’òrgan col·legiat de participació de la comunitat escolar en el govern del centre.</p>
<h4><strong>Composició</strong></h4>
<ul>
<li>El director o directora</li>
<li>La persona cap d’estudis</li>
<li>Un regidor o regidora representant de l’Ajuntament</li>
<li>Vuit representants del sector professorat (no inferior a un terç del total)</li>
<li>Vuit representants del sectors d’alumnat i pares i mares (no inferior a un terç del total)<br />
Quatre representants del sector alumnat, tres representants del sector mares i pares<br />
d’alumnes i un pare o mare designat/da per l’AMPA</li>
<li>Un o una representant del sector de personal d’administració i serveis del centre</li>
<li>Un o una representant del personal d&#8217;atenció educativa del centre</li>
<li>Una persona representant proposada per les organitzacions empresarials o institucions<br />
laborals presents en l’àmbit d’acció de l’institut, amb veu, però sense vot.</li>
<li>El secretari o secretària que exerceix la secretaria del Consell, amb veu i sense vot (no és<br />
membre del Consell)</li>
</ul>
<h4><strong>Funcionament</strong></h4>
<ul>
<li>El Consell Escolar del centre es reuneix preceptivament una vegada al trimestre i sempre que el<br />
convoca el director o directora del centre o bé ho sol·licita com a mínim un terç de les persones<br />
membres. A més, és prescriptiu de fer una reunió a principi de curs i una altra a la seva<br />
finalització.</li>
<li>Les decisions del Consell Escolar es prenen, normalment, per consens. Si no és possible d´arribar-hi, la decisió s’adopta per majoria de les persones membres presents, llevat dels casos en què la<br />
normativa determini una altra majoria qualificada.</li>
<li>Quan en l’ordre del dia s’incloguin temes o qüestions relacionades amb l’activitat normal del<br />
centre que estiguin sota la tutela o responsabilitat immediata d’alguna persona membre de la<br />
comunitat educativa que no sigui membre del consell escolar, se’l podrà convocar a la sessió per<br />
tal que informi sobre el tema o qüestió corresponent.</li>
</ul>
<p>&nbsp;</p>

<p>El Consell Escolar és l’òrgan col·legiat de participació de la comunitat escolar en el govern del centre.<br />
Composició</p>
<ul>
<li>El director o directora</li>
<li>La persona cap d’estudis</li>
<li>Un regidor o regidora representant de l’Ajuntament</li>
<li>Vuit representants del sector professorat (no inferior a un terç del total)</li>
<li>Vuit representants del sectors d’alumnat i&hellip;  <a href="https://agora.xtec.cat/iesguindavols/linstitut/consell-escolar/" title="Read Consell escolar">Llegeix més»</a><br />
