{"id":19,"date":"2014-09-17T14:56:56","date_gmt":"2014-09-17T14:56:56","guid":{"rendered":"http:\/\/agora.xtec.cat\/iesguindavols\/?page_id=19"},"modified":"2023-02-08T13:06:23","modified_gmt":"2023-02-08T12:06:23","slug":"linstitut","status":"publish","type":"page","link":"https:\/\/agora.xtec.cat\/iesguindavols\/linstitut\/","title":{"rendered":"<!--L'institut--!>"},"content":{"rendered":"<div class=\"features_module_vertical module \">\n<div class=\"row\">\n<div class=\"feature-box \">\n<div class=\"feat-block-content\">\n<h3><\/h3>\n<h6><\/h6>\n<\/div>\n<\/div>\n<\/div>\n<\/div>\n<div class=\"module module-text \">\n<div class=\"textwidget\">\n<p>Benvingudes i benvinguts,<\/p>\n<p>L\u2019Institut Guind\u00e0vols \u00e9s un centre docent p\u00fablic de la Generalitat de Catalunya en el\u00a0que s\u2019imparteixen els estudis d\u2019Educaci\u00f3 Secund\u00e0ria Obligat\u00f2ria (ESO), Batxillerat de\u00a0les Modalitats de Ci\u00e8ncia i Tecnologia i d\u2019Humanitats i Ci\u00e8ncies Socials i Cicles\u00a0Formatius de Grau Mitj\u00e0 i Superior de les fam\u00edlies professionals de Moda, Mec\u00e0nica i\u00a0Instal\u00b7lacions i Manteniment. L\u2019Institut Guind\u00e0vols va ser el primer centre docent de la\u00a0prov\u00edncia de les terres de Lleida en obtenir la certificaci\u00f3 de Qualitat ISO 9001, perqu\u00e8\u00a0la Qualitat forma part de la nostra identitat.<\/p>\n<p>El nostre \u00e9s un centre petit, acollidor i familiar, en el que cuidem les persones i\u00a0treballem per fer aflorar el millor de cada una; el millor de tu \u00e9s el nostre lema, i aquest\u00a0millor de tu mateix aflora posant en el centre de la tasca educativa a cada alumne i\u00a0alumna, a cada persona. A partir del treball cooperatiu del professorat mitjan\u00e7ant el\u00a0treball per projectes, el foment del di\u00e0leg i la toler\u00e0ncia, i educar per la igualtat, en el\u00a0respecte i coneixement del propi cos i en l\u2019educaci\u00f3 per la salut i l\u2019esport, en el foment\u00a0de l\u2019emprenedoria, la passi\u00f3 per recerca, tot amb la complicitat de les fam\u00edlies per\u00a0obtenir de cada persona el millor, l\u2019excel\u00b7l\u00e8ncia. Aquest \u00e9s el cam\u00ed de creixement\u00a0personal per als nostres alumnes i aix\u00ed construeixen la seva identitat personal i\u00a0col\u00b7lectiva i sabem que els valors forjats en l\u2019adolesc\u00e8ncia i la joventut els seran\u00a0fonamentals per a tota la vida.<\/p>\n<p style=\"text-align: center;\">Juan Jos\u00e9 Gonz\u00e1lez Fabra<\/p>\n<p style=\"text-align: center;\">Director<\/p>\n<\/div>\n<\/div>\n<p><a href=\"https:\/\/agora.xtec.cat\/iesguindavols\/wp-content\/uploads\/usu2923\/2023\/02\/Captura-de-pantalla-2023-02-08-125804-1.png\"><img loading=\"lazy\" decoding=\"async\" class=\" wp-image-65536 aligncenter\" src=\"https:\/\/agora.xtec.cat\/iesguindavols\/wp-content\/uploads\/usu2923\/2023\/02\/Captura-de-pantalla-2023-02-08-125804-1.png\" alt=\"\" width=\"283\" height=\"87\" srcset=\"https:\/\/agora.xtec.cat\/iesguindavols\/wp-content\/uploads\/usu2923\/2023\/02\/Captura-de-pantalla-2023-02-08-125804-1.png 424w, https:\/\/agora.xtec.cat\/iesguindavols\/wp-content\/uploads\/usu2923\/2023\/02\/Captura-de-pantalla-2023-02-08-125804-1-300x92.png 300w\" sizes=\"auto, (max-width: 283px) 100vw, 283px\" \/><\/a><\/p>\n\r\n\t<div class=\"slideshow_container slideshow_container_style-light\" style=\"height: 500px; \" data-slideshow-id=\"65476\" data-style-name=\"style-light\" data-style-version=\"2.3.1\" >\r\n\r\n\t\t\t\t\t<div class=\"slideshow_loading_icon\"><\/div>\r\n\t\t\r\n\t\t<div class=\"slideshow_content\" style=\"display: none;\">\r\n\r\n\t\t\t<div class=\"slideshow_view\">\r\n\t\t\t\t<div class=\"slideshow_slide slideshow_slide_image\">\r\n\t\t\t\t\t\t\t\t\t\t\t<img src=\"https:\/\/agora.xtec.cat\/iesguindavols\/wp-content\/uploads\/usu2923\/2023\/01\/IMG202301271153221-scaled.jpg\" alt=\"IMG202301271153221\" width=\"2560\" height=\"1809\" \/>\r\n\t\t\t\t\t\t\t\t\t\t<div class=\"slideshow_description_box slideshow_transparent\">\r\n\t\t\t\t\t\t<div class=\"slideshow_title\">IMG202301271153221<\/div>\t\t\t\t\t\t\t\t\t\t\t<\/div>\r\n\t\t\t\t<\/div>\r\n\r\n\t\t\t\t\t\t<div style=\"clear: both;\"><\/div><\/div><div class=\"slideshow_view\">\r\n\t\t\t\t<div class=\"slideshow_slide slideshow_slide_image\">\r\n\t\t\t\t\t\t\t\t\t\t\t<img src=\"https:\/\/agora.xtec.cat\/iesguindavols\/wp-content\/uploads\/usu2923\/2023\/01\/IMG202301271156341.jpg\" alt=\"IMG202301271156341\" width=\"2131\" height=\"1432\" \/>\r\n\t\t\t\t\t\t\t\t\t\t<div class=\"slideshow_description_box slideshow_transparent\">\r\n\t\t\t\t\t\t<div class=\"slideshow_title\">IMG202301271156341<\/div>\t\t\t\t\t\t\t\t\t\t\t<\/div>\r\n\t\t\t\t<\/div>\r\n\r\n\t\t\t\t\t\t<div style=\"clear: both;\"><\/div><\/div><div class=\"slideshow_view\">\r\n\t\t\t\t<div class=\"slideshow_slide slideshow_slide_image\">\r\n\t\t\t\t\t\t\t\t\t\t\t<img src=\"https:\/\/agora.xtec.cat\/iesguindavols\/wp-content\/uploads\/usu2923\/2023\/01\/IMG202301271157181-scaled.jpg\" alt=\"IMG202301271157181\" width=\"2560\" height=\"1946\" \/>\r\n\t\t\t\t\t\t\t\t\t\t<div class=\"slideshow_description_box slideshow_transparent\">\r\n\t\t\t\t\t\t<div class=\"slideshow_title\">IMG202301271157181<\/div>\t\t\t\t\t\t\t\t\t\t\t<\/div>\r\n\t\t\t\t<\/div>\r\n\r\n\t\t\t\t\t\t<div style=\"clear: both;\"><\/div><\/div><div class=\"slideshow_view\">\r\n\t\t\t\t<div class=\"slideshow_slide slideshow_slide_image\">\r\n\t\t\t\t\t\t\t\t\t\t\t<img src=\"https:\/\/agora.xtec.cat\/iesguindavols\/wp-content\/uploads\/usu2923\/2023\/01\/IMG202301271157411.jpg\" alt=\"IMG202301271157411\" width=\"2436\" height=\"1514\" \/>\r\n\t\t\t\t\t\t\t\t\t\t<div class=\"slideshow_description_box slideshow_transparent\">\r\n\t\t\t\t\t\t<div class=\"slideshow_title\">IMG202301271157411<\/div>\t\t\t\t\t\t\t\t\t\t\t<\/div>\r\n\t\t\t\t<\/div>\r\n\r\n\t\t\t\t\t\t<div style=\"clear: both;\"><\/div><\/div><div class=\"slideshow_view\">\r\n\t\t\t\t<div class=\"slideshow_slide slideshow_slide_image\">\r\n\t\t\t\t\t\t\t\t\t\t\t<img src=\"https:\/\/agora.xtec.cat\/iesguindavols\/wp-content\/uploads\/usu2923\/2023\/01\/IMG202301271157571-scaled.jpg\" alt=\"IMG202301271157571\" width=\"2560\" height=\"1487\" \/>\r\n\t\t\t\t\t\t\t\t\t\t<div class=\"slideshow_description_box slideshow_transparent\">\r\n\t\t\t\t\t\t<div class=\"slideshow_title\">IMG202301271157571<\/div>\t\t\t\t\t\t\t\t\t\t\t<\/div>\r\n\t\t\t\t<\/div>\r\n\r\n\t\t\t\t\t\t<div style=\"clear: both;\"><\/div><\/div><div class=\"slideshow_view\">\r\n\t\t\t\t<div class=\"slideshow_slide slideshow_slide_image\">\r\n\t\t\t\t\t\t\t\t\t\t\t<img src=\"https:\/\/agora.xtec.cat\/iesguindavols\/wp-content\/uploads\/usu2923\/2023\/01\/IMG202301271158341-scaled-e1675156298992.jpg\" alt=\"IMG202301271158341\" width=\"2560\" height=\"1753\" \/>\r\n\t\t\t\t\t\t\t\t\t\t<div class=\"slideshow_description_box slideshow_transparent\">\r\n\t\t\t\t\t\t<div class=\"slideshow_title\">IMG202301271158341<\/div>\t\t\t\t\t\t\t\t\t\t\t<\/div>\r\n\t\t\t\t<\/div>\r\n\r\n\t\t\t\t\t\t<div style=\"clear: both;\"><\/div><\/div>\r\n\t\t<\/div>\r\n\r\n\t\t<div class=\"slideshow_controlPanel slideshow_transparent\" style=\"display: none;\"><ul><li class=\"slideshow_togglePlay\" data-play-text=\"Visualitza\" data-pause-text=\"Pausa\"><\/li><\/ul><\/div>\r\n\r\n\t\t<div class=\"slideshow_button slideshow_previous slideshow_transparent\" role=\"button\" data-previous-text=\"Anterior\" style=\"display: none;\"><\/div>\r\n\t\t<div class=\"slideshow_button slideshow_next slideshow_transparent\" role=\"button\" data-next-text=\"Seg\u00fcent\" style=\"display: none;\"><\/div>\r\n\r\n\t\t<div class=\"slideshow_pagination\" style=\"display: none;\" data-go-to-text=\"V\u00e9s a la diapositiva\"><div class=\"slideshow_pagination_center\"><\/div><\/div>\r\n\r\n\t\t<!-- WordPress Slideshow Version 2.3.1 -->\r\n\r\n\t\t\t<\/div>\r\n\r\n\n","protected":false},"excerpt":{"rendered":"<p>Benvingudes i benvinguts,<br \/>\nL\u2019Institut Guind\u00e0vols \u00e9s un centre docent p\u00fablic de la Generalitat de Catalunya en el\u00a0que s\u2019imparteixen els estudis d\u2019Educaci\u00f3 Secund\u00e0ria Obligat\u00f2ria (ESO), Batxillerat de\u00a0les Modalitats de Ci\u00e8ncia i Tecnologia i d\u2019Humanitats i Ci\u00e8ncies Socials i Cicles\u00a0Formatius de Grau Mitj\u00e0 i Superior de les fam\u00edlies&hellip;  <a href=\"https:\/\/agora.xtec.cat\/iesguindavols\/linstitut\/\" title=\"Read <!--L'institut--!>&#8220;>Llegeix m\u00e9s\u00bb<\/a><\/p>\n","protected":false},"author":1,"featured_media":0,"parent":0,"menu_order":0,"comment_status":"closed","ping_status":"closed","template":"","meta":{"_bbp_topic_count":0,"_bbp_reply_count":0,"_bbp_total_topic_count":0,"_bbp_total_reply_count":0,"_bbp_voice_count":0,"_bbp_anonymous_reply_count":0,"_bbp_topic_count_hidden":0,"_bbp_reply_count_hidden":0,"_bbp_forum_subforum_count":0,"footnotes":""},"class_list":["post-19","page","type-page","status-publish","hentry"],"post_mailing_queue_ids":[],"_links":{"self":[{"href":"https:\/\/agora.xtec.cat\/iesguindavols\/wp-json\/wp\/v2\/pages\/19","targetHints":{"allow":["GET"]}}],"collection":[{"href":"https:\/\/agora.xtec.cat\/iesguindavols\/wp-json\/wp\/v2\/pages"}],"about":[{"href":"https:\/\/agora.xtec.cat\/iesguindavols\/wp-json\/wp\/v2\/types\/page"}],"author":[{"embeddable":true,"href":"https:\/\/agora.xtec.cat\/iesguindavols\/wp-json\/wp\/v2\/users\/1"}],"replies":[{"embeddable":true,"href":"https:\/\/agora.xtec.cat\/iesguindavols\/wp-json\/wp\/v2\/comments?post=19"}],"version-history":[{"count":4,"href":"https:\/\/agora.xtec.cat\/iesguindavols\/wp-json\/wp\/v2\/pages\/19\/revisions"}],"predecessor-version":[{"id":65537,"href":"https:\/\/agora.xtec.cat\/iesguindavols\/wp-json\/wp\/v2\/pages\/19\/revisions\/65537"}],"wp:attachment":[{"href":"https:\/\/agora.xtec.cat\/iesguindavols\/wp-json\/wp\/v2\/media?parent=19"}],"curies":[{"name":"wp","href":"https:\/\/api.w.org\/{rel}","templated":true}]}}

<div class="features_module_vertical module ">
<div class="row">
<div class="feature-box ">
<div class="feat-block-content">
<h3></h3>
<h6></h6>
</div>
</div>
</div>
</div>
<div class="module module-text ">
<div class="textwidget">
<p>Benvingudes i benvinguts,</p>
<p>L’Institut Guindàvols és un centre docent públic de la Generalitat de Catalunya en el que s’imparteixen els estudis d’Educació Secundària Obligatòria (ESO), Batxillerat de les Modalitats de Ciència i Tecnologia i d’Humanitats i Ciències Socials i Cicles Formatius de Grau Mitjà i Superior de les famílies professionals de Moda, Mecànica i Instal·lacions i Manteniment. L’Institut Guindàvols va ser el primer centre docent de la província de les terres de Lleida en obtenir la certificació de Qualitat ISO 9001, perquè la Qualitat forma part de la nostra identitat.</p>
<p>El nostre és un centre petit, acollidor i familiar, en el que cuidem les persones i treballem per fer aflorar el millor de cada una; el millor de tu és el nostre lema, i aquest millor de tu mateix aflora posant en el centre de la tasca educativa a cada alumne i alumna, a cada persona. A partir del treball cooperatiu del professorat mitjançant el treball per projectes, el foment del diàleg i la tolerància, i educar per la igualtat, en el respecte i coneixement del propi cos i en l’educació per la salut i l’esport, en el foment de l’emprenedoria, la passió per recerca, tot amb la complicitat de les famílies per obtenir de cada persona el millor, l’excel·lència. Aquest és el camí de creixement personal per als nostres alumnes i així construeixen la seva identitat personal i col·lectiva i sabem que els valors forjats en l’adolescència i la joventut els seran fonamentals per a tota la vida.</p>
<p style="text-align: center;">Juan José González Fabra</p>
<p style="text-align: center;">Director</p>
</div>
</div>
<p><a href="https://agora.xtec.cat/iesguindavols/wp-content/uploads/usu2923/2023/02/Captura-de-pantalla-2023-02-08-125804-1.png"><img loading="lazy" decoding="async" class=" wp-image-65536 aligncenter" src="https://agora.xtec.cat/iesguindavols/wp-content/uploads/usu2923/2023/02/Captura-de-pantalla-2023-02-08-125804-1.png" alt="" width="283" height="87" srcset="https://agora.xtec.cat/iesguindavols/wp-content/uploads/usu2923/2023/02/Captura-de-pantalla-2023-02-08-125804-1.png 424w, https://agora.xtec.cat/iesguindavols/wp-content/uploads/usu2923/2023/02/Captura-de-pantalla-2023-02-08-125804-1-300x92.png 300w" sizes="auto, (max-width: 283px) 100vw, 283px" /></a></p>

	<div class="slideshow_container slideshow_container_style-light" style="height: 500px; " data-slideshow-id="65476" data-style-name="style-light" data-style-version="2.3.1" >

					<div class="slideshow_loading_icon"></div>
		
		<div class="slideshow_content" style="display: none;">

			<div class="slideshow_view">
				<div class="slideshow_slide slideshow_slide_image">
											<img src="https://agora.xtec.cat/iesguindavols/wp-content/uploads/usu2923/2023/01/IMG202301271153221-scaled.jpg" alt="IMG202301271153221" width="2560" height="1809" />
										<div class="slideshow_description_box slideshow_transparent">
						<div class="slideshow_title">IMG202301271153221</div>											</div>
				</div>

						<div style="clear: both;"></div></div><div class="slideshow_view">
				<div class="slideshow_slide slideshow_slide_image">
											<img src="https://agora.xtec.cat/iesguindavols/wp-content/uploads/usu2923/2023/01/IMG202301271156341.jpg" alt="IMG202301271156341" width="2131" height="1432" />
										<div class="slideshow_description_box slideshow_transparent">
						<div class="slideshow_title">IMG202301271156341</div>											</div>
				</div>

						<div style="clear: both;"></div></div><div class="slideshow_view">
				<div class="slideshow_slide slideshow_slide_image">
											<img src="https://agora.xtec.cat/iesguindavols/wp-content/uploads/usu2923/2023/01/IMG202301271157181-scaled.jpg" alt="IMG202301271157181" width="2560" height="1946" />
										<div class="slideshow_description_box slideshow_transparent">
						<div class="slideshow_title">IMG202301271157181</div>											</div>
				</div>

						<div style="clear: both;"></div></div><div class="slideshow_view">
				<div class="slideshow_slide slideshow_slide_image">
											<img src="https://agora.xtec.cat/iesguindavols/wp-content/uploads/usu2923/2023/01/IMG202301271157411.jpg" alt="IMG202301271157411" width="2436" height="1514" />
										<div class="slideshow_description_box slideshow_transparent">
						<div class="slideshow_title">IMG202301271157411</div>											</div>
				</div>

						<div style="clear: both;"></div></div><div class="slideshow_view">
				<div class="slideshow_slide slideshow_slide_image">
											<img src="https://agora.xtec.cat/iesguindavols/wp-content/uploads/usu2923/2023/01/IMG202301271157571-scaled.jpg" alt="IMG202301271157571" width="2560" height="1487" />
										<div class="slideshow_description_box slideshow_transparent">
						<div class="slideshow_title">IMG202301271157571</div>											</div>
				</div>

						<div style="clear: both;"></div></div><div class="slideshow_view">
				<div class="slideshow_slide slideshow_slide_image">
											<img src="https://agora.xtec.cat/iesguindavols/wp-content/uploads/usu2923/2023/01/IMG202301271158341-scaled-e1675156298992.jpg" alt="IMG202301271158341" width="2560" height="1753" />
										<div class="slideshow_description_box slideshow_transparent">
						<div class="slideshow_title">IMG202301271158341</div>											</div>
				</div>

						<div style="clear: both;"></div></div>
		</div>

		<div class="slideshow_controlPanel slideshow_transparent" style="display: none;"><ul><li class="slideshow_togglePlay" data-play-text="Visualitza" data-pause-text="Pausa"></li></ul></div>

		<div class="slideshow_button slideshow_previous slideshow_transparent" role="button" data-previous-text="Anterior" style="display: none;"></div>
		<div class="slideshow_button slideshow_next slideshow_transparent" role="button" data-next-text="Següent" style="display: none;"></div>

		<div class="slideshow_pagination" style="display: none;" data-go-to-text="Vés a la diapositiva"><div class="slideshow_pagination_center"></div></div>

		<!-- WordPress Slideshow Version 2.3.1 -->

			</div>

<p>Benvingudes i benvinguts,<br />
L’Institut Guindàvols és un centre docent públic de la Generalitat de Catalunya en el que s’imparteixen els estudis d’Educació Secundària Obligatòria (ESO), Batxillerat de les Modalitats de Ciència i Tecnologia i d’Humanitats i Ciències Socials i Cicles Formatius de Grau Mitjà i Superior de les famílies&hellip;  <a href="https://agora.xtec.cat/iesguindavols/linstitut/" title="Read <!--L'institut--!>&#8220;>Llegeix més»</a></p>
