{"id":9169,"date":"2026-02-17T11:44:02","date_gmt":"2026-02-17T10:44:02","guid":{"rendered":"https:\/\/agora.xtec.cat\/iesguillembergueda\/?page_id=9169"},"modified":"2026-02-24T00:24:57","modified_gmt":"2026-02-23T23:24:57","slug":"els-podcast-de-leskamot-guillem","status":"publish","type":"page","link":"https:\/\/agora.xtec.cat\/iesguillembergueda\/els-podcast-de-leskamot-guillem\/","title":{"rendered":"Els podcast de l&#8217;Eskamot Guillem. Prenem el micro!"},"content":{"rendered":"<p><a href=\"https:\/\/agora.xtec.cat\/iesguillembergueda\/podcast-4\/\"><img loading=\"lazy\" decoding=\"async\" class=\"wp-image-9165 alignleft\" src=\"https:\/\/agora.xtec.cat\/iesguillembergueda\/wp-content\/uploads\/usu1118\/2026\/02\/podcast-3.jpg\" alt=\"\" width=\"107\" height=\"107\" srcset=\"https:\/\/agora.xtec.cat\/iesguillembergueda\/wp-content\/uploads\/usu1118\/2026\/02\/podcast-3.jpg 1024w, https:\/\/agora.xtec.cat\/iesguillembergueda\/wp-content\/uploads\/usu1118\/2026\/02\/podcast-3-300x300.jpg 300w, https:\/\/agora.xtec.cat\/iesguillembergueda\/wp-content\/uploads\/usu1118\/2026\/02\/podcast-3-150x150.jpg 150w, https:\/\/agora.xtec.cat\/iesguillembergueda\/wp-content\/uploads\/usu1118\/2026\/02\/podcast-3-768x768.jpg 768w\" sizes=\"auto, (max-width: 107px) 100vw, 107px\" \/><\/a><\/p>\n<h3 data-path-to-node=\"4\"><\/h3>\n<h3 data-path-to-node=\"4\">L\u2019Eskamot Guillem pren el micro: neix el podcast\u00a0&#8220;Connectem amb l\u2019Ecosocial&#8221;<\/h3>\n<h6 data-path-to-node=\"5\"><\/h6>\n<p data-path-to-node=\"5\">Aquest curs, l\u2019<b data-path-to-node=\"5\" data-index-in-node=\"15\">Eskamot Guillem<\/b> de l\u2019institut no nom\u00e9s actua, sin\u00f3 que tamb\u00e9 al\u00e7a la veu! Estrenem un nou espai a la r\u00e0dio del centre dedicat a l\u2019<b data-path-to-node=\"5\" data-index-in-node=\"145\">Educaci\u00f3 Ecosocial<\/b>.<\/p>\n<p data-path-to-node=\"6\">A trav\u00e9s d\u2019una s\u00e8rie de podcasts, els nostres alumnes analitzaran els <b data-path-to-node=\"6\" data-index-in-node=\"70\">Dies Internacionals<\/b> m\u00e9s rellevants per al nostre planeta i la nostra societat. No es tracta nom\u00e9s de donar dades; es tracta d\u2019entendre el m\u00f3n, debatre sobre la just\u00edcia clim\u00e0tica i proposar solucions reals des del nostre propi institut.<\/p>\n<p data-path-to-node=\"7\"><b data-path-to-node=\"7\" data-index-in-node=\"0\">Qu\u00e8 hi trobareu?<\/b><\/p>\n<p style=\"padding-left: 40px;\" data-path-to-node=\"8,0,0\"><b data-path-to-node=\"8,0,0\" data-index-in-node=\"0\">Sabies que&#8230;?<\/b> Dades sorprenents que us faran pensar.<\/p>\n<p style=\"padding-left: 40px;\" data-path-to-node=\"8,1,0\"><b data-path-to-node=\"8,1,0\" data-index-in-node=\"0\">Connexi\u00f3 Global:<\/b> Com ens afecten els reptes ecosocials avui dia.<\/p>\n<p style=\"padding-left: 40px;\" data-path-to-node=\"8,2,0\"><b data-path-to-node=\"8,2,0\" data-index-in-node=\"0\">Acci\u00f3 Local:<\/b> Reptes i consells pr\u00e0ctics per aplicar a l&#8217;aula i a casa.<\/p>\n<p data-path-to-node=\"9\">Comencem aquesta aventura, esteu preparats per connectar amb el canvi?<\/p>\n<p data-path-to-node=\"10\"><b data-path-to-node=\"10\" data-index-in-node=\"0\">No us ho perdeu i escolteu-nos!<\/b><\/p>\n<p data-path-to-node=\"10\"><i data-path-to-node=\"10\" data-index-in-node=\"65\">Petites accions provoquen grans canvis.<\/i><\/p>\n<hr data-path-to-node=\"11\" \/>\n<table style=\"border-collapse: collapse; width: 90.9645%; height: 251px;\">\n<tbody>\n<tr style=\"height: 59px;\">\n<td style=\"width: 21.0331%; height: 59px; text-align: center;\">\n<h4>Mes<\/h4>\n<\/td>\n<td style=\"width: 27.59%; height: 59px; text-align: center;\">\n<h4>Dia internacional<\/h4>\n<\/td>\n<td style=\"width: 23.7793%; text-align: center; height: 59px;\">\n<h4>Podcast<\/h4>\n<\/td>\n<td style=\"width: 186.686%; text-align: center; height: 59px;\">\n<h4>#Hahstags xarxes socials<\/h4>\n<\/td>\n<\/tr>\n<tr style=\"height: 32px;\">\n<td style=\"width: 21.0331%; height: 32px; text-align: center;\">Gener<\/td>\n<td style=\"width: 27.59%; height: 32px; text-align: center;\">De l&#8217;educaci\u00f3 ambiental<\/td>\n<td style=\"width: 23.7793%; text-align: center; height: 32px;\"><a href=\"https:\/\/drive.google.com\/file\/d\/1Ne9NK08O1RlxFFHhVEpStWW3kY8mgUSO\/view?usp=drive_link\" rel=\"attachment wp-att-9177\"><img loading=\"lazy\" decoding=\"async\" class=\"wp-image-9177 alignnone\" src=\"https:\/\/agora.xtec.cat\/iesguillembergueda\/wp-content\/uploads\/usu1118\/2026\/02\/play.jpg\" alt=\"\" width=\"30\" height=\"31\" srcset=\"https:\/\/agora.xtec.cat\/iesguillembergueda\/wp-content\/uploads\/usu1118\/2026\/02\/play.jpg 168w, https:\/\/agora.xtec.cat\/iesguillembergueda\/wp-content\/uploads\/usu1118\/2026\/02\/play-150x150.jpg 150w\" sizes=\"auto, (max-width: 30px) 100vw, 30px\" \/><\/a><\/td>\n<td style=\"width: 186.686%; text-align: center; height: 32px;\">#EA26\u00a0 #igbEducacioAmbientl<\/td>\n<\/tr>\n<tr style=\"height: 32px;\">\n<td style=\"width: 21.0331%; height: 32px; text-align: center;\">Febrer<\/td>\n<td style=\"width: 27.59%; height: 32px; text-align: center;\">De l&#8217;Antropologia<\/td>\n<td style=\"width: 23.7793%; text-align: center; height: 32px;\"><a href=\"https:\/\/drive.google.com\/file\/d\/1ZjWm-rIb9Hx85FIhQO3F-cIzaut9d159\/view?usp=sharing\" rel=\"attachment wp-att-9177\"><img loading=\"lazy\" decoding=\"async\" class=\"wp-image-9177 alignnone\" src=\"https:\/\/agora.xtec.cat\/iesguillembergueda\/wp-content\/uploads\/usu1118\/2026\/02\/play.jpg\" alt=\"\" width=\"30\" height=\"31\" srcset=\"https:\/\/agora.xtec.cat\/iesguillembergueda\/wp-content\/uploads\/usu1118\/2026\/02\/play.jpg 168w, https:\/\/agora.xtec.cat\/iesguillembergueda\/wp-content\/uploads\/usu1118\/2026\/02\/play-150x150.jpg 150w\" sizes=\"auto, (max-width: 30px) 100vw, 30px\" \/><\/a><\/td>\n<td style=\"width: 186.686%; text-align: center; height: 32px;\">#igbAntropologia\u00a0 #igbAntropoce<\/td>\n<\/tr>\n<tr style=\"height: 32px;\">\n<td style=\"width: 21.0331%; height: 32px; text-align: center;\">Mar\u00e7<\/td>\n<td style=\"width: 27.59%; height: 32px; text-align: center;\"><\/td>\n<td style=\"width: 23.7793%; text-align: center; height: 32px;\"><\/td>\n<td style=\"width: 186.686%; text-align: center; height: 32px;\"><\/td>\n<\/tr>\n<tr style=\"height: 32px;\">\n<td style=\"width: 21.0331%; height: 32px; text-align: center;\">Abril<\/td>\n<td style=\"width: 27.59%; height: 32px; text-align: center;\"><\/td>\n<td style=\"width: 23.7793%; text-align: center; height: 32px;\"><\/td>\n<td style=\"width: 186.686%; text-align: center; height: 32px;\"><\/td>\n<\/tr>\n<tr style=\"height: 32px;\">\n<td style=\"width: 21.0331%; height: 32px; text-align: center;\">Maig<\/td>\n<td style=\"width: 27.59%; height: 32px; text-align: center;\"><\/td>\n<td style=\"width: 23.7793%; text-align: center; height: 32px;\"><\/td>\n<td style=\"width: 186.686%; text-align: center; height: 32px;\"><\/td>\n<\/tr>\n<tr style=\"height: 32px;\">\n<td style=\"width: 21.0331%; height: 32px; text-align: center;\">Juny<\/td>\n<td style=\"width: 27.59%; height: 32px; text-align: center;\"><\/td>\n<td style=\"width: 23.7793%; text-align: center; height: 32px;\"><\/td>\n<td style=\"width: 186.686%; text-align: center; height: 32px;\"><\/td>\n<\/tr>\n<\/tbody>\n<\/table>\n","protected":false},"excerpt":{"rendered":"<p>L\u2019Eskamot Guillem pren el micro: neix el podcast\u00a0&#8220;Connectem amb l\u2019Ecosocial&#8221; Aquest curs, l\u2019Eskamot Guillem de l\u2019institut no nom\u00e9s actua, sin\u00f3 que tamb\u00e9 al\u00e7a la veu! Estrenem un nou espai a la r\u00e0dio del centre dedicat a l\u2019Educaci\u00f3 Ecosocial. A trav\u00e9s d\u2019una s\u00e8rie de podcasts, els nostres alumnes analitzaran els Dies Internacionals m\u00e9s rellevants per al [&hellip;]<\/p>\n","protected":false},"author":1,"featured_media":0,"parent":0,"menu_order":0,"comment_status":"closed","ping_status":"closed","template":"","meta":{"_bbp_topic_count":0,"_bbp_reply_count":0,"_bbp_total_topic_count":0,"_bbp_total_reply_count":0,"_bbp_voice_count":0,"_bbp_anonymous_reply_count":0,"_bbp_topic_count_hidden":0,"_bbp_reply_count_hidden":0,"_bbp_forum_subforum_count":0,"site-sidebar-layout":"default","site-content-layout":"","ast-site-content-layout":"default","site-content-style":"default","site-sidebar-style":"default","ast-global-header-display":"","ast-banner-title-visibility":"","ast-main-header-display":"","ast-hfb-above-header-display":"","ast-hfb-below-header-display":"","ast-hfb-mobile-header-display":"","site-post-title":"","ast-breadcrumbs-content":"","ast-featured-img":"","footer-sml-layout":"","theme-transparent-header-meta":"","adv-header-id-meta":"","stick-header-meta":"","header-above-stick-meta":"","header-main-stick-meta":"","header-below-stick-meta":"","astra-migrate-meta-layouts":"set","ast-page-background-enabled":"default","ast-page-background-meta":{"desktop":{"background-color":"var(--ast-global-color-4)","background-image":"","background-repeat":"repeat","background-position":"center center","background-size":"auto","background-attachment":"scroll","background-type":"","background-media":"","overlay-type":"","overlay-color":"","overlay-opacity":"","overlay-gradient":""},"tablet":{"background-color":"","background-image":"","background-repeat":"repeat","background-position":"center center","background-size":"auto","background-attachment":"scroll","background-type":"","background-media":"","overlay-type":"","overlay-color":"","overlay-opacity":"","overlay-gradient":""},"mobile":{"background-color":"","background-image":"","background-repeat":"repeat","background-position":"center center","background-size":"auto","background-attachment":"scroll","background-type":"","background-media":"","overlay-type":"","overlay-color":"","overlay-opacity":"","overlay-gradient":""}},"ast-content-background-meta":{"desktop":{"background-color":"var(--ast-global-color-5)","background-image":"","background-repeat":"repeat","background-position":"center center","background-size":"auto","background-attachment":"scroll","background-type":"","background-media":"","overlay-type":"","overlay-color":"","overlay-opacity":"","overlay-gradient":""},"tablet":{"background-color":"var(--ast-global-color-5)","background-image":"","background-repeat":"repeat","background-position":"center center","background-size":"auto","background-attachment":"scroll","background-type":"","background-media":"","overlay-type":"","overlay-color":"","overlay-opacity":"","overlay-gradient":""},"mobile":{"background-color":"var(--ast-global-color-5)","background-image":"","background-repeat":"repeat","background-position":"center center","background-size":"auto","background-attachment":"scroll","background-type":"","background-media":"","overlay-type":"","overlay-color":"","overlay-opacity":"","overlay-gradient":""}},"footnotes":""},"class_list":["post-9169","page","type-page","status-publish","hentry"],"post_mailing_queue_ids":[],"_links":{"self":[{"href":"https:\/\/agora.xtec.cat\/iesguillembergueda\/wp-json\/wp\/v2\/pages\/9169","targetHints":{"allow":["GET"]}}],"collection":[{"href":"https:\/\/agora.xtec.cat\/iesguillembergueda\/wp-json\/wp\/v2\/pages"}],"about":[{"href":"https:\/\/agora.xtec.cat\/iesguillembergueda\/wp-json\/wp\/v2\/types\/page"}],"author":[{"embeddable":true,"href":"https:\/\/agora.xtec.cat\/iesguillembergueda\/wp-json\/wp\/v2\/users\/1"}],"replies":[{"embeddable":true,"href":"https:\/\/agora.xtec.cat\/iesguillembergueda\/wp-json\/wp\/v2\/comments?post=9169"}],"version-history":[{"count":6,"href":"https:\/\/agora.xtec.cat\/iesguillembergueda\/wp-json\/wp\/v2\/pages\/9169\/revisions"}],"predecessor-version":[{"id":9251,"href":"https:\/\/agora.xtec.cat\/iesguillembergueda\/wp-json\/wp\/v2\/pages\/9169\/revisions\/9251"}],"wp:attachment":[{"href":"https:\/\/agora.xtec.cat\/iesguillembergueda\/wp-json\/wp\/v2\/media?parent=9169"}],"curies":[{"name":"wp","href":"https:\/\/api.w.org\/{rel}","templated":true}]}}