{"id":9,"date":"2014-09-12T10:15:01","date_gmt":"2014-09-12T10:15:01","guid":{"rendered":"http:\/\/agora.xtec.cat\/iesguillembergueda\/?page_id=9"},"modified":"2026-09-03T01:20:55","modified_gmt":"2026-09-02T23:20:55","slug":"pagina-dinici-buida","status":"publish","type":"page","link":"https:\/\/agora.xtec.cat\/iesguillembergueda\/","title":{"rendered":""},"content":{"rendered":"\n<figure class=\"wp-block-image size-large\"><a href=\"https:\/\/agora.xtec.cat\/iesguillembergueda\/wp-content\/uploads\/usu1118\/2026\/09\/Copia-de-Preinscripcio-i-matricula-curs-2026-2027-1.jpg\"><img loading=\"lazy\" decoding=\"async\" width=\"1024\" height=\"128\" src=\"https:\/\/agora.xtec.cat\/iesguillembergueda\/wp-content\/uploads\/usu1118\/2026\/09\/Copia-de-Preinscripcio-i-matricula-curs-2026-2027-1-1024x128.jpg\" alt=\"\" class=\"wp-image-9729\" srcset=\"https:\/\/agora.xtec.cat\/iesguillembergueda\/wp-content\/uploads\/usu1118\/2026\/09\/Copia-de-Preinscripcio-i-matricula-curs-2026-2027-1-1024x128.jpg 1024w, https:\/\/agora.xtec.cat\/iesguillembergueda\/wp-content\/uploads\/usu1118\/2026\/09\/Copia-de-Preinscripcio-i-matricula-curs-2026-2027-1-300x38.jpg 300w, https:\/\/agora.xtec.cat\/iesguillembergueda\/wp-content\/uploads\/usu1118\/2026\/09\/Copia-de-Preinscripcio-i-matricula-curs-2026-2027-1-768x96.jpg 768w, https:\/\/agora.xtec.cat\/iesguillembergueda\/wp-content\/uploads\/usu1118\/2026\/09\/Copia-de-Preinscripcio-i-matricula-curs-2026-2027-1-1536x192.jpg 1536w, https:\/\/agora.xtec.cat\/iesguillembergueda\/wp-content\/uploads\/usu1118\/2026\/09\/Copia-de-Preinscripcio-i-matricula-curs-2026-2027-1.jpg 2000w\" sizes=\"auto, (max-width: 1024px) 100vw, 1024px\" \/><\/a><\/figure>\n\n\n\n<p>El <strong>7 de setembre de 2026<\/strong> es publicaran al web de <a href=\"https:\/\/preinscripcio.gencat.cat\/ca\/inici\/\">preinscripci\u00f3<\/a>&nbsp; de la Generalitat les places vacants de formaci\u00f3 professional per centre educatiu.<\/p>\n\n\n\n<p>Si hi t&#8217;interessa alguna de les nostres places, podr\u00e0s inscriure&#8217;t a la cua virtual nom\u00e9s el dia 7 , <strong>de les 9h del mat\u00ed fins les 23:59h<\/strong>. <\/p>\n\n\n\n<figure class=\"wp-block-table\"><table class=\"has-fixed-layout\"><tbody><tr><td><strong>Com et pots inscriure?<\/strong><\/td><td><strong>Cal que tinguis en compte<\/strong><\/td><\/tr><tr><td>Consulta les places vacants publicades al web de <a href=\"https:\/\/preinscripcio.gencat.cat\/ca\/inici\/\">preinscripci\u00f3<\/a>.<br><br>Inscriu-te a la<strong> cua virtual<\/strong> en aquest <a href=\"https:\/\/aplicacions.gestioeducativa.gencat.cat\/ords\/pls\/apex\/f?p=20160079072543618:650:::NO:650:P650_CENTRE:D028375ACD530E2D05519A670C5537E750F94C5B64C74B20\">enlla\u00e7<\/a>.<br><br>El centre <strong>contactar\u00e0<\/strong> amb les persones inscrites per estricte ordre d&#8217;inscripci\u00f3.<\/td><td>La <strong>cua virtual <\/strong>\u00e9s<strong> per centre<\/strong>, no per un cicle en concret.<br>Et pots inscriure a la <strong>cua virtual de diferents centres<\/strong> que disposin de vacants.<br>La posici\u00f3 a la cua nom\u00e9s determina l&#8217;ordre d&#8217;atenci\u00f3 i no garanteix una pla\u00e7a.<br>L&#8217;adjudicaci\u00f3 dependr\u00e0 de les vacants disponibles en el moment de l&#8217;atenci\u00f3 i de les opcions de l&#8217;alumnat.<\/td><\/tr><\/tbody><\/table><\/figure>\n\n\n\n<ul class=\"wp-block-list\">\n<li><\/li>\n<\/ul>\n\n\n\n<ol class=\"wp-block-list\">\n<li><\/li>\n<\/ol>\n\n\n\n<ul class=\"wp-block-list\">\n<li><\/li>\n<\/ul>\n\n\n\n<ol class=\"wp-block-list\">\n<li><\/li>\n<\/ol>\n\n\n\n<h2 class=\"wp-block-heading\">Altres informacions<\/h2>\n\n\n\n<ul class=\"wp-block-list\">\n<li><strong>Descobrint el cam\u00ed cap a l\u2019Institut Guillem de Bergued\u00e0<\/strong>, un petit reportatge presentat a la jornada de portes obertes de l\u2019ESO. <a href=\"https:\/\/agora.xtec.cat\/iesguillembergueda\/general\/descobrint-el-cami-jornada-de-portes-obertes-eso-2025-2026\/\">V\u00eddeo<\/a><\/li>\n\n\n\n<li><strong>Definint el futur.<\/strong>&nbsp;Despr\u00e9s de l&#8217;ESO arriba un nou repte, un petit tastet del centre presentat a la jornada de portes obertes de Batxillerat- Batxibac.&nbsp;<a href=\"https:\/\/agora.xtec.cat\/iesguillembergueda\/general\/definint-el-futur-despres-de-leso-arriba-un-nou-repte\/\" target=\"_blank\" rel=\"noreferrer noopener\">V\u00eddeo<\/a><\/li>\n\n\n\n<li><strong>Ens han arribat t\u00edtols<\/strong>!!! Per venir a recollir-los cal que porteu el resguard que us vam entregar. Si no podeu venir vosaltres descarregueu-vos l&#8217;autoritzaci\u00f3 (<a href=\"https:\/\/agora.xtec.cat\/iesguillembergueda\/wp-content\/uploads\/usu1118\/2019\/04\/autoritzacio_lliurament_certificat.pdf\">enlla\u00e7<\/a>).\n<ul class=\"wp-block-list\">\n<li>T\u00edtols de Batxillerat de Ci\u00e8ncies i Tecnologia promocions (2020, 2021 i 2022)<\/li>\n\n\n\n<li>T\u00edtols de CFGM Cures Auxiliars d&#8217;Infermeria promocions (2019,2020,2021,2022,2023,2024,I algun de 2025)<\/li>\n<\/ul>\n<\/li>\n<\/ul>\n","protected":false},"excerpt":{"rendered":"<p>El 7 de setembre de 2026 es publicaran al web de preinscripci\u00f3&nbsp; de la Generalitat les places vacants de formaci\u00f3 professional per centre educatiu. Si hi t&#8217;interessa alguna de les nostres places, podr\u00e0s inscriure&#8217;t a la cua virtual nom\u00e9s el dia 7 , de les 9h del mat\u00ed fins les 23:59h. Com et pots inscriure? [&hellip;]<\/p>\n","protected":false},"author":1,"featured_media":0,"parent":7,"menu_order":0,"comment_status":"closed","ping_status":"closed","template":"","meta":{"_bbp_topic_count":0,"_bbp_reply_count":0,"_bbp_total_topic_count":0,"_bbp_total_reply_count":0,"_bbp_voice_count":0,"_bbp_anonymous_reply_count":0,"_bbp_topic_count_hidden":0,"_bbp_reply_count_hidden":0,"_bbp_forum_subforum_count":0,"site-sidebar-layout":"default","site-content-layout":"","ast-site-content-layout":"default","site-content-style":"default","site-sidebar-style":"default","ast-global-header-display":"","ast-banner-title-visibility":"","ast-main-header-display":"","ast-hfb-above-header-display":"","ast-hfb-below-header-display":"","ast-hfb-mobile-header-display":"","site-post-title":"disabled","ast-breadcrumbs-content":"","ast-featured-img":"","footer-sml-layout":"","theme-transparent-header-meta":"","adv-header-id-meta":"","stick-header-meta":"","header-above-stick-meta":"","header-main-stick-meta":"","header-below-stick-meta":"","astra-migrate-meta-layouts":"set","ast-page-background-enabled":"default","ast-page-background-meta":{"desktop":{"background-color":"var(--ast-global-color-4)","background-image":"","background-repeat":"repeat","background-position":"center center","background-size":"auto","background-attachment":"scroll","background-type":"","background-media":"","overlay-type":"","overlay-color":"","overlay-opacity":"","overlay-gradient":""},"tablet":{"background-color":"","background-image":"","background-repeat":"repeat","background-position":"center center","background-size":"auto","background-attachment":"scroll","background-type":"","background-media":"","overlay-type":"","overlay-color":"","overlay-opacity":"","overlay-gradient":""},"mobile":{"background-color":"","background-image":"","background-repeat":"repeat","background-position":"center center","background-size":"auto","background-attachment":"scroll","background-type":"","background-media":"","overlay-type":"","overlay-color":"","overlay-opacity":"","overlay-gradient":""}},"ast-content-background-meta":{"desktop":{"background-color":"var(--ast-global-color-5)","background-image":"","background-repeat":"repeat","background-position":"center center","background-size":"auto","background-attachment":"scroll","background-type":"","background-media":"","overlay-type":"","overlay-color":"","overlay-opacity":"","overlay-gradient":""},"tablet":{"background-color":"var(--ast-global-color-5)","background-image":"","background-repeat":"repeat","background-position":"center center","background-size":"auto","background-attachment":"scroll","background-type":"","background-media":"","overlay-type":"","overlay-color":"","overlay-opacity":"","overlay-gradient":""},"mobile":{"background-color":"var(--ast-global-color-5)","background-image":"","background-repeat":"repeat","background-position":"center center","background-size":"auto","background-attachment":"scroll","background-type":"","background-media":"","overlay-type":"","overlay-color":"","overlay-opacity":"","overlay-gradient":""}},"footnotes":""},"class_list":["post-9","page","type-page","status-publish","hentry"],"post_mailing_queue_ids":[],"_links":{"self":[{"href":"https:\/\/agora.xtec.cat\/iesguillembergueda\/wp-json\/wp\/v2\/pages\/9","targetHints":{"allow":["GET"]}}],"collection":[{"href":"https:\/\/agora.xtec.cat\/iesguillembergueda\/wp-json\/wp\/v2\/pages"}],"about":[{"href":"https:\/\/agora.xtec.cat\/iesguillembergueda\/wp-json\/wp\/v2\/types\/page"}],"author":[{"embeddable":true,"href":"https:\/\/agora.xtec.cat\/iesguillembergueda\/wp-json\/wp\/v2\/users\/1"}],"replies":[{"embeddable":true,"href":"https:\/\/agora.xtec.cat\/iesguillembergueda\/wp-json\/wp\/v2\/comments?post=9"}],"version-history":[{"count":6,"href":"https:\/\/agora.xtec.cat\/iesguillembergueda\/wp-json\/wp\/v2\/pages\/9\/revisions"}],"predecessor-version":[{"id":9736,"href":"https:\/\/agora.xtec.cat\/iesguillembergueda\/wp-json\/wp\/v2\/pages\/9\/revisions\/9736"}],"up":[{"embeddable":true,"href":"https:\/\/agora.xtec.cat\/iesguillembergueda\/wp-json\/wp\/v2\/pages\/7"}],"wp:attachment":[{"href":"https:\/\/agora.xtec.cat\/iesguillembergueda\/wp-json\/wp\/v2\/media?parent=9"}],"curies":[{"name":"wp","href":"https:\/\/api.w.org\/{rel}","templated":true}]}}

<figure class="wp-block-image size-large"><a href="https://agora.xtec.cat/iesguillembergueda/wp-content/uploads/usu1118/2026/09/Copia-de-Preinscripcio-i-matricula-curs-2026-2027-1.jpg"><img loading="lazy" decoding="async" width="1024" height="128" src="https://agora.xtec.cat/iesguillembergueda/wp-content/uploads/usu1118/2026/09/Copia-de-Preinscripcio-i-matricula-curs-2026-2027-1-1024x128.jpg" alt="" class="wp-image-9729" srcset="https://agora.xtec.cat/iesguillembergueda/wp-content/uploads/usu1118/2026/09/Copia-de-Preinscripcio-i-matricula-curs-2026-2027-1-1024x128.jpg 1024w, https://agora.xtec.cat/iesguillembergueda/wp-content/uploads/usu1118/2026/09/Copia-de-Preinscripcio-i-matricula-curs-2026-2027-1-300x38.jpg 300w, https://agora.xtec.cat/iesguillembergueda/wp-content/uploads/usu1118/2026/09/Copia-de-Preinscripcio-i-matricula-curs-2026-2027-1-768x96.jpg 768w, https://agora.xtec.cat/iesguillembergueda/wp-content/uploads/usu1118/2026/09/Copia-de-Preinscripcio-i-matricula-curs-2026-2027-1-1536x192.jpg 1536w, https://agora.xtec.cat/iesguillembergueda/wp-content/uploads/usu1118/2026/09/Copia-de-Preinscripcio-i-matricula-curs-2026-2027-1.jpg 2000w" sizes="auto, (max-width: 1024px) 100vw, 1024px" /></a></figure>



<p>El <strong>7 de setembre de 2026</strong> es publicaran al web de <a href="https://preinscripcio.gencat.cat/ca/inici/">preinscripció</a>&nbsp; de la Generalitat les places vacants de formació professional per centre educatiu.</p>



<p>Si hi t&#8217;interessa alguna de les nostres places, podràs inscriure&#8217;t a la cua virtual només el dia 7 , <strong>de les 9h del matí fins les 23:59h</strong>. </p>



<figure class="wp-block-table"><table class="has-fixed-layout"><tbody><tr><td><strong>Com et pots inscriure?</strong></td><td><strong>Cal que tinguis en compte</strong></td></tr><tr><td>Consulta les places vacants publicades al web de <a href="https://preinscripcio.gencat.cat/ca/inici/">preinscripció</a>.<br><br>Inscriu-te a la<strong> cua virtual</strong> en aquest <a href="https://aplicacions.gestioeducativa.gencat.cat/ords/pls/apex/f?p=20160079072543618:650:::NO:650:P650_CENTRE:D028375ACD530E2D05519A670C5537E750F94C5B64C74B20">enllaç</a>.<br><br>El centre <strong>contactarà</strong> amb les persones inscrites per estricte ordre d&#8217;inscripció.</td><td>La <strong>cua virtual </strong>és<strong> per centre</strong>, no per un cicle en concret.<br>Et pots inscriure a la <strong>cua virtual de diferents centres</strong> que disposin de vacants.<br>La posició a la cua només determina l&#8217;ordre d&#8217;atenció i no garanteix una plaça.<br>L&#8217;adjudicació dependrà de les vacants disponibles en el moment de l&#8217;atenció i de les opcions de l&#8217;alumnat.</td></tr></tbody></table></figure>



<ul class="wp-block-list">
<li></li>
</ul>



<ol class="wp-block-list">
<li></li>
</ol>



<ul class="wp-block-list">
<li></li>
</ul>



<ol class="wp-block-list">
<li></li>
</ol>



<h2 class="wp-block-heading">Altres informacions</h2>



<ul class="wp-block-list">
<li><strong>Descobrint el camí cap a l’Institut Guillem de Berguedà</strong>, un petit reportatge presentat a la jornada de portes obertes de l’ESO. <a href="https://agora.xtec.cat/iesguillembergueda/general/descobrint-el-cami-jornada-de-portes-obertes-eso-2025-2026/">Vídeo</a></li>



<li><strong>Definint el futur.</strong>&nbsp;Després de l&#8217;ESO arriba un nou repte, un petit tastet del centre presentat a la jornada de portes obertes de Batxillerat- Batxibac.&nbsp;<a href="https://agora.xtec.cat/iesguillembergueda/general/definint-el-futur-despres-de-leso-arriba-un-nou-repte/" target="_blank" rel="noreferrer noopener">Vídeo</a></li>



<li><strong>Ens han arribat títols</strong>!!! Per venir a recollir-los cal que porteu el resguard que us vam entregar. Si no podeu venir vosaltres descarregueu-vos l&#8217;autorització (<a href="https://agora.xtec.cat/iesguillembergueda/wp-content/uploads/usu1118/2019/04/autoritzacio_lliurament_certificat.pdf">enllaç</a>).
<ul class="wp-block-list">
<li>Títols de Batxillerat de Ciències i Tecnologia promocions (2020, 2021 i 2022)</li>



<li>Títols de CFGM Cures Auxiliars d&#8217;Infermeria promocions (2019,2020,2021,2022,2023,2024,I algun de 2025)</li>
</ul>
</li>
</ul>

<p>El 7 de setembre de 2026 es publicaran al web de preinscripció&nbsp; de la Generalitat les places vacants de formació professional per centre educatiu. Si hi t&#8217;interessa alguna de les nostres places, podràs inscriure&#8217;t a la cua virtual només el dia 7 , de les 9h del matí fins les 23:59h. Com et pots inscriure? [&hellip;]</p>
