{"id":7987,"date":"2025-02-17T12:08:43","date_gmt":"2025-02-17T11:08:43","guid":{"rendered":"https:\/\/agora.xtec.cat\/iesguillembergueda\/?page_id=7987"},"modified":"2026-02-25T22:34:34","modified_gmt":"2026-02-25T21:34:34","slug":"sollicitud-duplicats-titols-deso","status":"publish","type":"page","link":"https:\/\/agora.xtec.cat\/iesguillembergueda\/secretaria\/sollicitud-duplicats-titols-deso\/","title":{"rendered":"Sol\u00b7licitud de t\u00edtols acad\u00e8mics no universitaris"},"content":{"rendered":"<p><span style=\"font-weight: 400;\">Des d\u2019aquest curs 2026, els t\u00edtols de Batxillerat, Cicles formatius de grau mitj\u00e0 o superior cal que el tramiteu vosaltres mateixos. Aix\u00ed com si heu de demanar un duplicat per p\u00e8rdua o canvi de dades.<\/span><\/p>\n<h4><span style=\"font-weight: 400;\">Que cal tenir?<\/span><\/h4>\n<ol>\n<li><span style=\"font-weight: 400;\">Tenir activat l&#8217;IDCAT M\u00d2BIL<\/span><\/li>\n<li><span style=\"font-weight: 400;\"> \u00a0\u00a0DNI, NIE o PASSAPORT VIGENT<\/span><\/li>\n<li><span style=\"font-weight: 400;\"> \u00a0 Carnet de FAM\u00cdLIA NOMBROSA o MONOPARENTAL vigent (si s\u2019escau)<\/span><\/li>\n<li><span style=\"font-weight: 400;\">En cas de DISCAPACITAT targeta acreditativa vigent. (si s\u2019escau)<\/span><\/li>\n<li><span style=\"font-weight: 400;\">Per\u00a0tramitar\u00a0el\u00a0t\u00edtol\u00a0cal\u00a0que\u00a0pagueu\u00a0\u00a0qualsevol\u00a0targeta\u00a0banc\u00e0ria\u00a0<\/span><\/li>\n<\/ol>\n<h4><span style=\"font-weight: 400;\">\u00a0Taxes<\/span><\/h4>\n<ul>\n<li style=\"font-weight: 400;\" aria-level=\"1\">Taxa\u00a0normal:\u00a069,65\u20ac<\/li>\n<li style=\"font-weight: 400;\" aria-level=\"1\">Taxa per fam\u00edlia nombrosa (cat. Gral.) o fam\u00edlia monoparental (cat. Gral. o especial): 34,85\u20ac<\/li>\n<\/ul>\n<ul>\n<li style=\"font-weight: 400;\" aria-level=\"1\">Taxa per fam\u00edlia nombrosa (cat. Especial) o per discapacitat igual o\u00a0\u00a0superior al 33% &#8211; Gratu\u00eft\u00a0 (es considera discapacitat de l\u2019alumne\/a)<\/li>\n<\/ul>\n<h4>Sol\u00b7licitud de t\u00edtols:<\/h4>\n<p><span style=\"font-weight: 400;\">Enlla\u00e7 tr\u00e0mit de sol\u00b7licitud de t\u00edtol:\u00a0<\/span><a href=\"https:\/\/educacio.gencat.cat\/ca\/tramits\/tramits-temes\/titols-academics-no-universitaris\"><span style=\"font-weight: 400;\">https:\/\/educacio.gencat.cat\/ca\/tramits\/tramits-temes\/titols-academics-no-universitaris<\/span><\/a><\/p>\n<p><span style=\"font-weight: 400;\">Enlla\u00e7 pagament:\u00a0<\/span><a href=\"https:\/\/www.caixabank.es\/particular\/pagos\/impuestosrecibosmatriculas_ca.html\"><span style=\"font-weight: 400;\">https:\/\/www.caixabank.es\/particular\/pagos\/impuestosrecibosmatriculas_ca.html<\/span><\/a><\/p>\n<p><span style=\"font-weight: 400;\">Correu per enviar el resguard del t\u00edtol i el justificant de pagament.\u00a0<\/span><a href=\"about:blank\"><i><span style=\"font-weight: 400;\">secretaria@iesguillembergued\u00e0.cat<\/span><\/i><\/a><\/p>\n","protected":false},"excerpt":{"rendered":"<p>Des d\u2019aquest curs 2026, els t\u00edtols de Batxillerat, Cicles formatius de grau mitj\u00e0 o superior cal que el tramiteu vosaltres mateixos. Aix\u00ed com si heu de demanar un duplicat per p\u00e8rdua o canvi de dades. Que cal tenir? Tenir activat l&#8217;IDCAT M\u00d2BIL \u00a0\u00a0DNI, NIE o PASSAPORT VIGENT \u00a0 Carnet de FAM\u00cdLIA NOMBROSA o MONOPARENTAL vigent [&hellip;]<\/p>\n","protected":false},"author":1,"featured_media":0,"parent":81,"menu_order":20,"comment_status":"closed","ping_status":"closed","template":"","meta":{"_bbp_topic_count":0,"_bbp_reply_count":0,"_bbp_total_topic_count":0,"_bbp_total_reply_count":0,"_bbp_voice_count":0,"_bbp_anonymous_reply_count":0,"_bbp_topic_count_hidden":0,"_bbp_reply_count_hidden":0,"_bbp_forum_subforum_count":0,"site-sidebar-layout":"default","site-content-layout":"","ast-site-content-layout":"default","site-content-style":"default","site-sidebar-style":"default","ast-global-header-display":"","ast-banner-title-visibility":"","ast-main-header-display":"","ast-hfb-above-header-display":"","ast-hfb-below-header-display":"","ast-hfb-mobile-header-display":"","site-post-title":"","ast-breadcrumbs-content":"","ast-featured-img":"","footer-sml-layout":"","theme-transparent-header-meta":"","adv-header-id-meta":"","stick-header-meta":"","header-above-stick-meta":"","header-main-stick-meta":"","header-below-stick-meta":"","astra-migrate-meta-layouts":"set","ast-page-background-enabled":"default","ast-page-background-meta":{"desktop":{"background-color":"var(--ast-global-color-4)","background-image":"","background-repeat":"repeat","background-position":"center center","background-size":"auto","background-attachment":"scroll","background-type":"","background-media":"","overlay-type":"","overlay-color":"","overlay-opacity":"","overlay-gradient":""},"tablet":{"background-color":"","background-image":"","background-repeat":"repeat","background-position":"center center","background-size":"auto","background-attachment":"scroll","background-type":"","background-media":"","overlay-type":"","overlay-color":"","overlay-opacity":"","overlay-gradient":""},"mobile":{"background-color":"","background-image":"","background-repeat":"repeat","background-position":"center center","background-size":"auto","background-attachment":"scroll","background-type":"","background-media":"","overlay-type":"","overlay-color":"","overlay-opacity":"","overlay-gradient":""}},"ast-content-background-meta":{"desktop":{"background-color":"var(--ast-global-color-5)","background-image":"","background-repeat":"repeat","background-position":"center center","background-size":"auto","background-attachment":"scroll","background-type":"","background-media":"","overlay-type":"","overlay-color":"","overlay-opacity":"","overlay-gradient":""},"tablet":{"background-color":"var(--ast-global-color-5)","background-image":"","background-repeat":"repeat","background-position":"center center","background-size":"auto","background-attachment":"scroll","background-type":"","background-media":"","overlay-type":"","overlay-color":"","overlay-opacity":"","overlay-gradient":""},"mobile":{"background-color":"var(--ast-global-color-5)","background-image":"","background-repeat":"repeat","background-position":"center center","background-size":"auto","background-attachment":"scroll","background-type":"","background-media":"","overlay-type":"","overlay-color":"","overlay-opacity":"","overlay-gradient":""}},"footnotes":""},"class_list":["post-7987","page","type-page","status-publish","hentry"],"post_mailing_queue_ids":[],"_links":{"self":[{"href":"https:\/\/agora.xtec.cat\/iesguillembergueda\/wp-json\/wp\/v2\/pages\/7987","targetHints":{"allow":["GET"]}}],"collection":[{"href":"https:\/\/agora.xtec.cat\/iesguillembergueda\/wp-json\/wp\/v2\/pages"}],"about":[{"href":"https:\/\/agora.xtec.cat\/iesguillembergueda\/wp-json\/wp\/v2\/types\/page"}],"author":[{"embeddable":true,"href":"https:\/\/agora.xtec.cat\/iesguillembergueda\/wp-json\/wp\/v2\/users\/1"}],"replies":[{"embeddable":true,"href":"https:\/\/agora.xtec.cat\/iesguillembergueda\/wp-json\/wp\/v2\/comments?post=7987"}],"version-history":[{"count":3,"href":"https:\/\/agora.xtec.cat\/iesguillembergueda\/wp-json\/wp\/v2\/pages\/7987\/revisions"}],"predecessor-version":[{"id":9287,"href":"https:\/\/agora.xtec.cat\/iesguillembergueda\/wp-json\/wp\/v2\/pages\/7987\/revisions\/9287"}],"up":[{"embeddable":true,"href":"https:\/\/agora.xtec.cat\/iesguillembergueda\/wp-json\/wp\/v2\/pages\/81"}],"wp:attachment":[{"href":"https:\/\/agora.xtec.cat\/iesguillembergueda\/wp-json\/wp\/v2\/media?parent=7987"}],"curies":[{"name":"wp","href":"https:\/\/api.w.org\/{rel}","templated":true}]}}