{"id":77,"date":"2014-09-18T10:29:25","date_gmt":"2014-09-18T09:29:25","guid":{"rendered":"http:\/\/agora.xtec.cat\/iesguillembergueda\/?page_id=77"},"modified":"2026-02-27T08:25:22","modified_gmt":"2026-02-27T07:25:22","slug":"transport-escolar","status":"publish","type":"page","link":"https:\/\/agora.xtec.cat\/iesguillembergueda\/serveis\/transport-escolar\/","title":{"rendered":"Transport escolar"},"content":{"rendered":"<p>El transport escolar el gestiona el Consell Comarcal del Bergued\u00e0.<\/p>\n<p data-path-to-node=\"0\">Per sol\u00b7licitar el transport escolar de secund\u00e0ria a l&#8217;<b data-path-to-node=\"0\" data-index-in-node=\"55\">Institut Guillem de Bergued\u00e0<\/b>, has de seguir aquest procediment basat en la normativa i els documents del centre:<\/p>\n<h3 data-path-to-node=\"1\">1. On s&#8217;ha de demanar?<\/h3>\n<p data-path-to-node=\"2\"><span data-path-to-node=\"2,1\"><span class=\"citation-19\">La gesti\u00f3 dep\u00e8n directament del <\/span><b data-path-to-node=\"2,1\" data-index-in-node=\"32\"><span class=\"citation-19\">Consell Comarcal del Bergued\u00e0<\/span><\/b><\/span><span data-path-to-node=\"2,3\">. Pots realitzar els tr\u00e0mits de les seg\u00fcents maneres:<\/span><\/p>\n<ul data-path-to-node=\"3\">\n<li>\n<p data-path-to-node=\"3,0,1\"><span data-path-to-node=\"3,0,1,0\"><b data-path-to-node=\"3,0,1,0\" data-index-in-node=\"0\"><span class=\"citation-18\">Telem\u00e0ticament:<\/span><\/b><span class=\"citation-18\"> A trav\u00e9s de la seu electr\u00f2nica del Consell Comarcal a <\/span><a class=\"ng-star-inserted\" href=\"https:\/\/www.google.com\/url?sa=E&amp;source=gmail&amp;q=http:\/\/www.bergueda.cat\/\" target=\"_blank\" rel=\"noopener\"><span class=\"citation-18\">www.bergueda.cat<\/span><\/a><\/span><span data-path-to-node=\"3,0,1,2\">.<\/span><\/p>\n<\/li>\n<li>\n<p data-path-to-node=\"3,1,1\"><span data-path-to-node=\"3,1,1,0\"><b data-path-to-node=\"3,1,1,0\" data-index-in-node=\"0\"><span class=\"citation-17\">Presencialment:<\/span><\/b><span class=\"citation-17\"> A la seu del Consell Comarcal del Bergued\u00e0 (Carrer Barcelona, 49, 3r de Berga)<\/span><\/span><span data-path-to-node=\"3,1,1,2\">.<\/span><\/p>\n<\/li>\n<li>\n<p data-path-to-node=\"3,1,1\"><span data-path-to-node=\"3,2,0,1\"><span class=\"citation-16\">Per a consultes espec\u00edfiques sobre la coordinaci\u00f3 a l&#8217;institut, pots contactar amb la secretaria del centre o amb la coordinaci\u00f3 de transports de l&#8217;institut<\/span><\/span><span data-path-to-node=\"3,2,0,3\">.<\/span><\/p>\n<\/li>\n<\/ul>\n<h3 data-path-to-node=\"4\">2. Quan s&#8217;ha de demanar?<\/h3>\n<ul data-path-to-node=\"5\">\n<li>\n<p data-path-to-node=\"5,0,0\"><b data-path-to-node=\"5,0,0\" data-index-in-node=\"0\">Termini ordinari:<\/b> El termini principal sol ser durant el mes de <b data-path-to-node=\"5,0,0\" data-index-in-node=\"64\">maig<\/b> (per exemple, per al curs 2025-2026 \u00e9s del 12 al 30 de maig) per garantir la pla\u00e7a des de l&#8217;inici de curs.<\/p>\n<\/li>\n<li>\n<p data-path-to-node=\"5,1,1\"><span data-path-to-node=\"5,1,1,0\"><b data-path-to-node=\"5,1,1,0\" data-index-in-node=\"0\"><span class=\"citation-15\">Fora de termini:<\/span><\/b><span class=\"citation-15\"> Es poden presentar sol\u00b7licituds per canvis o situacions sobrevingudes un cop finalitzat el termini ordinari, tot i que l&#8217;acceptaci\u00f3 estar\u00e0 subjecta a la disponibilitat de places<\/span><\/span><span data-path-to-node=\"5,1,1,2\">.<\/span><\/p>\n<\/li>\n<\/ul>\n<h3 data-path-to-node=\"6\">3. Com s&#8217;ha de demanar?<\/h3>\n<p data-path-to-node=\"7\">Perqu\u00e8 la sol\u00b7licitud sigui efectiva, cal:<\/p>\n<ul data-path-to-node=\"8\">\n<li>\n<p data-path-to-node=\"8,0,1\"><span data-path-to-node=\"8,0,1,0\"><b data-path-to-node=\"8,0,1,0\" data-index-in-node=\"0\"><span class=\"citation-14\">Presentar la sol\u00b7licitud oficial:<\/span><\/b><span class=\"citation-14\"> Emplenar el formulari corresponent segons si el transport \u00e9s obligatori o no obligatori<\/span><\/span><span data-path-to-node=\"8,0,1,2\">.<\/span><\/p>\n<\/li>\n<li>\n<p data-path-to-node=\"8,0,1\"><span style=\"font-size: revert; background-color: rgba(0, 0, 0, 0); font-weight: inherit;\" data-path-to-node=\"8,1,1,0\"><b data-path-to-node=\"8,1,1,0\" data-index-in-node=\"0\"><span class=\"citation-13\">Documentaci\u00f3:<\/span><\/b><span class=\"citation-13\"> Adjuntar la documentaci\u00f3 requerida i, molt important, la <\/span><b data-path-to-node=\"8,1,1,0\" data-index-in-node=\"71\"><span class=\"citation-13\">normativa d&#8217;utilitzaci\u00f3 signada<\/span><\/b><span class=\"citation-13\"> pel tutor\/a legal (i pel mateix alumne en el cas de secund\u00e0ria)<\/span><\/span><span style=\"font-size: revert; background-color: rgba(0, 0, 0, 0); font-weight: inherit;\" data-path-to-node=\"8,1,1,2\">.<\/span><\/p>\n<\/li>\n<li>\n<p data-path-to-node=\"8,2,0\"><span data-path-to-node=\"8,2,0,0\"><b data-path-to-node=\"8,2,0,0\" data-index-in-node=\"0\">Confirmaci\u00f3:<\/b> Per poder utilitzar el servei, l&#8217;alumne ha d&#8217;apar\u00e8ixer a la llista que porta l&#8217;acompanyant del bus. <\/span><span data-path-to-node=\"8,2,0,2\"><span class=\"citation-12\">No estar a la llista implica no poder utilitzar el transport<\/span><\/span><span data-path-to-node=\"8,2,0,4\">.\u00a0<\/span><\/p>\n<\/li>\n<\/ul>\n<p data-path-to-node=\"9\"><b data-path-to-node=\"9\" data-index-in-node=\"0\">Informaci\u00f3 addicional per a l&#8217;alumnat de l&#8217;Institut:<\/b><\/p>\n<ul data-path-to-node=\"10\">\n<li>\n<p data-path-to-node=\"10,0,0\"><span data-path-to-node=\"10,0,0,1\"><span class=\"citation-11\">L&#8217;institut coordina amb el Consell Comarcal els llistats i les incid\u00e8ncies a trav\u00e9s d&#8217;una figura de coordinaci\u00f3 de transports al centre<\/span><\/span><span data-path-to-node=\"10,0,0,3\">.<\/span><\/p>\n<\/li>\n<li>\n<p id=\"p-rc_09d9b9df39e698ea-28\" data-path-to-node=\"10,1,0\"><span data-path-to-node=\"10,1,0,1\"><span class=\"citation-10\">S&#8217;informa al Consell de les sortides o excursions per preveure quins dies els alumnes no utilitzaran el servei habitual<\/span><\/span><span data-path-to-node=\"10,1,0,3\">.<\/span><\/p>\n<\/li>\n<\/ul>\n<p>Les rutes i horaris de transport escolar que donen servei a l&#8217;<b data-path-to-node=\"0\" data-index-in-node=\"95\">Institut Guillem de Bergued\u00e0<\/b> per al curs 2025-2026.<\/p>\n<p data-path-to-node=\"1\">Tingueu en compte que l&#8217;horari de tornada est\u00e0 adaptat a la finalitzaci\u00f3 de les classes (normalment la recollida a l&#8217;institut \u00e9s cap a les <b data-path-to-node=\"1\" data-index-in-node=\"139\">14:40h<\/b>).<\/p>\n<h3 data-path-to-node=\"2\">Rutes i Horaris Principals (Curs 2025-2026)<\/h3>\n<table data-path-to-node=\"3\">\n<thead>\n<tr>\n<td><strong>Ruta<\/strong><\/td>\n<td><strong>Parada d&#8217;Origen<\/strong><\/td>\n<td><strong>Horari Anada<\/strong><\/td>\n<td><strong>Horari Tornada (Recollida INS)<\/strong><\/td>\n<\/tr>\n<\/thead>\n<tbody>\n<tr>\n<td><span data-path-to-node=\"3,1,0,0\"><b data-path-to-node=\"3,1,0,0\" data-index-in-node=\"0\">S11 La Rodonella<\/b><\/span><\/td>\n<td><span data-path-to-node=\"3,1,1,0\">La Rodonella \/ Cercs<\/span><\/td>\n<td><span data-path-to-node=\"3,1,2,0\">07:10h\u00a0<\/span><\/td>\n<td><span data-path-to-node=\"3,1,3,0\">14:42h<\/span><\/td>\n<\/tr>\n<tr>\n<td><span data-path-to-node=\"3,2,0,0\"><b data-path-to-node=\"3,2,0,0\" data-index-in-node=\"0\">S12 Borred\u00e0<\/b><\/span><\/td>\n<td><span data-path-to-node=\"3,2,1,0\">Borred\u00e0 \/ Vilada<\/span><\/td>\n<td><span data-path-to-node=\"3,2,2,0\">07:10h\u00a0<\/span><\/td>\n<td><span data-path-to-node=\"3,2,3,0\">14:40h<\/span><\/td>\n<\/tr>\n<tr>\n<td><span data-path-to-node=\"3,3,0,0\"><b data-path-to-node=\"3,3,0,0\" data-index-in-node=\"0\">S14 Mol\u00ed del Castell<\/b><\/span><\/td>\n<td><span data-path-to-node=\"3,3,1,0\">Avi\u00e0 (diverses parades)<\/span><\/td>\n<td><span data-path-to-node=\"3,3,2,0\">07:10h<\/span><\/td>\n<td><span data-path-to-node=\"3,3,3,0\">14:40h<\/span><\/td>\n<\/tr>\n<tr>\n<td><span data-path-to-node=\"3,4,0,0\"><b data-path-to-node=\"3,4,0,0\" data-index-in-node=\"0\">S15 La Nou<\/b><\/span><\/td>\n<td><span data-path-to-node=\"3,4,1,0\">La Nou de Bergued\u00e0<\/span><\/td>\n<td><span data-path-to-node=\"3,4,2,0\">07:20h<\/span><\/td>\n<td><span data-path-to-node=\"3,4,3,0\">14:37h<\/span><\/td>\n<\/tr>\n<tr>\n<td><span data-path-to-node=\"3,5,0,0\"><b data-path-to-node=\"3,5,0,0\" data-index-in-node=\"0\">S16 F\u00edgols<\/b><\/span><\/td>\n<td><span data-path-to-node=\"3,5,1,0\">F\u00edgols \/ Sant Corneli<\/span><\/td>\n<td><span data-path-to-node=\"3,5,2,0\">07:15h<\/span><\/td>\n<td><span data-path-to-node=\"3,5,3,0\">14:40h<\/span><\/td>\n<\/tr>\n<tr>\n<td><span data-path-to-node=\"3,6,0,0\"><b data-path-to-node=\"3,6,0,0\" data-index-in-node=\"0\">Castellar del Riu<\/b><\/span><\/td>\n<td><span data-path-to-node=\"3,6,1,0\">Espinalbet<\/span><\/td>\n<td><span data-path-to-node=\"3,6,2,0\"><i data-path-to-node=\"3,6,2,0\" data-index-in-node=\"0\">(Consultar)<\/i><\/span><\/td>\n<td><span data-path-to-node=\"3,6,3,0\">14:40h aprox.<\/span><\/td>\n<\/tr>\n<\/tbody>\n<\/table>\n<p data-path-to-node=\"5,0,0\">Cal ser puntual e<span style=\"font-size: revert; background-color: rgba(0, 0, 0, 0); font-weight: inherit;\">s recomana ser a la parada almenys <\/span><b style=\"font-size: revert; background-color: rgba(0, 0, 0, 0);\" data-path-to-node=\"5,1,0\" data-index-in-node=\"49\">5 minuts abans<\/b><span style=\"font-size: revert; background-color: rgba(0, 0, 0, 0); font-weight: inherit;\"> de l&#8217;hora indicada.<\/span><\/p>\n<p data-path-to-node=\"5,0,0\">\u00c9s obligatori portar el carnet de transport i seguir la normativa de comportament signada en la sol\u00b7licitud.<\/p>\n","protected":false},"excerpt":{"rendered":"<p>El transport escolar el gestiona el Consell Comarcal del Bergued\u00e0. Per sol\u00b7licitar el transport escolar de secund\u00e0ria a l&#8217;Institut Guillem de Bergued\u00e0, has de seguir aquest procediment basat en la normativa i els documents del centre: 1. On s&#8217;ha de demanar? La gesti\u00f3 dep\u00e8n directament del Consell Comarcal del Bergued\u00e0. Pots realitzar els tr\u00e0mits de [&hellip;]<\/p>\n","protected":false},"author":1,"featured_media":0,"parent":63,"menu_order":1,"comment_status":"closed","ping_status":"closed","template":"","meta":{"_bbp_topic_count":0,"_bbp_reply_count":0,"_bbp_total_topic_count":0,"_bbp_total_reply_count":0,"_bbp_voice_count":0,"_bbp_anonymous_reply_count":0,"_bbp_topic_count_hidden":0,"_bbp_reply_count_hidden":0,"_bbp_forum_subforum_count":0,"site-sidebar-layout":"default","site-content-layout":"","ast-site-content-layout":"default","site-content-style":"default","site-sidebar-style":"default","ast-global-header-display":"","ast-banner-title-visibility":"","ast-main-header-display":"","ast-hfb-above-header-display":"","ast-hfb-below-header-display":"","ast-hfb-mobile-header-display":"","site-post-title":"","ast-breadcrumbs-content":"","ast-featured-img":"","footer-sml-layout":"","theme-transparent-header-meta":"","adv-header-id-meta":"","stick-header-meta":"","header-above-stick-meta":"","header-main-stick-meta":"","header-below-stick-meta":"","astra-migrate-meta-layouts":"set","ast-page-background-enabled":"default","ast-page-background-meta":{"desktop":{"background-color":"var(--ast-global-color-4)","background-image":"","background-repeat":"repeat","background-position":"center center","background-size":"auto","background-attachment":"scroll","background-type":"","background-media":"","overlay-type":"","overlay-color":"","overlay-opacity":"","overlay-gradient":""},"tablet":{"background-color":"","background-image":"","background-repeat":"repeat","background-position":"center center","background-size":"auto","background-attachment":"scroll","background-type":"","background-media":"","overlay-type":"","overlay-color":"","overlay-opacity":"","overlay-gradient":""},"mobile":{"background-color":"","background-image":"","background-repeat":"repeat","background-position":"center center","background-size":"auto","background-attachment":"scroll","background-type":"","background-media":"","overlay-type":"","overlay-color":"","overlay-opacity":"","overlay-gradient":""}},"ast-content-background-meta":{"desktop":{"background-color":"var(--ast-global-color-5)","background-image":"","background-repeat":"repeat","background-position":"center center","background-size":"auto","background-attachment":"scroll","background-type":"","background-media":"","overlay-type":"","overlay-color":"","overlay-opacity":"","overlay-gradient":""},"tablet":{"background-color":"var(--ast-global-color-5)","background-image":"","background-repeat":"repeat","background-position":"center center","background-size":"auto","background-attachment":"scroll","background-type":"","background-media":"","overlay-type":"","overlay-color":"","overlay-opacity":"","overlay-gradient":""},"mobile":{"background-color":"var(--ast-global-color-5)","background-image":"","background-repeat":"repeat","background-position":"center center","background-size":"auto","background-attachment":"scroll","background-type":"","background-media":"","overlay-type":"","overlay-color":"","overlay-opacity":"","overlay-gradient":""}},"footnotes":""},"class_list":["post-77","page","type-page","status-publish","hentry"],"post_mailing_queue_ids":[],"_links":{"self":[{"href":"https:\/\/agora.xtec.cat\/iesguillembergueda\/wp-json\/wp\/v2\/pages\/77","targetHints":{"allow":["GET"]}}],"collection":[{"href":"https:\/\/agora.xtec.cat\/iesguillembergueda\/wp-json\/wp\/v2\/pages"}],"about":[{"href":"https:\/\/agora.xtec.cat\/iesguillembergueda\/wp-json\/wp\/v2\/types\/page"}],"author":[{"embeddable":true,"href":"https:\/\/agora.xtec.cat\/iesguillembergueda\/wp-json\/wp\/v2\/users\/1"}],"replies":[{"embeddable":true,"href":"https:\/\/agora.xtec.cat\/iesguillembergueda\/wp-json\/wp\/v2\/comments?post=77"}],"version-history":[{"count":5,"href":"https:\/\/agora.xtec.cat\/iesguillembergueda\/wp-json\/wp\/v2\/pages\/77\/revisions"}],"predecessor-version":[{"id":9319,"href":"https:\/\/agora.xtec.cat\/iesguillembergueda\/wp-json\/wp\/v2\/pages\/77\/revisions\/9319"}],"up":[{"embeddable":true,"href":"https:\/\/agora.xtec.cat\/iesguillembergueda\/wp-json\/wp\/v2\/pages\/63"}],"wp:attachment":[{"href":"https:\/\/agora.xtec.cat\/iesguillembergueda\/wp-json\/wp\/v2\/media?parent=77"}],"curies":[{"name":"wp","href":"https:\/\/api.w.org\/{rel}","templated":true}]}}