{"id":7320,"date":"2023-10-30T20:32:45","date_gmt":"2023-10-30T19:32:45","guid":{"rendered":"https:\/\/agora.xtec.cat\/iesguillembergueda\/?page_id=7320"},"modified":"2026-02-27T09:37:49","modified_gmt":"2026-02-27T08:37:49","slug":"batxibac","status":"publish","type":"page","link":"https:\/\/agora.xtec.cat\/iesguillembergueda\/estudis\/bat\/batxibac\/","title":{"rendered":"Batxibac"},"content":{"rendered":"<p><!-- Google tag (gtag.js) --> <script async src=\"https:\/\/www.googletagmanager.com\/gtag\/js?id=G-8CJB278QW3\"><\/script> <script> window.dataLayer = window.dataLayer || []; function gtag(){dataLayer.push(arguments);} gtag('js', new Date()); gtag('config', 'G-8CJB278QW3'); <\/script><a href=\"https:\/\/agora.xtec.cat\/iesguillembergueda\/estudis\/bat\/preinscripcio-batxillerat\/\">Informaci\u00f3 preinscripci\u00f3 i matr\u00edcula<\/a><\/p>\n<p>El Batxibac \u00e9s un programa d&#8217;excel\u00b7l\u00e8ncia que et permet obtenir la doble titulaci\u00f3 de Batxillerat en catal\u00e0 i de Baccalaur\u00e9at franc\u00e8s. La doble titulaci\u00f3 otorga als estudiants el certificat B2 del Marc Europeu de Refer\u00e8ncia de les Lleng\u00fces i d\u00f3na acc\u00e9s directe a la universitats espanyoles i franceses.<\/p>\n<p>Clica a sobre la seg\u00fcent imatge per obtenir m\u00e9s informaci\u00f3<a href=\"https:\/\/drive.google.com\/file\/d\/1i9WL6XPECAgnmXh0aYBwoFRsHoShgeeN\/view?usp=sharing\" rel=\"attachment wp-att-8198\"><img loading=\"lazy\" decoding=\"async\" class=\"aligncenter size-full wp-image-8198\" src=\"https:\/\/agora.xtec.cat\/iesguillembergueda\/wp-content\/uploads\/usu1118\/2025\/02\/batxibac_ptt.jpg\" alt=\"\" width=\"1031\" height=\"542\" srcset=\"https:\/\/agora.xtec.cat\/iesguillembergueda\/wp-content\/uploads\/usu1118\/2025\/02\/batxibac_ptt.jpg 1031w, https:\/\/agora.xtec.cat\/iesguillembergueda\/wp-content\/uploads\/usu1118\/2025\/02\/batxibac_ptt-300x158.jpg 300w, https:\/\/agora.xtec.cat\/iesguillembergueda\/wp-content\/uploads\/usu1118\/2025\/02\/batxibac_ptt-1024x538.jpg 1024w, https:\/\/agora.xtec.cat\/iesguillembergueda\/wp-content\/uploads\/usu1118\/2025\/02\/batxibac_ptt-768x404.jpg 768w\" sizes=\"auto, (max-width: 1031px) 100vw, 1031px\" \/><\/a><\/p>\n<p><a href=\"https:\/\/drive.google.com\/file\/d\/1IO9ZuRv38e7h7mOJko478cUX4VWi-oAC\/view?usp=drive_link\">Itinerari amb llengua francesa<\/a><\/p>\n<p><a href=\"https:\/\/xtec.gencat.cat\/ca\/curriculum\/batxillerat\/baccalaureat\/\">Curr\u00edculum Batxibac (GENCAT)<\/a><\/p>\n<p>Podeu consultar l&#8217;activitat del Batxibac al Guillem de Bergued\u00e0 en aquest l&#8217;<a href=\"https:\/\/agora.xtec.cat\/iesguillembergueda\/categoria\/batxibac\/\">enlla\u00e7.<\/a><\/p>\n","protected":false},"excerpt":{"rendered":"<p>Informaci\u00f3 preinscripci\u00f3 i matr\u00edcula El Batxibac \u00e9s un programa d&#8217;excel\u00b7l\u00e8ncia que et permet obtenir la doble titulaci\u00f3 de Batxillerat en catal\u00e0 i de Baccalaur\u00e9at franc\u00e8s. La doble titulaci\u00f3 otorga als estudiants el certificat B2 del Marc Europeu de Refer\u00e8ncia de les Lleng\u00fces i d\u00f3na acc\u00e9s directe a la universitats espanyoles i franceses. Clica a sobre [&hellip;]<\/p>\n","protected":false},"author":1,"featured_media":0,"parent":558,"menu_order":0,"comment_status":"closed","ping_status":"closed","template":"","meta":{"_bbp_topic_count":0,"_bbp_reply_count":0,"_bbp_total_topic_count":0,"_bbp_total_reply_count":0,"_bbp_voice_count":0,"_bbp_anonymous_reply_count":0,"_bbp_topic_count_hidden":0,"_bbp_reply_count_hidden":0,"_bbp_forum_subforum_count":0,"site-sidebar-layout":"default","site-content-layout":"","ast-site-content-layout":"default","site-content-style":"default","site-sidebar-style":"default","ast-global-header-display":"","ast-banner-title-visibility":"","ast-main-header-display":"","ast-hfb-above-header-display":"","ast-hfb-below-header-display":"","ast-hfb-mobile-header-display":"","site-post-title":"","ast-breadcrumbs-content":"","ast-featured-img":"","footer-sml-layout":"","theme-transparent-header-meta":"","adv-header-id-meta":"","stick-header-meta":"","header-above-stick-meta":"","header-main-stick-meta":"","header-below-stick-meta":"","astra-migrate-meta-layouts":"set","ast-page-background-enabled":"default","ast-page-background-meta":{"desktop":{"background-color":"var(--ast-global-color-4)","background-image":"","background-repeat":"repeat","background-position":"center center","background-size":"auto","background-attachment":"scroll","background-type":"","background-media":"","overlay-type":"","overlay-color":"","overlay-opacity":"","overlay-gradient":""},"tablet":{"background-color":"","background-image":"","background-repeat":"repeat","background-position":"center center","background-size":"auto","background-attachment":"scroll","background-type":"","background-media":"","overlay-type":"","overlay-color":"","overlay-opacity":"","overlay-gradient":""},"mobile":{"background-color":"","background-image":"","background-repeat":"repeat","background-position":"center center","background-size":"auto","background-attachment":"scroll","background-type":"","background-media":"","overlay-type":"","overlay-color":"","overlay-opacity":"","overlay-gradient":""}},"ast-content-background-meta":{"desktop":{"background-color":"var(--ast-global-color-5)","background-image":"","background-repeat":"repeat","background-position":"center center","background-size":"auto","background-attachment":"scroll","background-type":"","background-media":"","overlay-type":"","overlay-color":"","overlay-opacity":"","overlay-gradient":""},"tablet":{"background-color":"var(--ast-global-color-5)","background-image":"","background-repeat":"repeat","background-position":"center center","background-size":"auto","background-attachment":"scroll","background-type":"","background-media":"","overlay-type":"","overlay-color":"","overlay-opacity":"","overlay-gradient":""},"mobile":{"background-color":"var(--ast-global-color-5)","background-image":"","background-repeat":"repeat","background-position":"center center","background-size":"auto","background-attachment":"scroll","background-type":"","background-media":"","overlay-type":"","overlay-color":"","overlay-opacity":"","overlay-gradient":""}},"footnotes":""},"class_list":["post-7320","page","type-page","status-publish","hentry"],"post_mailing_queue_ids":[],"_links":{"self":[{"href":"https:\/\/agora.xtec.cat\/iesguillembergueda\/wp-json\/wp\/v2\/pages\/7320","targetHints":{"allow":["GET"]}}],"collection":[{"href":"https:\/\/agora.xtec.cat\/iesguillembergueda\/wp-json\/wp\/v2\/pages"}],"about":[{"href":"https:\/\/agora.xtec.cat\/iesguillembergueda\/wp-json\/wp\/v2\/types\/page"}],"author":[{"embeddable":true,"href":"https:\/\/agora.xtec.cat\/iesguillembergueda\/wp-json\/wp\/v2\/users\/1"}],"replies":[{"embeddable":true,"href":"https:\/\/agora.xtec.cat\/iesguillembergueda\/wp-json\/wp\/v2\/comments?post=7320"}],"version-history":[{"count":5,"href":"https:\/\/agora.xtec.cat\/iesguillembergueda\/wp-json\/wp\/v2\/pages\/7320\/revisions"}],"predecessor-version":[{"id":9341,"href":"https:\/\/agora.xtec.cat\/iesguillembergueda\/wp-json\/wp\/v2\/pages\/7320\/revisions\/9341"}],"up":[{"embeddable":true,"href":"https:\/\/agora.xtec.cat\/iesguillembergueda\/wp-json\/wp\/v2\/pages\/558"}],"wp:attachment":[{"href":"https:\/\/agora.xtec.cat\/iesguillembergueda\/wp-json\/wp\/v2\/media?parent=7320"}],"curies":[{"name":"wp","href":"https:\/\/api.w.org\/{rel}","templated":true}]}}