{"id":5017,"date":"2020-05-25T20:27:20","date_gmt":"2020-05-25T18:27:20","guid":{"rendered":"http:\/\/agora.xtec.cat\/iesguillembergueda\/?page_id=5017"},"modified":"2026-02-09T22:59:55","modified_gmt":"2026-02-09T21:59:55","slug":"preinscripcio-ptt-berga-auxiliar-en-vendesoficina-i-atencio-al-public","status":"publish","type":"page","link":"https:\/\/agora.xtec.cat\/iesguillembergueda\/secretaria\/preinscripcio-i-matricula\/preinscripcio-ptt-berga-auxiliar-en-vendesoficina-i-atencio-al-public\/","title":{"rendered":"Preinscripci\u00f3 PTT Berga (Auxiliar en centres sanitaris)"},"content":{"rendered":"<h3><span style=\"font-size: 1.6875em;\">CURS 2026-2027<\/span><\/h3>\n<h5><strong>INFORMES IMPORTANTS<\/strong><\/h5>\n<p>La preinscripci\u00f3 escolar als programes de formaci\u00f3 i inserci\u00f3.<\/p>\n<h5><b>CALENDARI\u00a0<\/b><\/h5>\n<p>&nbsp;<\/p>\n<p><b>Presentar la sol\u00b7licitud de preinscripci\u00f3, modificar-a i fer-ne el seguiment<\/b><\/p>\n<p><a href=\"https:\/\/educacio.gencat.cat\/ca\/tramits\/tramits-temes\/preinscripcio-pfi\"><span style=\"font-weight: 400;\">Preinscripci\u00f3 als programes de formaci\u00f3 i inserci\u00f3. Departament d&#8217;Educaci\u00f3 i Formaci\u00f3 Professional<\/span><\/a><\/p>\n<p><b>CONSULTA PLA\u00c7A ASSIGNADA<\/b><\/p>\n<p><a href=\"https:\/\/preinscripcio.gencat.cat\/ca\/estudis\/pfi\/preinscriute\/consulta\/\"><span style=\"font-weight: 400;\">https:\/\/preinscripcio.gencat.cat\/ca\/estudis\/pfi\/preinscriute\/consulta\/<\/span><\/a><\/p>\n<p><span style=\"font-family: inherit; font-size: 1em; font-weight: normal;\">Per a la informaci\u00f3 completa de les dates clau de preinscripci\u00f3 i matr\u00edcula, consulteu la <\/span><a style=\"font-family: inherit; font-size: 1em; font-weight: normal;\" href=\"https:\/\/preinscripcio.gencat.cat\/ca\/estudis\/pfi\/inici\/index.html\" target=\"_blank\" rel=\"noopener\" data-saferedirecturl=\"https:\/\/www.google.com\/url?q=https:\/\/preinscripcio.gencat.cat\/ca\/estudis\/pfi\/inici\/index.html&amp;source=gmail&amp;ust=1745047558994000&amp;usg=AOvVaw1wbP9m80mzPNV0eGoQH7Wm\">web<\/a><span style=\"font-family: inherit; font-size: 1em; font-weight: normal;\"> oficial de la Generalitat de Catalunya.<\/span><\/p>\n","protected":false},"excerpt":{"rendered":"<p>CURS 2026-2027 INFORMES IMPORTANTS La preinscripci\u00f3 escolar als programes de formaci\u00f3 i inserci\u00f3. CALENDARI\u00a0 &nbsp; Presentar la sol\u00b7licitud de preinscripci\u00f3, modificar-a i fer-ne el seguiment Preinscripci\u00f3 als programes de formaci\u00f3 i inserci\u00f3. Departament d&#8217;Educaci\u00f3 i Formaci\u00f3 Professional CONSULTA PLA\u00c7A ASSIGNADA https:\/\/preinscripcio.gencat.cat\/ca\/estudis\/pfi\/preinscriute\/consulta\/ Per a la informaci\u00f3 completa de les dates clau de preinscripci\u00f3 i matr\u00edcula, consulteu [&hellip;]<\/p>\n","protected":false},"author":1,"featured_media":0,"parent":443,"menu_order":60,"comment_status":"closed","ping_status":"closed","template":"","meta":{"_bbp_topic_count":0,"_bbp_reply_count":0,"_bbp_total_topic_count":0,"_bbp_total_reply_count":0,"_bbp_voice_count":0,"_bbp_anonymous_reply_count":0,"_bbp_topic_count_hidden":0,"_bbp_reply_count_hidden":0,"_bbp_forum_subforum_count":0,"site-sidebar-layout":"default","site-content-layout":"","ast-site-content-layout":"","site-content-style":"default","site-sidebar-style":"default","ast-global-header-display":"","ast-banner-title-visibility":"","ast-main-header-display":"","ast-hfb-above-header-display":"","ast-hfb-below-header-display":"","ast-hfb-mobile-header-display":"","site-post-title":"","ast-breadcrumbs-content":"","ast-featured-img":"","footer-sml-layout":"","theme-transparent-header-meta":"","adv-header-id-meta":"","stick-header-meta":"","header-above-stick-meta":"","header-main-stick-meta":"","header-below-stick-meta":"","astra-migrate-meta-layouts":"default","ast-page-background-enabled":"default","ast-page-background-meta":{"desktop":{"background-color":"var(--ast-global-color-4)","background-image":"","background-repeat":"repeat","background-position":"center center","background-size":"auto","background-attachment":"scroll","background-type":"","background-media":"","overlay-type":"","overlay-color":"","overlay-opacity":"","overlay-gradient":""},"tablet":{"background-color":"","background-image":"","background-repeat":"repeat","background-position":"center center","background-size":"auto","background-attachment":"scroll","background-type":"","background-media":"","overlay-type":"","overlay-color":"","overlay-opacity":"","overlay-gradient":""},"mobile":{"background-color":"","background-image":"","background-repeat":"repeat","background-position":"center center","background-size":"auto","background-attachment":"scroll","background-type":"","background-media":"","overlay-type":"","overlay-color":"","overlay-opacity":"","overlay-gradient":""}},"ast-content-background-meta":{"desktop":{"background-color":"var(--ast-global-color-5)","background-image":"","background-repeat":"repeat","background-position":"center center","background-size":"auto","background-attachment":"scroll","background-type":"","background-media":"","overlay-type":"","overlay-color":"","overlay-opacity":"","overlay-gradient":""},"tablet":{"background-color":"var(--ast-global-color-5)","background-image":"","background-repeat":"repeat","background-position":"center center","background-size":"auto","background-attachment":"scroll","background-type":"","background-media":"","overlay-type":"","overlay-color":"","overlay-opacity":"","overlay-gradient":""},"mobile":{"background-color":"var(--ast-global-color-5)","background-image":"","background-repeat":"repeat","background-position":"center center","background-size":"auto","background-attachment":"scroll","background-type":"","background-media":"","overlay-type":"","overlay-color":"","overlay-opacity":"","overlay-gradient":""}},"footnotes":""},"class_list":["post-5017","page","type-page","status-publish","hentry"],"post_mailing_queue_ids":[],"_links":{"self":[{"href":"https:\/\/agora.xtec.cat\/iesguillembergueda\/wp-json\/wp\/v2\/pages\/5017","targetHints":{"allow":["GET"]}}],"collection":[{"href":"https:\/\/agora.xtec.cat\/iesguillembergueda\/wp-json\/wp\/v2\/pages"}],"about":[{"href":"https:\/\/agora.xtec.cat\/iesguillembergueda\/wp-json\/wp\/v2\/types\/page"}],"author":[{"embeddable":true,"href":"https:\/\/agora.xtec.cat\/iesguillembergueda\/wp-json\/wp\/v2\/users\/1"}],"replies":[{"embeddable":true,"href":"https:\/\/agora.xtec.cat\/iesguillembergueda\/wp-json\/wp\/v2\/comments?post=5017"}],"version-history":[{"count":7,"href":"https:\/\/agora.xtec.cat\/iesguillembergueda\/wp-json\/wp\/v2\/pages\/5017\/revisions"}],"predecessor-version":[{"id":9127,"href":"https:\/\/agora.xtec.cat\/iesguillembergueda\/wp-json\/wp\/v2\/pages\/5017\/revisions\/9127"}],"up":[{"embeddable":true,"href":"https:\/\/agora.xtec.cat\/iesguillembergueda\/wp-json\/wp\/v2\/pages\/443"}],"wp:attachment":[{"href":"https:\/\/agora.xtec.cat\/iesguillembergueda\/wp-json\/wp\/v2\/media?parent=5017"}],"curies":[{"name":"wp","href":"https:\/\/api.w.org\/{rel}","templated":true}]}}