{"id":27,"date":"2014-09-17T16:24:03","date_gmt":"2014-09-17T16:24:03","guid":{"rendered":"http:\/\/agora.xtec.cat\/iesguillembergueda\/?page_id=27"},"modified":"2023-08-19T18:55:49","modified_gmt":"2023-08-19T16:55:49","slug":"historia","status":"publish","type":"page","link":"https:\/\/agora.xtec.cat\/iesguillembergueda\/linstitut\/historia\/","title":{"rendered":"Hist\u00f2ria"},"content":{"rendered":"<p><!-- Google tag (gtag.js) --> <script async src=\"https:\/\/www.googletagmanager.com\/gtag\/js?id=G-8CJB278QW3\"><\/script> <script> window.dataLayer = window.dataLayer || []; function gtag(){dataLayer.push(arguments);} gtag('js', new Date()); gtag('config', 'G-8CJB278QW3'); <\/script><!-- Google Tag Manager (noscript) --><noscript><iframe src=\"https:\/\/www.googletagmanager.com\/ns.html?id=GTM-NH8MVLN\"height=\"0\" width=\"0\" style=\"display:none;visibility:hidden\"><\/iframe><\/noscript><!-- End Google Tag Manager (noscript) --><\/p>\n<p style=\"text-align: justify;\">El nostre institut va n\u00e9ixer administrativament el curs 1975-76, amb el dictador Franco encara viu, malgrat que les primeres classes no es van impartir fins el gener del 76 a l\u2019escola Santa Eul\u00e0lia perqu\u00e8 l\u2019edifici encara no s\u2019havia acabat. \u00c9rem pocs, nom\u00e9s amb alumnes de COU i 1r de BUP, en un temps en qu\u00e8 hi havia encara molt pocs instituts: per als joves de les comarques del Bergued\u00e0, Solson\u00e8s i Bages hi havia nom\u00e9s l\u2019institut de Manresa.<\/p>\n<p style=\"text-align: justify;\">L\u2019institut de Berga s\u2019havia de dir INB Almirante Carrero Blanco, per\u00f2 s\u2019aconsegu\u00ed d\u2019evitar-ho deixant-lo sense nom els primers cursos fins que es va triar, el curs 78-79, per votaci\u00f3, el nom actual. En aquells temps tot era molt provisional: per exemple, la Secretaria del centre treballava primer a l\u2019Ajuntament i despr\u00e9s a on \u00e9s ara el Casal d\u2019avis, a la pla\u00e7a de St. Joan.<\/p>\n<p style=\"text-align: justify;\">L\u2019octubre de l\u2019any 76 es va comen\u00e7ar el segon curs, ja a l\u2019edifici nou, encara que una altra vegada amb condicions francament prec\u00e0ries. No hi havia envans ni parets on col\u00b7locar les pissarres, cadasc\u00fa s\u2019apropiava, com podia, del que havia de ser el seu seminari\u2026 per\u00f2, tot s\u2019ha de dir, l\u2019ambient era excel\u00b7lent entre professors i alumnes. Durant aquest any i el seg\u00fcents l\u2019institut va reflectir l\u2019efervesc\u00e8ncia pol\u00edtica que es vivia al pa\u00eds amb vagues reivindicatives que van acabar afectant tamb\u00e9 les relacions entre professors.<\/p>\n<p style=\"text-align: justify;\">L\u2019any 1983 l\u2019institut es va ampliar per primera vegada amb la construcci\u00f3 d\u2019una nova escala i els laboratoris de qu\u00edmica i ci\u00e8ncies naturals. L\u2019any 1984 l\u2019espai i el paisatge de l\u2019institut es van modificar sensiblement amb la construcci\u00f3 de la variant, la qual cosa va suposar la p\u00e8rdua d\u2019una zona que hauria esdevingut, en el futur, un bosc de pins.<\/p>\n<p style=\"text-align: justify;\">Anys m\u00e9s tard, amb la implantaci\u00f3 de la LOGSE, es van anar creant els instituts de Gironella, Bag\u00e0 i Puig-Reig, per\u00f2 el fet d\u2019acollir alumnes de dels 12 anys va fer insuficient l\u2019espai i imprescindible una nova ampliaci\u00f3 per al nostre institut. Aquests nous espais es van fer realitat el curs 2000-01 coincidint amb la celebraci\u00f3 del 25\u00e8 aniversari.<\/p>\n<p style=\"text-align: justify;\">Queden enrere els anys 70 del seu inici , deixant el BUP i el COU i l\u2019INBAD, passant per les diferents reformes d\u2019 ESO i BAT i incorporant cicles formatius de grau mitj\u00e0 i tamb\u00e9 de grau superior.<\/p>\n<p style=\"text-align: justify;\">Ha anat canviant el centre adaptant-se, amollant-se a la seva demanda social, amb mobilitat entre alumnat, formes digitals de les aules, nous processos d\u2019aprenentatge i sempre mirant la fita de l\u2019excel\u00b7l\u00e8ncia.<\/p>\n<p style=\"text-align: justify;\">Es va iniciar la tasca educativa amb 12 professors i 88 alumnes. Enguany comptem amb m\u00e9s de 60 professors i es superen els 600 alumnes.<br \/>\nL\u2019Institut Guillem de Bergued\u00e0 el constitueix tota la comunitat educativa, formada per alumnes de m\u00e9s de 12 anys procedents de Berga o altres pobles adscrits (Vilada, Borred\u00e0, Avi\u00e0, Montmajor, Cercs, La Nou, L\u2019Espunyola, Montclar\u2026), professors (la majoria arrelatsal Bergued\u00e0), personal d&#8217;administraci\u00f3 i serveis, i tamb\u00e9 l\u2019Associaci\u00f3 de Fam\u00edlies. Tots junts contribueixen a fer que el centre avanci i doni de s\u00ed, la tasca que t\u00e9 encomanada. trobar-se b\u00e9 i aprendre dia a dia amb totes les garanties per ser ciutadans competents.<\/p>\n<p style=\"text-align: justify;\">Des de l\u2019any 2005 estem compartint els nostres espais amb l\u2019EOI del Bergued\u00e0 i posteriorment amb l\u2019Escola de formaci\u00f3 d\u2019Adults. Tots plegats fa que coordinem les accions i donem un bon servei als berguedans en unes aules que respiren de nit i que es preparen per inspirar durant el dia.<br \/>\nEl centre va creixent i el curs 2020-21 s\u2019incorpora el PTT d\u2019 Auxiliar de vendes, oficina i atenci\u00f3 al p\u00fablica. Aquest curs \u00e9s un Pla de Transici\u00f3 al Treball \u00e9s una modalitat del programa de formaci\u00f3 i inserci\u00f3 (PFI).<\/p>\n<p style=\"text-align: justify;\">El curs 2022-23 hi ha una nova oferta educativa a l\u2019institut, es crea un cicle formatiu superior d\u2019integraci\u00f3 social i els itineraris de formatius espec\u00edfics (IFE). Els itineraris formatius espec\u00edfics (IFE) s\u00f3n ensenyaments professionals que s&#8217;adrecen a alumnes amb necessitats educatives especials associades a una discapacitat intel\u00b7lectual lleu o moderada, amb l&#8217;objectiu que l\u2019alumnat assoleixi les compet\u00e8ncies professionals que els facilitin la transici\u00f3 a la vida adulta i la inclusi\u00f3 social i laboral.<\/p>\n<p style=\"text-align: justify;\">Continuem amb les mateixes il\u00b7lusions i ens agrada compartir que tothom hi \u00e9s benvingut i ben trobat a l\u2019Institut Guillem de Bergued\u00e0.<\/p>\n","protected":false},"excerpt":{"rendered":"<p>El nostre institut va n\u00e9ixer administrativament el curs 1975-76, amb el dictador Franco encara viu, malgrat que les primeres classes no es van impartir fins el gener del 76 a l\u2019escola Santa Eul\u00e0lia perqu\u00e8 l\u2019edifici encara no s\u2019havia acabat. \u00c9rem pocs, nom\u00e9s amb alumnes de COU i 1r de BUP, en un temps en qu\u00e8 [&hellip;]<\/p>\n","protected":false},"author":1,"featured_media":0,"parent":19,"menu_order":20,"comment_status":"closed","ping_status":"closed","template":"page-templates\/side-menu.php","meta":{"_bbp_topic_count":0,"_bbp_reply_count":0,"_bbp_total_topic_count":0,"_bbp_total_reply_count":0,"_bbp_voice_count":0,"_bbp_anonymous_reply_count":0,"_bbp_topic_count_hidden":0,"_bbp_reply_count_hidden":0,"_bbp_forum_subforum_count":0,"site-sidebar-layout":"default","site-content-layout":"","ast-site-content-layout":"","site-content-style":"default","site-sidebar-style":"default","ast-global-header-display":"","ast-banner-title-visibility":"","ast-main-header-display":"","ast-hfb-above-header-display":"","ast-hfb-below-header-display":"","ast-hfb-mobile-header-display":"","site-post-title":"","ast-breadcrumbs-content":"","ast-featured-img":"","footer-sml-layout":"","theme-transparent-header-meta":"","adv-header-id-meta":"","stick-header-meta":"","header-above-stick-meta":"","header-main-stick-meta":"","header-below-stick-meta":"","astra-migrate-meta-layouts":"default","ast-page-background-enabled":"default","ast-page-background-meta":{"desktop":{"background-color":"var(--ast-global-color-4)","background-image":"","background-repeat":"repeat","background-position":"center center","background-size":"auto","background-attachment":"scroll","background-type":"","background-media":"","overlay-type":"","overlay-color":"","overlay-opacity":"","overlay-gradient":""},"tablet":{"background-color":"","background-image":"","background-repeat":"repeat","background-position":"center center","background-size":"auto","background-attachment":"scroll","background-type":"","background-media":"","overlay-type":"","overlay-color":"","overlay-opacity":"","overlay-gradient":""},"mobile":{"background-color":"","background-image":"","background-repeat":"repeat","background-position":"center center","background-size":"auto","background-attachment":"scroll","background-type":"","background-media":"","overlay-type":"","overlay-color":"","overlay-opacity":"","overlay-gradient":""}},"ast-content-background-meta":{"desktop":{"background-color":"var(--ast-global-color-5)","background-image":"","background-repeat":"repeat","background-position":"center center","background-size":"auto","background-attachment":"scroll","background-type":"","background-media":"","overlay-type":"","overlay-color":"","overlay-opacity":"","overlay-gradient":""},"tablet":{"background-color":"var(--ast-global-color-5)","background-image":"","background-repeat":"repeat","background-position":"center center","background-size":"auto","background-attachment":"scroll","background-type":"","background-media":"","overlay-type":"","overlay-color":"","overlay-opacity":"","overlay-gradient":""},"mobile":{"background-color":"var(--ast-global-color-5)","background-image":"","background-repeat":"repeat","background-position":"center center","background-size":"auto","background-attachment":"scroll","background-type":"","background-media":"","overlay-type":"","overlay-color":"","overlay-opacity":"","overlay-gradient":""}},"footnotes":""},"class_list":["post-27","page","type-page","status-publish","hentry"],"post_mailing_queue_ids":[],"_links":{"self":[{"href":"https:\/\/agora.xtec.cat\/iesguillembergueda\/wp-json\/wp\/v2\/pages\/27","targetHints":{"allow":["GET"]}}],"collection":[{"href":"https:\/\/agora.xtec.cat\/iesguillembergueda\/wp-json\/wp\/v2\/pages"}],"about":[{"href":"https:\/\/agora.xtec.cat\/iesguillembergueda\/wp-json\/wp\/v2\/types\/page"}],"author":[{"embeddable":true,"href":"https:\/\/agora.xtec.cat\/iesguillembergueda\/wp-json\/wp\/v2\/users\/1"}],"replies":[{"embeddable":true,"href":"https:\/\/agora.xtec.cat\/iesguillembergueda\/wp-json\/wp\/v2\/comments?post=27"}],"version-history":[{"count":4,"href":"https:\/\/agora.xtec.cat\/iesguillembergueda\/wp-json\/wp\/v2\/pages\/27\/revisions"}],"predecessor-version":[{"id":7066,"href":"https:\/\/agora.xtec.cat\/iesguillembergueda\/wp-json\/wp\/v2\/pages\/27\/revisions\/7066"}],"up":[{"embeddable":true,"href":"https:\/\/agora.xtec.cat\/iesguillembergueda\/wp-json\/wp\/v2\/pages\/19"}],"wp:attachment":[{"href":"https:\/\/agora.xtec.cat\/iesguillembergueda\/wp-json\/wp\/v2\/media?parent=27"}],"curies":[{"name":"wp","href":"https:\/\/api.w.org\/{rel}","templated":true}]}}