{"id":686,"date":"2018-01-12T11:27:56","date_gmt":"2018-01-12T10:27:56","guid":{"rendered":"http:\/\/agora.xtec.cat\/iesgoya\/?page_id=686"},"modified":"2023-11-23T13:03:09","modified_gmt":"2023-11-23T12:03:09","slug":"enllacos-i-recursos-per-a-les-families","status":"publish","type":"page","link":"https:\/\/agora.xtec.cat\/iesgoya\/projecte-educatiu\/enllacos-i-recursos-per-a-les-families\/","title":{"rendered":"Enlla\u00e7os i recursos per a les fam\u00edlies"},"content":{"rendered":"<p><a href=\"https:\/\/www.youtube.com\/watch?v=I2r6Gy-uT8s&amp;t=321s&amp;pp=2AHBApACAQ%3D%3D\">\u201c<strong>Los ni\u00f1os deben aprender a frustrarse<\/strong>\u201d<\/a>. Mar\u00eda Velasco, especialista en psiquiatria infantil i adolescent, treballa a l&#8217;Hospital Universitario Ram\u00f3n y Cajal, \u00e9s docent de MIR y PIR y psicoterapeuta privada especialitzada en nens, adolescents i fam\u00edlies. El 2023 ha publicat \u2018<strong><em>Criar con salud mental. Lo que tus hijos necesitan y solo t\u00fa les puedes dar<\/em><\/strong>\u00b4(Editorial Paid\u00f3s).<\/p>\n<p><a href=\"https:\/\/smoda.elpais.com\/moda\/solos-redes-adiccion-digital\/amp\/?id_externo_rsoc=TW_CM&amp;__twitter_impression=true\">&#8220;<strong>Els infants aprenen per imitaci\u00f3. No poden veure&#8217;ns tota l&#8217;estona amb el m\u00f2bil<\/strong>.&#8221;<\/a> Sherry Turkle, gur\u00fa \u2018tech\u2019 del MIT, d\u00f3na la veu d&#8217;alerta davant l&#8217;addicci\u00f3 digital i demana que s&#8217;estimuli l&#8217;esperit cr\u00edtic amb les tecnologies de la informaci\u00f3 i la comunicaci\u00f3.<\/p>\n<p><a href=\"http:\/\/familiaiescola.gencat.cat\/ca\/\"><strong>Fam\u00edlia i escola. Generalitat de Catalunya<\/strong>.<\/a> En aquesta p\u00e0gina trobareu enlla\u00e7os, activitats i suggeriments diversos sobre la fam\u00edlia i l&#8217;educaci\u00f3.<\/p>\n<p>&nbsp;<\/p>\n","protected":false},"excerpt":{"rendered":"<p><a href=\"https:\/\/www.youtube.com\/watch?v=I2r6Gy-uT8s&amp;t=321s&amp;pp=2AHBApACAQ%3D%3D\">\u201cLos ni\u00f1os deben aprender a frustrarse\u201d<\/a>. Mar\u00eda Velasco, especialista en psiquiatria infantil i adolescent, treballa a l&#8217;Hospital Universitario Ram\u00f3n y Cajal, \u00e9s docent de MIR y PIR y psicoterapeuta privada especialitzada en nens, adolescents i fam\u00edlies. El 2023 ha publicat \u2018Criar con salud mental.&hellip;  <a href=\"https:\/\/agora.xtec.cat\/iesgoya\/projecte-educatiu\/enllacos-i-recursos-per-a-les-families\/\" title=\"Read Enlla\u00e7os i recursos per a les fam\u00edlies\">Llegeix m\u00e9s\u00bb<\/a><\/p>\n","protected":false},"author":3,"featured_media":0,"parent":57,"menu_order":0,"comment_status":"closed","ping_status":"closed","template":"page-templates\/side-menu.php","meta":{"_bbp_topic_count":0,"_bbp_reply_count":0,"_bbp_total_topic_count":0,"_bbp_total_reply_count":0,"_bbp_voice_count":0,"_bbp_anonymous_reply_count":0,"_bbp_topic_count_hidden":0,"_bbp_reply_count_hidden":0,"_bbp_forum_subforum_count":0,"footnotes":""},"class_list":["post-686","page","type-page","status-publish","hentry"],"post_mailing_queue_ids":[],"_links":{"self":[{"href":"https:\/\/agora.xtec.cat\/iesgoya\/wp-json\/wp\/v2\/pages\/686","targetHints":{"allow":["GET"]}}],"collection":[{"href":"https:\/\/agora.xtec.cat\/iesgoya\/wp-json\/wp\/v2\/pages"}],"about":[{"href":"https:\/\/agora.xtec.cat\/iesgoya\/wp-json\/wp\/v2\/types\/page"}],"author":[{"embeddable":true,"href":"https:\/\/agora.xtec.cat\/iesgoya\/wp-json\/wp\/v2\/users\/3"}],"replies":[{"embeddable":true,"href":"https:\/\/agora.xtec.cat\/iesgoya\/wp-json\/wp\/v2\/comments?post=686"}],"version-history":[{"count":6,"href":"https:\/\/agora.xtec.cat\/iesgoya\/wp-json\/wp\/v2\/pages\/686\/revisions"}],"predecessor-version":[{"id":6522,"href":"https:\/\/agora.xtec.cat\/iesgoya\/wp-json\/wp\/v2\/pages\/686\/revisions\/6522"}],"up":[{"embeddable":true,"href":"https:\/\/agora.xtec.cat\/iesgoya\/wp-json\/wp\/v2\/pages\/57"}],"wp:attachment":[{"href":"https:\/\/agora.xtec.cat\/iesgoya\/wp-json\/wp\/v2\/media?parent=686"}],"curies":[{"name":"wp","href":"https:\/\/api.w.org\/{rel}","templated":true}]}}