{"id":627,"date":"2018-01-11T20:34:00","date_gmt":"2018-01-11T19:34:00","guid":{"rendered":"http:\/\/agora.xtec.cat\/iesgoya\/?page_id=627"},"modified":"2024-08-07T12:39:50","modified_gmt":"2024-08-07T10:39:50","slug":"ordinadors","status":"publish","type":"page","link":"https:\/\/agora.xtec.cat\/iesgoya\/projecte-educatiu\/ordinadors\/","title":{"rendered":"Normativa sobre ordinadors"},"content":{"rendered":"<p><b><span style=\"font-family: arial, sans-serif; font-size: medium;\"><a href=\"https:\/\/agora.xtec.cat\/iesgoya\/wp-content\/uploads\/usu1752\/2024\/08\/NOFC-2023-09-28-extracte-ordinadors.pdf\">EN AQUEST ENLLA\u00c7<\/a> trobareu la NORMATIVA que regula els ORDINADORS.<\/span><\/b><\/p>\n<p><span style=\"color: #ff0000;\"><strong>GSUITE: INFORMACI\u00d3 DE GOOGLE SOBRE TRACTAMENT I \u00daS DE DADES<\/strong><\/span><\/p>\n<p><strong>Aviso de G Suite para Centros Educativos para padres y tutores<\/strong><br \/>\nEn este aviso se describe la informaci\u00f3n personal que proporcionamos a Google para estas cuentas y c\u00f3mo Google recoge, utiliza y divulga la informaci\u00f3n personal de los alumnos en lo que respecta a estas cuentas.<\/p>\n<p>Con sus cuentas de G Suite para Centros Educativos, los alumnos pueden acceder a los siguientes &#8220;servicios principales&#8221; que ofrece Google y utilizarlos (se describen en https:\/\/gsuite.google.com\/terms\/user_features.html):<\/p>\n<p>Gmail (incluido Inbox by Gmail)<br \/>\nCalendar<br \/>\nClassroom<br \/>\nContactos<br \/>\nDrive<br \/>\nDocumentos<br \/>\nFormularios<br \/>\nGrupos<br \/>\nKeep<br \/>\nHojas de c\u00e1lculo<br \/>\nSitios web<br \/>\nPresentaciones<br \/>\nTalk\/Hangouts<br \/>\nVault<\/p>\n<p>Google proporciona informaci\u00f3n sobre los datos que recoge, as\u00ed como la forma en que utiliza y divulga estos datos de las cuentas de G Suite para Centros Educativos en su Aviso de Privacidad de G Suite para Centros Educativos, que podr\u00e1s leer online en https:\/\/gsuite.google.com\/terms\/education_privacy.html. Aunque te recomendamos que leas toda la informaci\u00f3n que ah\u00ed se facilita, incluimos a continuaci\u00f3n las respuestas a algunas preguntas frecuentes:<\/p>\n<p><strong>\u00bfQu\u00e9 informaci\u00f3n personal recoge Google?<\/strong><br \/>\nAl crear una cuenta de alumno, el centro educativo puede proporcionar a Google determinada informaci\u00f3n personal sobre el alumno (p. ej., el nombre, la direcci\u00f3n de correo electr\u00f3nico y la contrase\u00f1a). Google tambi\u00e9n puede recabar informaci\u00f3n personal directamente de los alumnos, como el n\u00famero de tel\u00e9fono para recuperar la cuenta o una foto de perfil que se a\u00f1ada a la cuenta de G Suite para el Centro Educativo.<\/p>\n<p>Cuando un alumno use los servicios de Google, tambi\u00e9n recabar\u00e1 la informaci\u00f3n basada en el uso de esos servicios. Algunas de sus responsabilidades son:<\/p>\n<p>Informaci\u00f3n del dispositivo como, por ejemplo, el modelo de hardware, la versi\u00f3n del sistema operativo, los identificadores exclusivos del dispositivo y la informaci\u00f3n de la red m\u00f3vil, incluido el n\u00famero de tel\u00e9fono<br \/>\nInformaci\u00f3n del registro, incluidos los detalles de c\u00f3mo ha utilizado el usuario los servicios de Google, los datos de los eventos del dispositivo y la direcci\u00f3n del protocolo de Internet del usuario (IP)<br \/>\nInformaci\u00f3n de la ubicaci\u00f3n, seg\u00fan determinen distintas tecnolog\u00edas (p. ej., la direcci\u00f3n IP, el GPS y otros sensores)<br \/>\nN\u00fameros exclusivos de la aplicaci\u00f3n (como el n\u00famero de la versi\u00f3n de la aplicaci\u00f3n)<br \/>\nCookies o tecnolog\u00edas similares que se utilizan para recabar y almacenar informaci\u00f3n sobre un navegador o un dispositivo (p. ej., el idioma preferido y otros ajustes).<\/p>\n<p><strong>\u00bfC\u00f3mo utiliza Google esta informaci\u00f3n?<\/strong><br \/>\nEn los servicios principales de G Suite para Centros Educativos, Google utiliza la informaci\u00f3n personal para proporcionar, mantener y proteger los servicios. Google no incluye anuncios en los servicios principales ni utiliza informaci\u00f3n personal obtenida de estos servicios con fines publicitarios.<\/p>\n<p>En los servicios adicionales de Google, Google utiliza la informaci\u00f3n obtenida de los servicios adicionales para proporcionarlos, mantenerlos, protegerlos y mejorarlos, as\u00ed como para desarrollar nuevos servicios y proteger a Google y a sus usuarios. Google tambi\u00e9n puede utilizar esta informaci\u00f3n para ofrecer contenido adaptado (p. ej., resultados de b\u00fasqueda m\u00e1s relevantes). Google puede combinar informaci\u00f3n personal de un servicio con la informaci\u00f3n, tambi\u00e9n la personal, de otros servicios de Google.<\/p>\n<p><strong>\u00bfUtiliza Google la informaci\u00f3n personal de los alumnos para los usuarios de centros educativos de ense\u00f1anza primaria y secundaria con el fin de orientar la publicidad?<\/strong><br \/>\nNo, cuando los usuarios de G Suite para Centros Educativos sean alumnos de centros de ense\u00f1anza primaria o secundaria, Google no utilizar\u00e1 ninguna informaci\u00f3n personal (ni ninguna informaci\u00f3n asociada a una cuenta de G Suite para Centros Educativos) con el fin de orientar los anuncios, ya sea en los servicios principales o en otros servicios adicionales a los que se acceda al utilizar una cuenta de G Suite para Centros Educativos.<\/p>\n<p><strong>\u00bfPuede mi hijo compartir informaci\u00f3n con otros usuarios a trav\u00e9s de la cuenta de G Suite para Centros Educativos?<\/strong><br \/>\nPuede que se permita acceder a los alumnos a servicios de Google, como Documentos de Google y Sites, en los que se incluyan funciones con las que los usuarios podr\u00e1n compartir informaci\u00f3n de forma p\u00fablica o con otros usuarios. Cuando los usuarios compartan informaci\u00f3n de forma p\u00fablica, esta puede ser indexada por motores de b\u00fasqueda, incluido Google.<\/p>\n<p><strong>\u00bfDivulgar\u00e1 Google la informaci\u00f3n personal de mi hijo?<\/strong><br \/>\nGoogle no compartir\u00e1 informaci\u00f3n personal con empresas, organizaciones y particulares fuera de Google a menos que se d\u00e9 una de las circunstancias siguientes:<\/p>\n<p>Para el procesamiento externo: Google puede proporcionar informaci\u00f3n personal a los afiliados o a otras personas o empresas de confianza para que la procesen en nombre de Google, siguiendo nuestras instrucciones de Google y de conformidad con el Aviso de Privacidad de G Suite para Centros Educativos y otras medidas de seguridad y confidencialidad adecuadas.<br \/>\nPor motivos legales: Google compartir\u00e1 la informaci\u00f3n personal con empresas, organizaciones o personas ajenas a Google si cree de buena fe que acceder, utilizar, preservar o divulgar informaci\u00f3n es razonablemente necesario para:<br \/>\nCumplir cualquier requisito previsto en la legislaci\u00f3n o normativa aplicable o atender cualquier requerimiento de un \u00f3rgano administrativo o judicial.<br \/>\nCumplir lo previsto en las condiciones de servicio vigentes, incluida la investigaci\u00f3n de posibles infracciones.<br \/>\nDetectar o impedir cualquier fraude o incidencia t\u00e9cnica o de seguridad, o hacerles frente de otro modo.<br \/>\nProteger los derechos, los bienes o la seguridad de Google, de nuestros usuarios o del p\u00fablico en general en la medida exigida o permitida por la legislaci\u00f3n vigente.<br \/>\nGoogle tambi\u00e9n comparte informaci\u00f3n no personal (como las tendencias sobre el uso de sus servicios) de forma p\u00fablica y con nuestros partners.<\/p>\n<p><strong>\u00bfQu\u00e9 opciones tengo como padre, madre o tutor?<\/strong><br \/>\nEn primer lugar, puedes dar tu consentimiento para que Google recabe y utilice informaci\u00f3n de tu hijo. Si no das tu consentimiento, no crearemos una cuenta de G Suite para Centros Educativos para tu hijo, y Google no recabar\u00e1 ni utilizar\u00e1 informaci\u00f3n de este, tal y como se describe en este aviso.<\/p>\n<p>Si das tu consentimiento para que tu hijo utilice G Suite para Centros Educativos, puedes ponerte en contacto con el equipo directivo del centro, para acceder o solicitar la eliminaci\u00f3n de la cuenta de G Suite para Centros Educativos de tu hijo. Si no quieres que se siga recabando informaci\u00f3n de tu hijo, puedes solicitar que utilicemos los controles de servicio disponibles para limitar el acceso de tu hijo a las funciones o servicios, o bien eliminar por completo la cuenta de tu hijo. Tanto t\u00fa como tu hijo pod\u00e9is visitar https:\/\/myaccount.google.com mientras est\u00e1is conectados a la cuenta de G Suite para Centros Educativos para ver y gestionar la informaci\u00f3n personal y la configuraci\u00f3n de la cuenta.<\/p>\n<p><strong>\u00bfQu\u00e9 pasa si tienes m\u00e1s preguntas o te gustar\u00eda leer m\u00e1s?<\/strong><br \/>\nPara obtener m\u00e1s informaci\u00f3n sobre c\u00f3mo Google recaba, utiliza y divulga informaci\u00f3n personal para proporcionarnos servicios, consulta el Centro de Privacidad de G Suite para Centros Educativos (en https:\/\/www.google.com\/edu\/trust\/), el Aviso de Privacidad de G Suite para Centros Educativos (en https:\/\/gsuite.google.com\/terms\/education_privacy.html), y la Pol\u00edtica de Privacidad de Google (en https:\/\/www.google.com\/intl\/en\/policies\/privacy\/).<\/p>\n<p>Los servicios principales de G Suite para Centros Educativos se nos proporcionan de conformidad con el Acuerdo de G Suite para Centros Educativos (en https:\/\/www.google.com\/apps\/intl\/es\/terms\/education_terms.html) [y, si el centro o el distrito ha aceptado la Adenda sobre Tratamiento de Datos (consulta https:\/\/support.google.com\/a\/answer\/2888485?hl=es), insert: y la Adenda sobre Tratamiento de Datos (en https:\/\/www.google.com\/intl\/es\/work\/apps\/terms\/dpa_terms.html)].<\/p>\n","protected":false},"excerpt":{"rendered":"<p><a href=\"https:\/\/agora.xtec.cat\/iesgoya\/wp-content\/uploads\/usu1752\/2024\/08\/NOFC-2023-09-28-extracte-ordinadors.pdf\">EN AQUEST ENLLA\u00c7<\/a> trobareu la NORMATIVA que regula els ORDINADORS.<br \/>\nGSUITE: INFORMACI\u00d3 DE GOOGLE SOBRE TRACTAMENT I \u00daS DE DADES<br \/>\nAviso de G Suite para Centros Educativos para padres y tutores<br \/>\nEn este aviso se describe la informaci\u00f3n personal que proporcionamos a Google para estas cuentas y&hellip;  <a href=\"https:\/\/agora.xtec.cat\/iesgoya\/projecte-educatiu\/ordinadors\/\" title=\"Read Normativa sobre ordinadors\">Llegeix m\u00e9s\u00bb<\/a><\/p>\n","protected":false},"author":3,"featured_media":0,"parent":57,"menu_order":0,"comment_status":"closed","ping_status":"closed","template":"page-templates\/side-menu.php","meta":{"_bbp_topic_count":0,"_bbp_reply_count":0,"_bbp_total_topic_count":0,"_bbp_total_reply_count":0,"_bbp_voice_count":0,"_bbp_anonymous_reply_count":0,"_bbp_topic_count_hidden":0,"_bbp_reply_count_hidden":0,"_bbp_forum_subforum_count":0,"footnotes":""},"class_list":["post-627","page","type-page","status-publish","hentry"],"post_mailing_queue_ids":[],"_links":{"self":[{"href":"https:\/\/agora.xtec.cat\/iesgoya\/wp-json\/wp\/v2\/pages\/627","targetHints":{"allow":["GET"]}}],"collection":[{"href":"https:\/\/agora.xtec.cat\/iesgoya\/wp-json\/wp\/v2\/pages"}],"about":[{"href":"https:\/\/agora.xtec.cat\/iesgoya\/wp-json\/wp\/v2\/types\/page"}],"author":[{"embeddable":true,"href":"https:\/\/agora.xtec.cat\/iesgoya\/wp-json\/wp\/v2\/users\/3"}],"replies":[{"embeddable":true,"href":"https:\/\/agora.xtec.cat\/iesgoya\/wp-json\/wp\/v2\/comments?post=627"}],"version-history":[{"count":7,"href":"https:\/\/agora.xtec.cat\/iesgoya\/wp-json\/wp\/v2\/pages\/627\/revisions"}],"predecessor-version":[{"id":7123,"href":"https:\/\/agora.xtec.cat\/iesgoya\/wp-json\/wp\/v2\/pages\/627\/revisions\/7123"}],"up":[{"embeddable":true,"href":"https:\/\/agora.xtec.cat\/iesgoya\/wp-json\/wp\/v2\/pages\/57"}],"wp:attachment":[{"href":"https:\/\/agora.xtec.cat\/iesgoya\/wp-json\/wp\/v2\/media?parent=627"}],"curies":[{"name":"wp","href":"https:\/\/api.w.org\/{rel}","templated":true}]}}